{"id":11113,"date":"2024-01-10T09:10:23","date_gmt":"2024-01-10T07:10:23","guid":{"rendered":"https:\/\/www.zusjcbb.sk\/?page_id=11113"},"modified":"2024-02-09T18:33:57","modified_gmt":"2024-02-09T16:33:57","slug":"banskobystricky-detsky-spevacky-zbor","status":"publish","type":"page","link":"https:\/\/www.zusjcbb.sk\/?page_id=11113","title":{"rendered":"Banskobystrick\u00fd detsk\u00fd spev\u00e1cky zbor"},"content":{"rendered":"\n<div class=\"wp-block-themeisle-blocks-advanced-columns has-1-columns has-desktop-equal-layout has-tablet-equal-layout has-mobile-equal-layout has-default-gap has-vertical-unset\" id=\"wp-block-themeisle-blocks-advanced-columns-48a047b2\"><div class=\"wp-block-themeisle-blocks-advanced-columns-overlay\"><\/div><div class=\"innerblocks-wrap\">\n<div class=\"wp-block-themeisle-blocks-advanced-column\" id=\"wp-block-themeisle-blocks-advanced-column-7464c6ac\">\n<p>Str\u00e1nka je v pr\u00edprave&#8230;<\/p>\n<\/div>\n<\/div><\/div>\n\n\n\n<figure class=\"wp-block-image size-large\"><a href=\"https:\/\/www.zusjcbb.sk\/wp-content\/uploads\/2024\/01\/5O4A8162-Enhanced-NR.jpg\"><img loading=\"lazy\" width=\"1024\" height=\"683\" src=\"https:\/\/www.zusjcbb.sk\/wp-content\/uploads\/2024\/01\/5O4A8162-Enhanced-NR-1024x683.jpg\" alt=\"\" class=\"wp-image-11162\" srcset=\"https:\/\/www.zusjcbb.sk\/wp-content\/uploads\/2024\/01\/5O4A8162-Enhanced-NR-1024x683.jpg 1024w, https:\/\/www.zusjcbb.sk\/wp-content\/uploads\/2024\/01\/5O4A8162-Enhanced-NR-300x200.jpg 300w, https:\/\/www.zusjcbb.sk\/wp-content\/uploads\/2024\/01\/5O4A8162-Enhanced-NR-768x512.jpg 768w, https:\/\/www.zusjcbb.sk\/wp-content\/uploads\/2024\/01\/5O4A8162-Enhanced-NR-1536x1024.jpg 1536w, https:\/\/www.zusjcbb.sk\/wp-content\/uploads\/2024\/01\/5O4A8162-Enhanced-NR-930x620.jpg 930w, https:\/\/www.zusjcbb.sk\/wp-content\/uploads\/2024\/01\/5O4A8162-Enhanced-NR.jpg 2048w\" sizes=\"(max-width: 1024px) 100vw, 1024px\" \/><\/a><figcaption>Viano\u010dn\u00fd koncert ZU\u0160 J\u00e1na Cikkera, 19. 12. 2023, Evanjelick\u00fd kostol na Lazovnej ul.<\/figcaption><\/figure>\n\n\n\n<figure class=\"wp-block-image size-large\"><a href=\"https:\/\/www.zusjcbb.sk\/wp-content\/uploads\/2024\/01\/5O4A8176-Enhanced-NR.jpg\"><img loading=\"lazy\" width=\"683\" height=\"1024\" src=\"https:\/\/www.zusjcbb.sk\/wp-content\/uploads\/2024\/01\/5O4A8176-Enhanced-NR-683x1024.jpg\" alt=\"\" class=\"wp-image-11163\" srcset=\"https:\/\/www.zusjcbb.sk\/wp-content\/uploads\/2024\/01\/5O4A8176-Enhanced-NR-683x1024.jpg 683w, https:\/\/www.zusjcbb.sk\/wp-content\/uploads\/2024\/01\/5O4A8176-Enhanced-NR-200x300.jpg 200w, https:\/\/www.zusjcbb.sk\/wp-content\/uploads\/2024\/01\/5O4A8176-Enhanced-NR-768x1152.jpg 768w, https:\/\/www.zusjcbb.sk\/wp-content\/uploads\/2024\/01\/5O4A8176-Enhanced-NR-1024x1536.jpg 1024w, https:\/\/www.zusjcbb.sk\/wp-content\/uploads\/2024\/01\/5O4A8176-Enhanced-NR.jpg 1365w\" sizes=\"(max-width: 683px) 100vw, 683px\" \/><\/a><\/figure>\n\n\n\n<p class=\"has-text-align-center\">***<\/p>\n\n\n\n<p>Banskobystrick\u00fd detsk\u00fd spev\u00e1cky zbor sa sklad\u00e1 z viacer\u00fdch zlo\u017eiek:<\/p>\n\n\n\n<ul><li><a href=\"https:\/\/www.zusjcbb.sk\/?page_id=123\">Pr\u00edpravn\u00e1 zlo\u017eka &#8211; Banskobystrick\u00fd detsk\u00fd spev\u00e1cky zbor<\/a><\/li><li><a href=\"https:\/\/www.zusjcbb.sk\/?page_id=127\">Mlad\u0161ia vekov\u00e1 zlo\u017eka &#8211; Banskobystrick\u00fd detsk\u00fd spev\u00e1cky zbor<\/a><\/li><li><a href=\"https:\/\/www.zusjcbb.sk\/?page_id=8999\">Star\u0161ia vekov\u00e1 zlo\u017eka &#8211; Banskobystrick\u00fd detsk\u00fd spev\u00e1cky zbor<\/a><\/li><li>Diev\u010densk\u00fd spev\u00e1cky zbor Dolce Canto je moment\u00e1lne s\u00fa\u010das\u0165ou Star\u0161ej vekovej zlo\u017eky BBDSZ<\/li><\/ul>\n\n\n\n<p><\/p>\n","protected":false},"excerpt":{"rendered":"<p>*** Banskobystrick\u00fd detsk\u00fd spev\u00e1cky zbor sa sklad\u00e1 z viacer\u00fdch zlo\u017eiek: Pr\u00edpravn\u00e1 zlo\u017eka &#8211; Banskobystrick\u00fd detsk\u00fd spev\u00e1cky zbor Mlad\u0161ia vekov\u00e1 zlo\u017eka &#8211; Banskobystrick\u00fd detsk\u00fd spev\u00e1cky zbor Star\u0161ia vekov\u00e1 zlo\u017eka &#8211; Banskobystrick\u00fd detsk\u00fd spev\u00e1cky zbor Diev\u010densk\u00fd spev\u00e1cky zbor Dolce Canto je moment\u00e1lne s\u00fa\u010das\u0165ou Star\u0161ej vekovej zlo\u017eky BBDSZ<\/p>\n","protected":false},"author":2,"featured_media":0,"parent":77,"menu_order":0,"comment_status":"closed","ping_status":"closed","template":"","meta":{"neve_meta_sidebar":"full-width","neve_meta_container":"","neve_meta_enable_content_width":"on","neve_meta_content_width":100,"neve_meta_title_alignment":"","neve_meta_author_avatar":"","neve_post_elements_order":"","neve_meta_disable_header":"","neve_meta_disable_footer":"","neve_meta_disable_title":""},"_links":{"self":[{"href":"https:\/\/www.zusjcbb.sk\/index.php?rest_route=\/wp\/v2\/pages\/11113"}],"collection":[{"href":"https:\/\/www.zusjcbb.sk\/index.php?rest_route=\/wp\/v2\/pages"}],"about":[{"href":"https:\/\/www.zusjcbb.sk\/index.php?rest_route=\/wp\/v2\/types\/page"}],"author":[{"embeddable":true,"href":"https:\/\/www.zusjcbb.sk\/index.php?rest_route=\/wp\/v2\/users\/2"}],"replies":[{"embeddable":true,"href":"https:\/\/www.zusjcbb.sk\/index.php?rest_route=%2Fwp%2Fv2%2Fcomments&post=11113"}],"version-history":[{"count":12,"href":"https:\/\/www.zusjcbb.sk\/index.php?rest_route=\/wp\/v2\/pages\/11113\/revisions"}],"predecessor-version":[{"id":11347,"href":"https:\/\/www.zusjcbb.sk\/index.php?rest_route=\/wp\/v2\/pages\/11113\/revisions\/11347"}],"up":[{"embeddable":true,"href":"https:\/\/www.zusjcbb.sk\/index.php?rest_route=\/wp\/v2\/pages\/77"}],"wp:attachment":[{"href":"https:\/\/www.zusjcbb.sk\/index.php?rest_route=%2Fwp%2Fv2%2Fmedia&parent=11113"}],"curies":[{"name":"wp","href":"https:\/\/api.w.org\/{rel}","templated":true}]}}