{"id":11769,"date":"2024-05-31T15:38:40","date_gmt":"2024-05-31T13:38:40","guid":{"rendered":"https:\/\/www.zusjcbb.sk\/?page_id=11769"},"modified":"2024-05-31T17:46:57","modified_gmt":"2024-05-31T15:46:57","slug":"galeria-malovana-zus-ka-2024","status":"publish","type":"page","link":"https:\/\/www.zusjcbb.sk\/?page_id=11769","title":{"rendered":"GAL\u00c9RIA MA\u013dOVAN\u00c1 ZU\u0160-KA 2024"},"content":{"rendered":"\n<div class=\"wp-block-themeisle-blocks-advanced-columns has-1-columns has-desktop-equal-layout has-tablet-equal-layout has-mobile-equal-layout has-default-gap has-vertical-unset\" id=\"wp-block-themeisle-blocks-advanced-columns-9d819265\"><div class=\"wp-block-themeisle-blocks-advanced-columns-overlay\"><\/div><div class=\"innerblocks-wrap\">\n<div class=\"wp-block-themeisle-blocks-advanced-column\" id=\"wp-block-themeisle-blocks-advanced-column-ef4489bd\">\n<p class=\"has-text-align-center has-medium-font-size\"><strong>Hlavn\u00e1 cena<\/strong><\/p>\n\n\n\n<p class=\"has-text-align-left\"><strong>Mat\u00fa\u0161 Roxer \u2013 11 r.,\u00a0<\/strong>ZU\u0160 P.M. Boh\u00fa\u0148a, Doln\u00fd Kub\u00edn<\/p>\n\n\n\n<figure class=\"wp-block-image size-large\"><a href=\"https:\/\/www.zusjcbb.sk\/wp-content\/uploads\/2024\/05\/Matus-Roxer-11-r.-ZUS-P.M.-Bohuna-Dolny-Kubin-scaled.jpg\"><img loading=\"lazy\" width=\"679\" height=\"1024\" src=\"https:\/\/www.zusjcbb.sk\/wp-content\/uploads\/2024\/05\/Matus-Roxer-11-r.-ZUS-P.M.-Bohuna-Dolny-Kubin-679x1024.jpg\" alt=\"\" class=\"wp-image-11778\" srcset=\"https:\/\/www.zusjcbb.sk\/wp-content\/uploads\/2024\/05\/Matus-Roxer-11-r.-ZUS-P.M.-Bohuna-Dolny-Kubin-679x1024.jpg 679w, https:\/\/www.zusjcbb.sk\/wp-content\/uploads\/2024\/05\/Matus-Roxer-11-r.-ZUS-P.M.-Bohuna-Dolny-Kubin-199x300.jpg 199w, https:\/\/www.zusjcbb.sk\/wp-content\/uploads\/2024\/05\/Matus-Roxer-11-r.-ZUS-P.M.-Bohuna-Dolny-Kubin-768x1159.jpg 768w, https:\/\/www.zusjcbb.sk\/wp-content\/uploads\/2024\/05\/Matus-Roxer-11-r.-ZUS-P.M.-Bohuna-Dolny-Kubin-1018x1536.jpg 1018w, https:\/\/www.zusjcbb.sk\/wp-content\/uploads\/2024\/05\/Matus-Roxer-11-r.-ZUS-P.M.-Bohuna-Dolny-Kubin-1357x2048.jpg 1357w, https:\/\/www.zusjcbb.sk\/wp-content\/uploads\/2024\/05\/Matus-Roxer-11-r.-ZUS-P.M.-Bohuna-Dolny-Kubin-scaled.jpg 1697w\" sizes=\"(max-width: 679px) 100vw, 679px\" \/><\/a><\/figure>\n<\/div>\n<\/div><\/div>\n\n\n\n<p class=\"has-text-align-center has-medium-font-size\"><strong>Cena predsedu poroty<\/strong><\/p>\n\n\n\n<p><strong>Martin Marek M\u00e1lik, 7\u00a0<\/strong>rokov, ZU\u0160 P.M. Boh\u00fa\u0148a, Doln\u00fd Kub\u00edn<\/p>\n\n\n\n<figure class=\"wp-block-image size-large\"><a href=\"https:\/\/www.zusjcbb.sk\/wp-content\/uploads\/2024\/05\/Martin-Marek-Malik-7-r.-ZUS-P.M.-Bohuna-Dolny-Kubin.jpg\"><img loading=\"lazy\" width=\"1024\" height=\"729\" src=\"https:\/\/www.zusjcbb.sk\/wp-content\/uploads\/2024\/05\/Martin-Marek-Malik-7-r.-ZUS-P.M.-Bohuna-Dolny-Kubin-1024x729.jpg\" alt=\"\" class=\"wp-image-11781\" srcset=\"https:\/\/www.zusjcbb.sk\/wp-content\/uploads\/2024\/05\/Martin-Marek-Malik-7-r.-ZUS-P.M.-Bohuna-Dolny-Kubin-1024x729.jpg 1024w, https:\/\/www.zusjcbb.sk\/wp-content\/uploads\/2024\/05\/Martin-Marek-Malik-7-r.-ZUS-P.M.-Bohuna-Dolny-Kubin-300x214.jpg 300w, https:\/\/www.zusjcbb.sk\/wp-content\/uploads\/2024\/05\/Martin-Marek-Malik-7-r.-ZUS-P.M.-Bohuna-Dolny-Kubin-768x547.jpg 768w, https:\/\/www.zusjcbb.sk\/wp-content\/uploads\/2024\/05\/Martin-Marek-Malik-7-r.-ZUS-P.M.-Bohuna-Dolny-Kubin-1536x1093.jpg 1536w, https:\/\/www.zusjcbb.sk\/wp-content\/uploads\/2024\/05\/Martin-Marek-Malik-7-r.-ZUS-P.M.-Bohuna-Dolny-Kubin.jpg 1704w\" sizes=\"(max-width: 1024px) 100vw, 1024px\" \/><\/a><\/figure>\n\n\n\n<p class=\"has-text-align-center has-medium-font-size\"><strong>Zvl\u00e1\u0161tna cena<\/strong><\/p>\n\n\n\n<p><strong>Bianka Michalcov\u00e1, 17\u00a0<\/strong>rokov, , ZU\u0160 J. Cikkera Bansk\u00e1 Bystrica<\/p>\n\n\n\n<figure class=\"wp-block-image size-large\"><a href=\"https:\/\/www.zusjcbb.sk\/wp-content\/uploads\/2024\/05\/Bianka-Michalcova-17-r.-ZUS-J.-Cikkera-Banska-Bystrica-scaled.jpg\"><img loading=\"lazy\" width=\"1024\" height=\"1006\" src=\"https:\/\/www.zusjcbb.sk\/wp-content\/uploads\/2024\/05\/Bianka-Michalcova-17-r.-ZUS-J.-Cikkera-Banska-Bystrica-1024x1006.jpg\" alt=\"\" class=\"wp-image-11788\" srcset=\"https:\/\/www.zusjcbb.sk\/wp-content\/uploads\/2024\/05\/Bianka-Michalcova-17-r.-ZUS-J.-Cikkera-Banska-Bystrica-1024x1006.jpg 1024w, https:\/\/www.zusjcbb.sk\/wp-content\/uploads\/2024\/05\/Bianka-Michalcova-17-r.-ZUS-J.-Cikkera-Banska-Bystrica-300x295.jpg 300w, https:\/\/www.zusjcbb.sk\/wp-content\/uploads\/2024\/05\/Bianka-Michalcova-17-r.-ZUS-J.-Cikkera-Banska-Bystrica-768x755.jpg 768w, https:\/\/www.zusjcbb.sk\/wp-content\/uploads\/2024\/05\/Bianka-Michalcova-17-r.-ZUS-J.-Cikkera-Banska-Bystrica-1536x1509.jpg 1536w, https:\/\/www.zusjcbb.sk\/wp-content\/uploads\/2024\/05\/Bianka-Michalcova-17-r.-ZUS-J.-Cikkera-Banska-Bystrica-2048x2013.jpg 2048w\" sizes=\"(max-width: 1024px) 100vw, 1024px\" \/><\/a><\/figure>\n\n\n\n<p class=\"has-text-align-center has-medium-font-size\"><strong>Cena Stredoslovenskej gal\u00e9rie<\/strong><\/p>\n\n\n\n<p><strong>Adam Butko, 8\u00a0<\/strong>rokov, ZU\u0160 Galanta<\/p>\n\n\n\n<figure class=\"wp-block-image size-large\"><a href=\"https:\/\/www.zusjcbb.sk\/wp-content\/uploads\/2024\/05\/Adam-Butko-8-r.-ZUS-Galanta-scaled.jpg\"><img loading=\"lazy\" width=\"1024\" height=\"730\" src=\"https:\/\/www.zusjcbb.sk\/wp-content\/uploads\/2024\/05\/Adam-Butko-8-r.-ZUS-Galanta-1024x730.jpg\" alt=\"\" class=\"wp-image-11789\" srcset=\"https:\/\/www.zusjcbb.sk\/wp-content\/uploads\/2024\/05\/Adam-Butko-8-r.-ZUS-Galanta-1024x730.jpg 1024w, https:\/\/www.zusjcbb.sk\/wp-content\/uploads\/2024\/05\/Adam-Butko-8-r.-ZUS-Galanta-300x214.jpg 300w, https:\/\/www.zusjcbb.sk\/wp-content\/uploads\/2024\/05\/Adam-Butko-8-r.-ZUS-Galanta-768x547.jpg 768w, https:\/\/www.zusjcbb.sk\/wp-content\/uploads\/2024\/05\/Adam-Butko-8-r.-ZUS-Galanta-1536x1095.jpg 1536w, https:\/\/www.zusjcbb.sk\/wp-content\/uploads\/2024\/05\/Adam-Butko-8-r.-ZUS-Galanta-2048x1459.jpg 2048w\" sizes=\"(max-width: 1024px) 100vw, 1024px\" \/><\/a><\/figure>\n\n\n\n<p class=\"has-text-align-center has-medium-font-size\"><strong>Ceny EX AEQUE<\/strong><\/p>\n\n\n\n<p><strong>Zuzana Kudel\u00e1\u0161ov\u00e1, 17\u00a0<\/strong>rokov, ZU\u0160 Ivanka pri Dunaji<\/p>\n\n\n\n<figure class=\"wp-block-image size-large\"><a href=\"https:\/\/www.zusjcbb.sk\/wp-content\/uploads\/2024\/05\/Zuzana-Kudelasova-17-r.-ZUS-Ivanka-pri-Dunaji-scaled.jpg\"><img loading=\"lazy\" width=\"745\" height=\"1024\" src=\"https:\/\/www.zusjcbb.sk\/wp-content\/uploads\/2024\/05\/Zuzana-Kudelasova-17-r.-ZUS-Ivanka-pri-Dunaji-745x1024.jpg\" alt=\"\" class=\"wp-image-11790\" srcset=\"https:\/\/www.zusjcbb.sk\/wp-content\/uploads\/2024\/05\/Zuzana-Kudelasova-17-r.-ZUS-Ivanka-pri-Dunaji-745x1024.jpg 745w, https:\/\/www.zusjcbb.sk\/wp-content\/uploads\/2024\/05\/Zuzana-Kudelasova-17-r.-ZUS-Ivanka-pri-Dunaji-218x300.jpg 218w, https:\/\/www.zusjcbb.sk\/wp-content\/uploads\/2024\/05\/Zuzana-Kudelasova-17-r.-ZUS-Ivanka-pri-Dunaji-768x1055.jpg 768w, https:\/\/www.zusjcbb.sk\/wp-content\/uploads\/2024\/05\/Zuzana-Kudelasova-17-r.-ZUS-Ivanka-pri-Dunaji-1118x1536.jpg 1118w, https:\/\/www.zusjcbb.sk\/wp-content\/uploads\/2024\/05\/Zuzana-Kudelasova-17-r.-ZUS-Ivanka-pri-Dunaji-1491x2048.jpg 1491w, https:\/\/www.zusjcbb.sk\/wp-content\/uploads\/2024\/05\/Zuzana-Kudelasova-17-r.-ZUS-Ivanka-pri-Dunaji-scaled.jpg 1863w\" sizes=\"(max-width: 745px) 100vw, 745px\" \/><\/a><\/figure>\n\n\n\n<p><strong>Ema Molitorisov\u00e1, Ema Le\u00f3n, Ter\u00e9zia Zacharov\u00e1, Alexandra\u00a0Turo\u0148ov\u00e1, Marianna Kasov\u00e1, 17 &#8211; 18\u00a0<\/strong>rokov, ZU\u0160 J. Cikkera Bansk\u00e1 Bystrica<\/p>\n\n\n\n<figure class=\"wp-block-image size-large\"><a href=\"https:\/\/www.zusjcbb.sk\/wp-content\/uploads\/2024\/05\/kolektiv-ziakov-ZUS-J.-Cikkera-Banska-Bystrica.jpg\"><img loading=\"lazy\" width=\"1024\" height=\"686\" src=\"https:\/\/www.zusjcbb.sk\/wp-content\/uploads\/2024\/05\/kolektiv-ziakov-ZUS-J.-Cikkera-Banska-Bystrica-1024x686.jpg\" alt=\"\" class=\"wp-image-11792\" srcset=\"https:\/\/www.zusjcbb.sk\/wp-content\/uploads\/2024\/05\/kolektiv-ziakov-ZUS-J.-Cikkera-Banska-Bystrica-1024x686.jpg 1024w, https:\/\/www.zusjcbb.sk\/wp-content\/uploads\/2024\/05\/kolektiv-ziakov-ZUS-J.-Cikkera-Banska-Bystrica-300x201.jpg 300w, https:\/\/www.zusjcbb.sk\/wp-content\/uploads\/2024\/05\/kolektiv-ziakov-ZUS-J.-Cikkera-Banska-Bystrica-768x515.jpg 768w, https:\/\/www.zusjcbb.sk\/wp-content\/uploads\/2024\/05\/kolektiv-ziakov-ZUS-J.-Cikkera-Banska-Bystrica.jpg 1221w\" sizes=\"(max-width: 1024px) 100vw, 1024px\" \/><\/a><\/figure>\n\n\n\n<p><strong>Sofia Holosov\u00e1, 14\u00a0<\/strong>rokov, , ZU\u0160 J. Cikkera Bansk\u00e1 Bystrica<\/p>\n\n\n\n<figure class=\"wp-block-image size-large\"><a href=\"https:\/\/www.zusjcbb.sk\/wp-content\/uploads\/2024\/05\/Sofia-Holosova-14-r.-ZUS-J.-Cikkera-Banska-Bystrica-scaled.jpg\"><img loading=\"lazy\" width=\"713\" height=\"1024\" src=\"https:\/\/www.zusjcbb.sk\/wp-content\/uploads\/2024\/05\/Sofia-Holosova-14-r.-ZUS-J.-Cikkera-Banska-Bystrica-713x1024.jpg\" alt=\"\" class=\"wp-image-11796\" srcset=\"https:\/\/www.zusjcbb.sk\/wp-content\/uploads\/2024\/05\/Sofia-Holosova-14-r.-ZUS-J.-Cikkera-Banska-Bystrica-713x1024.jpg 713w, https:\/\/www.zusjcbb.sk\/wp-content\/uploads\/2024\/05\/Sofia-Holosova-14-r.-ZUS-J.-Cikkera-Banska-Bystrica-209x300.jpg 209w, https:\/\/www.zusjcbb.sk\/wp-content\/uploads\/2024\/05\/Sofia-Holosova-14-r.-ZUS-J.-Cikkera-Banska-Bystrica-768x1103.jpg 768w, https:\/\/www.zusjcbb.sk\/wp-content\/uploads\/2024\/05\/Sofia-Holosova-14-r.-ZUS-J.-Cikkera-Banska-Bystrica-1070x1536.jpg 1070w, https:\/\/www.zusjcbb.sk\/wp-content\/uploads\/2024\/05\/Sofia-Holosova-14-r.-ZUS-J.-Cikkera-Banska-Bystrica-1426x2048.jpg 1426w, https:\/\/www.zusjcbb.sk\/wp-content\/uploads\/2024\/05\/Sofia-Holosova-14-r.-ZUS-J.-Cikkera-Banska-Bystrica-scaled.jpg 1783w\" sizes=\"(max-width: 713px) 100vw, 713px\" \/><\/a><\/figure>\n\n\n\n<p><strong>Mia Rebeca \u0160varcov\u00e1, 15\u00a0<\/strong>rokov, , SZU\u0160 Lu\u010denec<\/p>\n\n\n\n<figure class=\"wp-block-image size-large\"><a href=\"https:\/\/www.zusjcbb.sk\/wp-content\/uploads\/2024\/05\/Mia-Rebeca-Svarcova-15-r.-SZUS-Lucenec-scaled.jpg\"><img loading=\"lazy\" width=\"789\" height=\"1024\" src=\"https:\/\/www.zusjcbb.sk\/wp-content\/uploads\/2024\/05\/Mia-Rebeca-Svarcova-15-r.-SZUS-Lucenec-789x1024.jpg\" alt=\"\" class=\"wp-image-11798\" srcset=\"https:\/\/www.zusjcbb.sk\/wp-content\/uploads\/2024\/05\/Mia-Rebeca-Svarcova-15-r.-SZUS-Lucenec-789x1024.jpg 789w, https:\/\/www.zusjcbb.sk\/wp-content\/uploads\/2024\/05\/Mia-Rebeca-Svarcova-15-r.-SZUS-Lucenec-231x300.jpg 231w, https:\/\/www.zusjcbb.sk\/wp-content\/uploads\/2024\/05\/Mia-Rebeca-Svarcova-15-r.-SZUS-Lucenec-768x996.jpg 768w, https:\/\/www.zusjcbb.sk\/wp-content\/uploads\/2024\/05\/Mia-Rebeca-Svarcova-15-r.-SZUS-Lucenec-1184x1536.jpg 1184w, https:\/\/www.zusjcbb.sk\/wp-content\/uploads\/2024\/05\/Mia-Rebeca-Svarcova-15-r.-SZUS-Lucenec-1579x2048.jpg 1579w, https:\/\/www.zusjcbb.sk\/wp-content\/uploads\/2024\/05\/Mia-Rebeca-Svarcova-15-r.-SZUS-Lucenec-scaled.jpg 1973w\" sizes=\"(max-width: 789px) 100vw, 789px\" \/><\/a><\/figure>\n\n\n\n<p><strong>Matej Jaraba, 12\u00a0<\/strong>rokov, , ZU\u0160 J. Cikkera Bansk\u00e1 Bystrica<\/p>\n\n\n\n<figure class=\"wp-block-image size-large\"><a href=\"https:\/\/www.zusjcbb.sk\/wp-content\/uploads\/2024\/05\/Matej-Jaraba-12-r.-ZUS-J.-Cikkera-Banska-Bystrica-scaled.jpg\"><img loading=\"lazy\" width=\"891\" height=\"1024\" src=\"https:\/\/www.zusjcbb.sk\/wp-content\/uploads\/2024\/05\/Matej-Jaraba-12-r.-ZUS-J.-Cikkera-Banska-Bystrica-891x1024.jpg\" alt=\"\" class=\"wp-image-11800\" srcset=\"https:\/\/www.zusjcbb.sk\/wp-content\/uploads\/2024\/05\/Matej-Jaraba-12-r.-ZUS-J.-Cikkera-Banska-Bystrica-891x1024.jpg 891w, https:\/\/www.zusjcbb.sk\/wp-content\/uploads\/2024\/05\/Matej-Jaraba-12-r.-ZUS-J.-Cikkera-Banska-Bystrica-261x300.jpg 261w, https:\/\/www.zusjcbb.sk\/wp-content\/uploads\/2024\/05\/Matej-Jaraba-12-r.-ZUS-J.-Cikkera-Banska-Bystrica-768x883.jpg 768w, https:\/\/www.zusjcbb.sk\/wp-content\/uploads\/2024\/05\/Matej-Jaraba-12-r.-ZUS-J.-Cikkera-Banska-Bystrica-1336x1536.jpg 1336w, https:\/\/www.zusjcbb.sk\/wp-content\/uploads\/2024\/05\/Matej-Jaraba-12-r.-ZUS-J.-Cikkera-Banska-Bystrica-1781x2048.jpg 1781w\" sizes=\"(max-width: 891px) 100vw, 891px\" \/><\/a><\/figure>\n\n\n\n<p><strong>Eva Kali\u010diakova, 15\u00a0<\/strong>rokov, , SZU\u0160 Lu\u010denec<\/p>\n\n\n\n<figure class=\"wp-block-image size-large\"><a href=\"https:\/\/www.zusjcbb.sk\/wp-content\/uploads\/2024\/05\/Eva-Kaliciakova-15-r.-SZUS-Lucenec-scaled.jpg\"><img loading=\"lazy\" width=\"793\" height=\"1024\" src=\"https:\/\/www.zusjcbb.sk\/wp-content\/uploads\/2024\/05\/Eva-Kaliciakova-15-r.-SZUS-Lucenec-793x1024.jpg\" alt=\"\" class=\"wp-image-11803\" srcset=\"https:\/\/www.zusjcbb.sk\/wp-content\/uploads\/2024\/05\/Eva-Kaliciakova-15-r.-SZUS-Lucenec-793x1024.jpg 793w, https:\/\/www.zusjcbb.sk\/wp-content\/uploads\/2024\/05\/Eva-Kaliciakova-15-r.-SZUS-Lucenec-232x300.jpg 232w, https:\/\/www.zusjcbb.sk\/wp-content\/uploads\/2024\/05\/Eva-Kaliciakova-15-r.-SZUS-Lucenec-768x992.jpg 768w, https:\/\/www.zusjcbb.sk\/wp-content\/uploads\/2024\/05\/Eva-Kaliciakova-15-r.-SZUS-Lucenec-1189x1536.jpg 1189w, https:\/\/www.zusjcbb.sk\/wp-content\/uploads\/2024\/05\/Eva-Kaliciakova-15-r.-SZUS-Lucenec-1585x2048.jpg 1585w, https:\/\/www.zusjcbb.sk\/wp-content\/uploads\/2024\/05\/Eva-Kaliciakova-15-r.-SZUS-Lucenec-scaled.jpg 1982w\" sizes=\"(max-width: 793px) 100vw, 793px\" \/><\/a><\/figure>\n\n\n\n<p><strong>Sofia Pech\u00e1\u010dkov\u00e1, 10 <\/strong>rokov, , ZU\u0160 P.M. Boh\u00fa\u0148a, Doln\u00fd Kub\u00edn<\/p>\n\n\n\n<figure class=\"wp-block-image size-large\"><a href=\"https:\/\/www.zusjcbb.sk\/wp-content\/uploads\/2024\/05\/Sofia-Pechackova-10-r.-ZUS-P.M.-Bohuna-Dolny-Kubin-scaled.jpg\"><img loading=\"lazy\" width=\"713\" height=\"1024\" src=\"https:\/\/www.zusjcbb.sk\/wp-content\/uploads\/2024\/05\/Sofia-Pechackova-10-r.-ZUS-P.M.-Bohuna-Dolny-Kubin-713x1024.jpg\" alt=\"\" class=\"wp-image-11805\" srcset=\"https:\/\/www.zusjcbb.sk\/wp-content\/uploads\/2024\/05\/Sofia-Pechackova-10-r.-ZUS-P.M.-Bohuna-Dolny-Kubin-713x1024.jpg 713w, https:\/\/www.zusjcbb.sk\/wp-content\/uploads\/2024\/05\/Sofia-Pechackova-10-r.-ZUS-P.M.-Bohuna-Dolny-Kubin-209x300.jpg 209w, https:\/\/www.zusjcbb.sk\/wp-content\/uploads\/2024\/05\/Sofia-Pechackova-10-r.-ZUS-P.M.-Bohuna-Dolny-Kubin-768x1103.jpg 768w, https:\/\/www.zusjcbb.sk\/wp-content\/uploads\/2024\/05\/Sofia-Pechackova-10-r.-ZUS-P.M.-Bohuna-Dolny-Kubin-1070x1536.jpg 1070w, https:\/\/www.zusjcbb.sk\/wp-content\/uploads\/2024\/05\/Sofia-Pechackova-10-r.-ZUS-P.M.-Bohuna-Dolny-Kubin-1426x2048.jpg 1426w, https:\/\/www.zusjcbb.sk\/wp-content\/uploads\/2024\/05\/Sofia-Pechackova-10-r.-ZUS-P.M.-Bohuna-Dolny-Kubin-scaled.jpg 1783w\" sizes=\"(max-width: 713px) 100vw, 713px\" \/><\/a><\/figure>\n\n\n\n<p><strong>Adriana Mra\u010dkov\u00e1, 10 <\/strong>rokov, , ZU\u0160 P.M. Boh\u00fa\u0148a, Doln\u00fd Kub\u00edn<\/p>\n\n\n\n<figure class=\"wp-block-image size-large\"><a href=\"https:\/\/www.zusjcbb.sk\/wp-content\/uploads\/2024\/05\/Adriana-Mrackova-10-r.-ZUS-P.M.-Bohuna-Dolny-Kubin-scaled.jpg\"><img loading=\"lazy\" width=\"737\" height=\"1024\" src=\"https:\/\/www.zusjcbb.sk\/wp-content\/uploads\/2024\/05\/Adriana-Mrackova-10-r.-ZUS-P.M.-Bohuna-Dolny-Kubin-737x1024.jpg\" alt=\"\" class=\"wp-image-11808\" srcset=\"https:\/\/www.zusjcbb.sk\/wp-content\/uploads\/2024\/05\/Adriana-Mrackova-10-r.-ZUS-P.M.-Bohuna-Dolny-Kubin-737x1024.jpg 737w, https:\/\/www.zusjcbb.sk\/wp-content\/uploads\/2024\/05\/Adriana-Mrackova-10-r.-ZUS-P.M.-Bohuna-Dolny-Kubin-216x300.jpg 216w, https:\/\/www.zusjcbb.sk\/wp-content\/uploads\/2024\/05\/Adriana-Mrackova-10-r.-ZUS-P.M.-Bohuna-Dolny-Kubin-768x1067.jpg 768w, https:\/\/www.zusjcbb.sk\/wp-content\/uploads\/2024\/05\/Adriana-Mrackova-10-r.-ZUS-P.M.-Bohuna-Dolny-Kubin-1105x1536.jpg 1105w, https:\/\/www.zusjcbb.sk\/wp-content\/uploads\/2024\/05\/Adriana-Mrackova-10-r.-ZUS-P.M.-Bohuna-Dolny-Kubin-1474x2048.jpg 1474w, https:\/\/www.zusjcbb.sk\/wp-content\/uploads\/2024\/05\/Adriana-Mrackova-10-r.-ZUS-P.M.-Bohuna-Dolny-Kubin-scaled.jpg 1842w\" sizes=\"(max-width: 737px) 100vw, 737px\" \/><\/a><\/figure>\n\n\n\n<p><strong>Simona M\u00edznerov\u00e1, 7 <\/strong>rokov, , SZU\u0160 Lozorno<\/p>\n\n\n\n<figure class=\"wp-block-image size-large\"><a href=\"https:\/\/www.zusjcbb.sk\/wp-content\/uploads\/2024\/05\/Simona-Miznerova-7-r.-SZUS-Lozorno-scaled.jpg\"><img loading=\"lazy\" width=\"733\" height=\"1024\" src=\"https:\/\/www.zusjcbb.sk\/wp-content\/uploads\/2024\/05\/Simona-Miznerova-7-r.-SZUS-Lozorno-733x1024.jpg\" alt=\"\" class=\"wp-image-11810\" srcset=\"https:\/\/www.zusjcbb.sk\/wp-content\/uploads\/2024\/05\/Simona-Miznerova-7-r.-SZUS-Lozorno-733x1024.jpg 733w, https:\/\/www.zusjcbb.sk\/wp-content\/uploads\/2024\/05\/Simona-Miznerova-7-r.-SZUS-Lozorno-215x300.jpg 215w, https:\/\/www.zusjcbb.sk\/wp-content\/uploads\/2024\/05\/Simona-Miznerova-7-r.-SZUS-Lozorno-768x1073.jpg 768w, https:\/\/www.zusjcbb.sk\/wp-content\/uploads\/2024\/05\/Simona-Miznerova-7-r.-SZUS-Lozorno-1100x1536.jpg 1100w, https:\/\/www.zusjcbb.sk\/wp-content\/uploads\/2024\/05\/Simona-Miznerova-7-r.-SZUS-Lozorno-1466x2048.jpg 1466w, https:\/\/www.zusjcbb.sk\/wp-content\/uploads\/2024\/05\/Simona-Miznerova-7-r.-SZUS-Lozorno-scaled.jpg 1833w\" sizes=\"(max-width: 733px) 100vw, 733px\" \/><\/a><\/figure>\n\n\n\n<p><strong>Am\u00e1lia Janigov\u00e1, 5 <\/strong>rokov, , ZU\u0160 P.M. Boh\u00fa\u0148a, Doln\u00fd Kub\u00edn<\/p>\n\n\n\n<figure class=\"wp-block-image size-large\"><a href=\"https:\/\/www.zusjcbb.sk\/wp-content\/uploads\/2024\/05\/Amalia-Janigova-5-r.-ZUS-P.M.-Bohuna-Dolny-Kubin-scaled.jpg\"><img loading=\"lazy\" width=\"717\" height=\"1024\" src=\"https:\/\/www.zusjcbb.sk\/wp-content\/uploads\/2024\/05\/Amalia-Janigova-5-r.-ZUS-P.M.-Bohuna-Dolny-Kubin-717x1024.jpg\" alt=\"\" class=\"wp-image-11812\" srcset=\"https:\/\/www.zusjcbb.sk\/wp-content\/uploads\/2024\/05\/Amalia-Janigova-5-r.-ZUS-P.M.-Bohuna-Dolny-Kubin-717x1024.jpg 717w, https:\/\/www.zusjcbb.sk\/wp-content\/uploads\/2024\/05\/Amalia-Janigova-5-r.-ZUS-P.M.-Bohuna-Dolny-Kubin-210x300.jpg 210w, https:\/\/www.zusjcbb.sk\/wp-content\/uploads\/2024\/05\/Amalia-Janigova-5-r.-ZUS-P.M.-Bohuna-Dolny-Kubin-768x1097.jpg 768w, https:\/\/www.zusjcbb.sk\/wp-content\/uploads\/2024\/05\/Amalia-Janigova-5-r.-ZUS-P.M.-Bohuna-Dolny-Kubin-1075x1536.jpg 1075w, https:\/\/www.zusjcbb.sk\/wp-content\/uploads\/2024\/05\/Amalia-Janigova-5-r.-ZUS-P.M.-Bohuna-Dolny-Kubin-1434x2048.jpg 1434w, https:\/\/www.zusjcbb.sk\/wp-content\/uploads\/2024\/05\/Amalia-Janigova-5-r.-ZUS-P.M.-Bohuna-Dolny-Kubin-scaled.jpg 1792w\" sizes=\"(max-width: 717px) 100vw, 717px\" \/><\/a><\/figure>\n\n\n\n<p><strong>Petra \u0160lapkov\u00e1, 7\u00a0<\/strong>rokov, ZU\u0160 P.M. Boh\u00fa\u0148a, Doln\u00fd Kub\u00edn<\/p>\n\n\n\n<figure class=\"wp-block-image size-large\"><a href=\"https:\/\/www.zusjcbb.sk\/wp-content\/uploads\/2024\/05\/Petra-Slapkova-7-r.-ZUS-P.M.-Bohuna-Dolny-Kubin-scaled.jpg\"><img loading=\"lazy\" width=\"739\" height=\"1024\" src=\"https:\/\/www.zusjcbb.sk\/wp-content\/uploads\/2024\/05\/Petra-Slapkova-7-r.-ZUS-P.M.-Bohuna-Dolny-Kubin-739x1024.jpg\" alt=\"\" class=\"wp-image-11815\" srcset=\"https:\/\/www.zusjcbb.sk\/wp-content\/uploads\/2024\/05\/Petra-Slapkova-7-r.-ZUS-P.M.-Bohuna-Dolny-Kubin-739x1024.jpg 739w, https:\/\/www.zusjcbb.sk\/wp-content\/uploads\/2024\/05\/Petra-Slapkova-7-r.-ZUS-P.M.-Bohuna-Dolny-Kubin-217x300.jpg 217w, https:\/\/www.zusjcbb.sk\/wp-content\/uploads\/2024\/05\/Petra-Slapkova-7-r.-ZUS-P.M.-Bohuna-Dolny-Kubin-768x1064.jpg 768w, https:\/\/www.zusjcbb.sk\/wp-content\/uploads\/2024\/05\/Petra-Slapkova-7-r.-ZUS-P.M.-Bohuna-Dolny-Kubin-1109x1536.jpg 1109w, https:\/\/www.zusjcbb.sk\/wp-content\/uploads\/2024\/05\/Petra-Slapkova-7-r.-ZUS-P.M.-Bohuna-Dolny-Kubin-1479x2048.jpg 1479w, https:\/\/www.zusjcbb.sk\/wp-content\/uploads\/2024\/05\/Petra-Slapkova-7-r.-ZUS-P.M.-Bohuna-Dolny-Kubin-scaled.jpg 1849w\" sizes=\"(max-width: 739px) 100vw, 739px\" \/><\/a><\/figure>\n\n\n\n<p><strong>Michal Kr\u00e1korn\u00edk, 6 <\/strong>rokov, , ZU\u0160 P.M. Boh\u00fa\u0148a, Doln\u00fd Kub\u00edn<\/p>\n\n\n\n<figure class=\"wp-block-image size-large\"><a href=\"https:\/\/www.zusjcbb.sk\/wp-content\/uploads\/2024\/05\/Michal-Krakornik-6-r.-ZUS-P.M.-Bohuna-Dolny-Kubin-scaled.jpg\"><img loading=\"lazy\" width=\"727\" height=\"1024\" src=\"https:\/\/www.zusjcbb.sk\/wp-content\/uploads\/2024\/05\/Michal-Krakornik-6-r.-ZUS-P.M.-Bohuna-Dolny-Kubin-727x1024.jpg\" alt=\"\" class=\"wp-image-11817\" srcset=\"https:\/\/www.zusjcbb.sk\/wp-content\/uploads\/2024\/05\/Michal-Krakornik-6-r.-ZUS-P.M.-Bohuna-Dolny-Kubin-727x1024.jpg 727w, https:\/\/www.zusjcbb.sk\/wp-content\/uploads\/2024\/05\/Michal-Krakornik-6-r.-ZUS-P.M.-Bohuna-Dolny-Kubin-213x300.jpg 213w, https:\/\/www.zusjcbb.sk\/wp-content\/uploads\/2024\/05\/Michal-Krakornik-6-r.-ZUS-P.M.-Bohuna-Dolny-Kubin-768x1081.jpg 768w, https:\/\/www.zusjcbb.sk\/wp-content\/uploads\/2024\/05\/Michal-Krakornik-6-r.-ZUS-P.M.-Bohuna-Dolny-Kubin-1091x1536.jpg 1091w, https:\/\/www.zusjcbb.sk\/wp-content\/uploads\/2024\/05\/Michal-Krakornik-6-r.-ZUS-P.M.-Bohuna-Dolny-Kubin-1454x2048.jpg 1454w, https:\/\/www.zusjcbb.sk\/wp-content\/uploads\/2024\/05\/Michal-Krakornik-6-r.-ZUS-P.M.-Bohuna-Dolny-Kubin-scaled.jpg 1818w\" sizes=\"(max-width: 727px) 100vw, 727px\" \/><\/a><\/figure>\n\n\n\n<p class=\"has-text-align-center has-medium-font-size\"><strong><a href=\"https:\/\/www.zusjcbb.sk\/?page_id=11823\">Zlat\u00e9 p\u00e1smo 1. kateg\u00f3ria<\/a><\/strong><\/p>\n\n\n\n<p class=\"has-text-align-center has-medium-font-size\"><strong><a href=\"https:\/\/www.zusjcbb.sk\/?page_id=11914\">Zlat\u00e9 p\u00e1smo 2. kateg\u00f3ria<\/a><\/strong><\/p>\n\n\n\n<p class=\"has-text-align-center has-medium-font-size\"><strong><a href=\"https:\/\/www.zusjcbb.sk\/?page_id=12042\">Zlat\u00e9 p\u00e1smo 3. kateg\u00f3ria<\/a><\/strong><\/p>\n\n\n\n<p class=\"has-text-align-center has-medium-font-size\"><strong><a href=\"https:\/\/www.zusjcbb.sk\/?page_id=12122\">Zlat\u00e9 p\u00e1smo 4. kateg\u00f3ria<\/a><\/strong><\/p>\n","protected":false},"excerpt":{"rendered":"<p>Cena predsedu poroty Martin Marek M\u00e1lik, 7\u00a0rokov, ZU\u0160 P.M. Boh\u00fa\u0148a, Doln\u00fd Kub\u00edn Zvl\u00e1\u0161tna cena Bianka Michalcov\u00e1, 17\u00a0rokov, , ZU\u0160 J. Cikkera Bansk\u00e1 Bystrica Cena Stredoslovenskej gal\u00e9rie Adam Butko, 8\u00a0rokov, ZU\u0160 Galanta Ceny EX AEQUE Zuzana Kudel\u00e1\u0161ov\u00e1, 17\u00a0rokov, ZU\u0160 Ivanka pri Dunaji Ema Molitorisov\u00e1, Ema Le\u00f3n, Ter\u00e9zia Zacharov\u00e1, Alexandra\u00a0Turo\u0148ov\u00e1, Marianna Kasov\u00e1, 17 &#8211; 18\u00a0rokov, ZU\u0160 J.&hellip;&nbsp;<a href=\"https:\/\/www.zusjcbb.sk\/?page_id=11769\" class=\"\" rel=\"bookmark\">\u010c\u00edta\u0165 viac &raquo;<span class=\"screen-reader-text\">GAL\u00c9RIA MA\u013dOVAN\u00c1 ZU\u0160-KA 2024<\/span><\/a><\/p>\n","protected":false},"author":2,"featured_media":0,"parent":172,"menu_order":0,"comment_status":"closed","ping_status":"closed","template":"","meta":{"neve_meta_sidebar":"full-width","neve_meta_container":"","neve_meta_enable_content_width":"on","neve_meta_content_width":100,"neve_meta_title_alignment":"","neve_meta_author_avatar":"","neve_post_elements_order":"","neve_meta_disable_header":"","neve_meta_disable_footer":"","neve_meta_disable_title":""},"_links":{"self":[{"href":"https:\/\/www.zusjcbb.sk\/index.php?rest_route=\/wp\/v2\/pages\/11769"}],"collection":[{"href":"https:\/\/www.zusjcbb.sk\/index.php?rest_route=\/wp\/v2\/pages"}],"about":[{"href":"https:\/\/www.zusjcbb.sk\/index.php?rest_route=\/wp\/v2\/types\/page"}],"author":[{"embeddable":true,"href":"https:\/\/www.zusjcbb.sk\/index.php?rest_route=\/wp\/v2\/users\/2"}],"replies":[{"embeddable":true,"href":"https:\/\/www.zusjcbb.sk\/index.php?rest_route=%2Fwp%2Fv2%2Fcomments&post=11769"}],"version-history":[{"count":25,"href":"https:\/\/www.zusjcbb.sk\/index.php?rest_route=\/wp\/v2\/pages\/11769\/revisions"}],"predecessor-version":[{"id":12125,"href":"https:\/\/www.zusjcbb.sk\/index.php?rest_route=\/wp\/v2\/pages\/11769\/revisions\/12125"}],"up":[{"embeddable":true,"href":"https:\/\/www.zusjcbb.sk\/index.php?rest_route=\/wp\/v2\/pages\/172"}],"wp:attachment":[{"href":"https:\/\/www.zusjcbb.sk\/index.php?rest_route=%2Fwp%2Fv2%2Fmedia&parent=11769"}],"curies":[{"name":"wp","href":"https:\/\/api.w.org\/{rel}","templated":true}]}}