{"id":127,"date":"2011-08-16T08:23:56","date_gmt":"2011-08-16T08:23:56","guid":{"rendered":"http:\/\/www.zusjcbb.php5.sk\/?page_id=127"},"modified":"2024-02-09T18:26:28","modified_gmt":"2024-02-09T16:26:28","slug":"detsky-spevacky-zbor-vodopadik","status":"publish","type":"page","link":"https:\/\/www.zusjcbb.sk\/?page_id=127","title":{"rendered":"Mlad\u0161ia vekov\u00e1 zlo\u017eka &#8211; Banskobystrick\u00fd detsk\u00fd spev\u00e1cky zbor"},"content":{"rendered":"\n<p><strong>Mlad\u0161ia vekov\u00e1 zlo\u017eka Banskobystick\u00e9ho detsk\u00e9ho spev\u00e1ckeho zboru (Vodop\u00e1dik)<\/strong>&nbsp;je teleso, ktor\u00e9 svojou \u010dinnos\u0165ou i&nbsp;reperto\u00e1rom priamo nadv\u00e4zuje na pr\u00edpravn\u00fa zlo\u017eku &nbsp;Bankobystrick\u00e9ho detsk\u00e9ho spev\u00e1ckeho zboru.&nbsp;&nbsp;&nbsp; &nbsp;&nbsp;<\/p>\n\n\n\n<figure class=\"wp-block-image size-large\"><a href=\"https:\/\/www.zusjcbb.sk\/wp-content\/uploads\/2024\/01\/5O4A7820-Enhanced-NR.jpg\"><img loading=\"lazy\" width=\"1024\" height=\"683\" src=\"https:\/\/www.zusjcbb.sk\/wp-content\/uploads\/2024\/01\/5O4A7820-Enhanced-NR-1024x683.jpg\" alt=\"\" class=\"wp-image-11148\" srcset=\"https:\/\/www.zusjcbb.sk\/wp-content\/uploads\/2024\/01\/5O4A7820-Enhanced-NR-1024x683.jpg 1024w, https:\/\/www.zusjcbb.sk\/wp-content\/uploads\/2024\/01\/5O4A7820-Enhanced-NR-300x200.jpg 300w, https:\/\/www.zusjcbb.sk\/wp-content\/uploads\/2024\/01\/5O4A7820-Enhanced-NR-768x512.jpg 768w, https:\/\/www.zusjcbb.sk\/wp-content\/uploads\/2024\/01\/5O4A7820-Enhanced-NR-1536x1024.jpg 1536w, https:\/\/www.zusjcbb.sk\/wp-content\/uploads\/2024\/01\/5O4A7820-Enhanced-NR-930x620.jpg 930w, https:\/\/www.zusjcbb.sk\/wp-content\/uploads\/2024\/01\/5O4A7820-Enhanced-NR.jpg 2048w\" sizes=\"(max-width: 1024px) 100vw, 1024px\" \/><\/a><figcaption>Viano\u010dn\u00fd koncert ZU\u0160 J\u00e1na Cikkera, 19. 12. 2023, Evanjelick\u00fd kostol na Lazovnej ul.<\/figcaption><\/figure>\n\n\n\n<p>Je ur\u010den\u00fd pre deti vo veku sedem a\u017e dvan\u00e1s\u0165 rokov. Jeho reperto\u00e1r tvoria jednohlasn\u00e9 detsk\u00e9 piesne, ale aj n\u00e1ro\u010dnej\u0161ie dvojhlasn\u00e9 skladby slovensk\u00fdch, \u010desk\u00fdch i&nbsp;zahrani\u010dn\u00fdch autorov.<\/p>\n\n\n\n<figure class=\"wp-block-image size-large\"><a href=\"https:\/\/www.zusjcbb.sk\/wp-content\/uploads\/2024\/01\/5O4A7824-Enhanced-NR.jpg\"><img loading=\"lazy\" width=\"1024\" height=\"683\" src=\"https:\/\/www.zusjcbb.sk\/wp-content\/uploads\/2024\/01\/5O4A7824-Enhanced-NR-1024x683.jpg\" alt=\"\" class=\"wp-image-11149\" srcset=\"https:\/\/www.zusjcbb.sk\/wp-content\/uploads\/2024\/01\/5O4A7824-Enhanced-NR-1024x683.jpg 1024w, https:\/\/www.zusjcbb.sk\/wp-content\/uploads\/2024\/01\/5O4A7824-Enhanced-NR-300x200.jpg 300w, https:\/\/www.zusjcbb.sk\/wp-content\/uploads\/2024\/01\/5O4A7824-Enhanced-NR-768x512.jpg 768w, https:\/\/www.zusjcbb.sk\/wp-content\/uploads\/2024\/01\/5O4A7824-Enhanced-NR-1536x1024.jpg 1536w, https:\/\/www.zusjcbb.sk\/wp-content\/uploads\/2024\/01\/5O4A7824-Enhanced-NR-930x620.jpg 930w, https:\/\/www.zusjcbb.sk\/wp-content\/uploads\/2024\/01\/5O4A7824-Enhanced-NR.jpg 2048w\" sizes=\"(max-width: 1024px) 100vw, 1024px\" \/><\/a><\/figure>\n\n\n\n<p>Najv\u00e4\u010d\u0161\u00edm \u00faspechom zboru je zisk striebornej medaily na medzin\u00e1rodnej s\u00fa\u0165a\u017ei Sv\u00e1tky p\u00edsne \u2013 Olomouc v roku 2006, s&nbsp;dirigentkou Mgr. Evou Laukovou. &nbsp;&nbsp;<\/p>\n\n\n\n<figure class=\"wp-block-image size-large\"><a href=\"https:\/\/www.zusjcbb.sk\/wp-content\/uploads\/2024\/01\/5O4A7801-Enhanced-NR.jpg\"><img loading=\"lazy\" width=\"1024\" height=\"683\" src=\"https:\/\/www.zusjcbb.sk\/wp-content\/uploads\/2024\/01\/5O4A7801-Enhanced-NR-1024x683.jpg\" alt=\"\" class=\"wp-image-11146\" srcset=\"https:\/\/www.zusjcbb.sk\/wp-content\/uploads\/2024\/01\/5O4A7801-Enhanced-NR-1024x683.jpg 1024w, https:\/\/www.zusjcbb.sk\/wp-content\/uploads\/2024\/01\/5O4A7801-Enhanced-NR-300x200.jpg 300w, https:\/\/www.zusjcbb.sk\/wp-content\/uploads\/2024\/01\/5O4A7801-Enhanced-NR-768x512.jpg 768w, https:\/\/www.zusjcbb.sk\/wp-content\/uploads\/2024\/01\/5O4A7801-Enhanced-NR-1536x1024.jpg 1536w, https:\/\/www.zusjcbb.sk\/wp-content\/uploads\/2024\/01\/5O4A7801-Enhanced-NR-930x620.jpg 930w, https:\/\/www.zusjcbb.sk\/wp-content\/uploads\/2024\/01\/5O4A7801-Enhanced-NR.jpg 2048w\" sizes=\"(max-width: 1024px) 100vw, 1024px\" \/><\/a><\/figure>\n\n\n\n<p>Zbor si z\u00edskal vynikaj\u00face meno \u00fa\u010dinkovan\u00edm na \u0161kolsk\u00fdch koncertoch, vyst\u00fapeniach pre Mesto Bansk\u00e1 Bystrica, ale najm\u00e4 \u00fa\u010dinkovan\u00edm v&nbsp;inscen\u00e1ci\u00e1ch \u0160t\u00e1tnej opery v&nbsp;Banskej Bystrici (Tosca, Turandot, Mal\u00fd princ, Carmen ai.)<\/p>\n\n\n\n<figure class=\"wp-block-image size-large\"><a href=\"https:\/\/www.zusjcbb.sk\/wp-content\/uploads\/2024\/01\/5O4A7788-Enhanced-NR.jpg\"><img loading=\"lazy\" width=\"1024\" height=\"683\" src=\"https:\/\/www.zusjcbb.sk\/wp-content\/uploads\/2024\/01\/5O4A7788-Enhanced-NR-1024x683.jpg\" alt=\"\" class=\"wp-image-11145\" srcset=\"https:\/\/www.zusjcbb.sk\/wp-content\/uploads\/2024\/01\/5O4A7788-Enhanced-NR-1024x683.jpg 1024w, https:\/\/www.zusjcbb.sk\/wp-content\/uploads\/2024\/01\/5O4A7788-Enhanced-NR-300x200.jpg 300w, https:\/\/www.zusjcbb.sk\/wp-content\/uploads\/2024\/01\/5O4A7788-Enhanced-NR-768x512.jpg 768w, https:\/\/www.zusjcbb.sk\/wp-content\/uploads\/2024\/01\/5O4A7788-Enhanced-NR-1536x1024.jpg 1536w, https:\/\/www.zusjcbb.sk\/wp-content\/uploads\/2024\/01\/5O4A7788-Enhanced-NR-930x620.jpg 930w, https:\/\/www.zusjcbb.sk\/wp-content\/uploads\/2024\/01\/5O4A7788-Enhanced-NR.jpg 2048w\" sizes=\"(max-width: 1024px) 100vw, 1024px\" \/><\/a><\/figure>\n\n\n\n<p>Dirigentkou zboru je Mgr. art. Lucia Ka\u0161\u0161ov\u00e1, DiS. art., hlasov\u00fdmi pedagogi\u010dkami zboru s\u00fa Mgr. art. M\u00e1ria Ne\u010desan\u00e1, PhD. a Annam\u00e1ria Kyrczov\u00e1, DiS. art., klav\u00edrnu spolupr\u00e1cu zabezpe\u010duje Mgr. art. Zuzana Sochu\u013e\u00e1kov\u00e1.&nbsp;&nbsp;<\/p>\n\n\n\n<figure class=\"wp-block-image size-large\"><a href=\"https:\/\/www.zusjcbb.sk\/wp-content\/uploads\/2024\/01\/5O4A7946-Enhanced-NR.jpg\"><img loading=\"lazy\" width=\"1024\" height=\"683\" src=\"https:\/\/www.zusjcbb.sk\/wp-content\/uploads\/2024\/01\/5O4A7946-Enhanced-NR-1024x683.jpg\" alt=\"\" class=\"wp-image-11151\" srcset=\"https:\/\/www.zusjcbb.sk\/wp-content\/uploads\/2024\/01\/5O4A7946-Enhanced-NR-1024x683.jpg 1024w, https:\/\/www.zusjcbb.sk\/wp-content\/uploads\/2024\/01\/5O4A7946-Enhanced-NR-300x200.jpg 300w, https:\/\/www.zusjcbb.sk\/wp-content\/uploads\/2024\/01\/5O4A7946-Enhanced-NR-768x512.jpg 768w, https:\/\/www.zusjcbb.sk\/wp-content\/uploads\/2024\/01\/5O4A7946-Enhanced-NR-1536x1024.jpg 1536w, https:\/\/www.zusjcbb.sk\/wp-content\/uploads\/2024\/01\/5O4A7946-Enhanced-NR-930x620.jpg 930w, https:\/\/www.zusjcbb.sk\/wp-content\/uploads\/2024\/01\/5O4A7946-Enhanced-NR.jpg 2048w\" sizes=\"(max-width: 1024px) 100vw, 1024px\" \/><\/a><\/figure>\n","protected":false},"excerpt":{"rendered":"<p>Mlad\u0161ia vekov\u00e1 zlo\u017eka Banskobystick\u00e9ho detsk\u00e9ho spev\u00e1ckeho zboru (Vodop\u00e1dik)&nbsp;je teleso, ktor\u00e9 svojou \u010dinnos\u0165ou i&nbsp;reperto\u00e1rom priamo nadv\u00e4zuje na pr\u00edpravn\u00fa zlo\u017eku &nbsp;Bankobystrick\u00e9ho detsk\u00e9ho spev\u00e1ckeho zboru.&nbsp;&nbsp;&nbsp; &nbsp;&nbsp; Je ur\u010den\u00fd pre deti vo veku sedem a\u017e dvan\u00e1s\u0165 rokov. Jeho reperto\u00e1r tvoria jednohlasn\u00e9 detsk\u00e9 piesne, ale aj n\u00e1ro\u010dnej\u0161ie dvojhlasn\u00e9 skladby slovensk\u00fdch, \u010desk\u00fdch i&nbsp;zahrani\u010dn\u00fdch autorov. Najv\u00e4\u010d\u0161\u00edm \u00faspechom zboru je zisk striebornej medaily&hellip;&nbsp;<a href=\"https:\/\/www.zusjcbb.sk\/?page_id=127\" class=\"\" rel=\"bookmark\">\u010c\u00edta\u0165 viac &raquo;<span class=\"screen-reader-text\">Mlad\u0161ia vekov\u00e1 zlo\u017eka &#8211; Banskobystrick\u00fd detsk\u00fd spev\u00e1cky zbor<\/span><\/a><\/p>\n","protected":false},"author":2,"featured_media":0,"parent":77,"menu_order":0,"comment_status":"closed","ping_status":"closed","template":"","meta":{"neve_meta_sidebar":"","neve_meta_container":"","neve_meta_enable_content_width":"","neve_meta_content_width":0,"neve_meta_title_alignment":"","neve_meta_author_avatar":"","neve_post_elements_order":"","neve_meta_disable_header":"","neve_meta_disable_footer":"","neve_meta_disable_title":""},"_links":{"self":[{"href":"https:\/\/www.zusjcbb.sk\/index.php?rest_route=\/wp\/v2\/pages\/127"}],"collection":[{"href":"https:\/\/www.zusjcbb.sk\/index.php?rest_route=\/wp\/v2\/pages"}],"about":[{"href":"https:\/\/www.zusjcbb.sk\/index.php?rest_route=\/wp\/v2\/types\/page"}],"author":[{"embeddable":true,"href":"https:\/\/www.zusjcbb.sk\/index.php?rest_route=\/wp\/v2\/users\/2"}],"replies":[{"embeddable":true,"href":"https:\/\/www.zusjcbb.sk\/index.php?rest_route=%2Fwp%2Fv2%2Fcomments&post=127"}],"version-history":[{"count":18,"href":"https:\/\/www.zusjcbb.sk\/index.php?rest_route=\/wp\/v2\/pages\/127\/revisions"}],"predecessor-version":[{"id":11342,"href":"https:\/\/www.zusjcbb.sk\/index.php?rest_route=\/wp\/v2\/pages\/127\/revisions\/11342"}],"up":[{"embeddable":true,"href":"https:\/\/www.zusjcbb.sk\/index.php?rest_route=\/wp\/v2\/pages\/77"}],"wp:attachment":[{"href":"https:\/\/www.zusjcbb.sk\/index.php?rest_route=%2Fwp%2Fv2%2Fmedia&parent=127"}],"curies":[{"name":"wp","href":"https:\/\/api.w.org\/{rel}","templated":true}]}}