{"id":1686,"date":"2014-12-31T12:43:01","date_gmt":"2014-12-31T10:43:01","guid":{"rendered":"http:\/\/www.zusjcbb.sk\/?page_id=1686"},"modified":"2015-05-28T16:13:09","modified_gmt":"2015-05-28T14:13:09","slug":"uspechy-2014","status":"publish","type":"page","link":"https:\/\/www.zusjcbb.sk\/?page_id=1686","title":{"rendered":"\u00daspechy 2014"},"content":{"rendered":"<h3><\/h3>\n<h3>6.ro\u010dn\u00edk Hus\u013eovej s\u00fa\u0165a\u017ee Rudolfa Orsz\u00e1ga v Kremnici<\/h3>\n<p>Tom\u00e1\u0161 Danko &#8211; strieborn\u00e9 p\u00e1smo<\/p>\n<p>Pedagogick\u00e9 vedenie Zdenka \u0160imigov\u00e1 PaedDr.,<\/p>\n<p>korepet\u00edcia Mgr.art Peter \u0160pil\u00e1k PhD.<\/p>\n<p>.<\/p>\n<h3>S\u00fa\u0165a\u017e ml\u00e1de\u017en\u00edckych spev\u00e1ckych zborov Banskobystrick\u00e9ho kraja ML\u00c1DE\u017d SPIEVA 2014<\/h3>\n<p>Diev\u010densk\u00fd spev\u00e1cky zbor Dolce Canto &#8211; zlat\u00e9 p\u00e1smo s pochvalou\u00a0poroty<\/p>\n<p>dirigent &#8211; Mgr. art. Martin Ka\u0161\u0161a<\/p>\n<p>hlasov\u00e9 ped. &#8211; Mgr. art. L. Ka\u0161\u0161ov\u00e1, Mgr. art. M. Mi\u010dicov\u00e1, klav\u00edr &#8211; Mgr. art. P. Sochu\u013e\u00e1k<\/p>\n<p>.<\/p>\n<h3>Piano v modernom rytme 2014 Bojnice<\/h3>\n<p>Tom\u00e1\u0161 Par\u00ed\u017eek &#8211; zlat\u00e9 p\u00e1smo<\/p>\n<p>Richard Pav\u010d\u00edk &#8211; strieborn\u00e9 p\u00e1smo<\/p>\n<p>pedagogick\u00e9 vedenie Eva Sl\u00e1vikov\u00e1<\/p>\n<p>a<\/p>\n<p>Denisa Jel\u00ednkov\u00e1 &#8211; zlat\u00e9 p\u00e1smo<\/p>\n<p>Ke Tang &#8211; strieborn\u00e9 p\u00e1smo<\/p>\n<p>pedagogick\u00e9 vedenie Alena Labudov\u00e1<\/p>\n<p>.<\/p>\n<h3>Vok\u00e1lna jar 2014, XIX. ro\u010dn\u00edk celoslovenskej spev\u00e1ckej s\u00fa\u0165a\u017ee v\u00a0Kysuckom Novom Meste<\/h3>\n<p>Krist\u00edna Radi\u010dov\u00e1 \u2013 zlat\u00e9 p\u00e1smo<\/p>\n<p>So\u0148a Koll\u00e1rov\u00e1 \u2013 bronzov\u00e9 p\u00e1smo<\/p>\n<p>pedagogick\u00e9 vedenie Mgr.art. Lucia Ka\u0161\u0161ov\u00e1, korepet\u00edcia Natalia Serdyukova<\/p>\n<h3>Pink Song 2014, 4. ro\u010dn\u00edk v\u00a0s\u00f3lovom klasickom a\u00a0s\u00f3lovom popul\u00e1rnom speve vo Zvolene<\/h3>\n<p>Sofia \u010cell\u00e1rov\u00e1 \u2013 zlat\u00e9 p\u00e1smo<\/p>\n<p>Sofia Raj\u0161i\u010d \u2013 strieborn\u00e9 p\u00e1smo<\/p>\n<p>Al\u017ebeta \u0160\u00farov\u00e1 \u2013 bronzov\u00e9 p\u00e1smo<\/p>\n<p>pedagogick\u00e9 vedenie Mgr.art. M\u00e1ria Ne\u010desan\u00e1 PhD., korepet\u00edcia Natalia Serdyukova<\/p>\n<p>Ren\u00e1ra Durajov\u00e1 \u2013 bronzov\u00e9 p\u00e1smo<\/p>\n<p>Diana Necpalov\u00e1 &#8211; bronzov\u00e9 p\u00e1smo<\/p>\n<p>Lucia Majanov\u00e1, Nat\u00e1lia Ba\u010d\u00edkov\u00e1 &#8211; DIPLOM<\/p>\n<p>pedagogick\u00e9 vedenie Mgr.art. Diana De\u00e1kov\u00e1 Zvar\u00edkov\u00e1<\/p>\n<p>korepet\u00edcia Natalia Serdyukova<\/p>\n<p>Natalia Serdyukova &#8211; Cena pre najlep\u0161ieho korepet\u00edtora<\/p>\n<h3>Ponick\u00e1 fujarka, 32. ro\u010dn\u00edk s\u00fa\u0165a\u017enej prehliadky hudobn\u00e9ho folkl\u00f3ru, Poniky<\/h3>\n<p>Johanka \u0160\u00e1voltov\u00e1 \u2013 1. miesto a\u00a0CENA DIV\u00c1KA v\u00a01. kateg\u00f3rii s\u00f3lov\u00fd spev<\/p>\n<p>Ter\u00e9zia Ballekov\u00e1 \u2013 1. miesto v\u00a02.kateg\u00f3rii s\u00f3lov\u00fd spev<\/p>\n<p>pedagogick\u00e9 vedenie Mgr.art. Lucia Ka\u0161\u0161ov\u00e1<\/p>\n<p>Detsk\u00fd folkl\u00f3rny s\u00fabor Rados\u0165 \u2013 3. miesto<\/p>\n<p>pedagogick\u00e9 vedenie Mgr. Rudolf Veselovsk\u00fd<\/p>\n<h3>9. ro\u010dn\u00edk s\u00fa\u0165a\u017ee v\u00a0hre na sl\u00e1\u010dikov\u00e9 hudobn\u00e9 n\u00e1stroje, Brezno<\/h3>\n<p>Janka Hlavinov\u00e1 \u2013 LAURE\u00c1T S\u00da\u0164A\u017dE \u00a0a\u00a0\u00a0 1. miesto pedagogick\u00e9 vedenie Mgr.art. Milan Bern\u00e1t, korepet\u00edcia Natalia Serdyukova<\/p>\n<p>Anna Stykov\u00e1 \u2013 2. miesto, 8. kateg\u00f3ria pedagogick\u00e9 vedenie Mgr.art. Milan Bern\u00e1t, korepet\u00edcia Natalia Serdyukova<\/p>\n<p>Alexander Boto\u0161 \u2013 3. miesto, 8. kateg\u00f3ria pedagogick\u00e9 vedenie Jozef Kov\u00e1\u010d, korepet\u00edcia Anna Turzov\u00e1<\/p>\n<p>Eva Jel\u00ednkov\u00e1 \u2013 1. miesto, 5. kateg\u00f3ria pedagogick\u00e9 vedenie Mgr.art. Du\u0161an Radi\u010d, korepet\u00edcia Natalia Serdyukova<\/p>\n<p>M\u00e1ria Moj\u0161ov\u00e1 \u2013 2. miesto, 5. kateg\u00f3ria pedagogick\u00e9 vedenie Jozef Farka\u0161, korepet\u00edcia Anna Turzov\u00e1<\/p>\n<h3>7. celo\u0161t\u00e1tna s\u00fa\u0165a\u017en\u00e1 prehliadka z\u00e1kladn\u00fdch umeleck\u00fdch \u0161k\u00f4l v\u00a0hre na keyboarde, Pova\u017esk\u00e1 Bystrica<\/h3>\n<p>Krist\u00edna Kajanov\u00e1 \u2013 strieborn\u00e9 p\u00e1smo<\/p>\n<p>Kl\u00e1ra Ryb\u00e1rov\u00e1 \u2013 bronzov\u00e9 p\u00e1smo<\/p>\n<p>pedagogick\u00e9 vedenie Mgr. Zlatica Rebov\u00e1<\/p>\n<h3>Nadregion\u00e1lna s\u00fa\u0165a\u017e v\u00a0hre na dvoch klav\u00edroch, Brezno<\/h3>\n<p>L\u00edvia B\u00falikov\u00e1, Samuel B\u00falik \u2013 zlat\u00e9 p\u00e1smo a\u00a0Cena poroty za interpret\u00e1ciu skladby C. Saint-Sa\u00ebns, Labu\u0165<\/p>\n<p>pedagogick\u00e9 vedenie Mgr. Miroslava Miklo\u0161kov\u00e1<\/p>\n<h3>Ma\u013eovan\u00e1 ZU\u0160-ka 2014, X. ro\u010dn\u00edk\u00a0 s\u00fa\u0165a\u017enej \u00a0prehliadky \u00a0pr\u00e1c \u00a0\u017eiakov \u00a0v\u00fdtvarn\u00fdch odborov ZU\u0160, Bansk\u00e1 Bystrica<\/h3>\n<p>Barbora Ba\u010d\u00edkov\u00e1, 5 rokov\u00a0 &#8211; CENA EX AEQUE pedagogick\u00e9 vedenie Mgr. Jozef\u00edna Krn\u00e1\u010dov\u00e1<\/p>\n<p>Alexandra S\u00falovcov\u00e1, 9 rokov &#8211; CENA EX AEQUE pedagogick\u00e9 vedenie Mgr. Monika \u0160v\u00e1rna<\/p>\n<p>Zlat\u00e9 p\u00e1smo<\/p>\n<p>1. kateg\u00f3ria<\/p>\n<p>Nat\u00e1lia Ka\u0161\u0161ov\u00e1<\/p>\n<p>pedagogick\u00e9 vedenie Mgr. Eva Be\u0148a\u010dkov\u00e1<\/p>\n<p>Lujza Kopeck\u00e1, Magdal\u00e9na Ka\u010daliakov\u00e1<\/p>\n<p>pedagogick\u00e9 vedenie Mgr. Vanda Babjakov\u00e1<\/p>\n<p>Romana Habalov\u00e1Tamara Parilov\u00e1<br \/>\nLuk\u00e1\u0161 Rosenbaum<\/p>\n<p>pedagogick\u00e9 vedenie Mgr. Jozef\u00edna Krn\u00e1\u010dov\u00e1<\/p>\n<p>Alexandra \u0160trb\u00e1kov\u00e1, Kristi\u00e1n Chaban,Art\u00far Kri\u0161tofek, Barbora Palu\u0161ov\u00e1<br \/>\npedagogick\u00e9 vedenie Mgr. Ol\u00edvia \u0160ipkovsk\u00e1<\/p>\n<p>Anna Donovalov\u00e1 , Luk\u00e1\u0161 Janota<\/p>\n<p>pedagogick\u00e9 vedenie Mgr. Lucia Demuthov\u00e1<\/p>\n<p>Emma Vajdov\u00e1, Stela Drozdov\u00e1, Jakub Sl\u00e1vik<\/p>\n<p>pedagogick\u00e9 vedenie Mgr. Monika \u0160v\u00e1rna, Mgr. Vanda Babjakov\u00e1<\/p>\n<p>2. kateg\u00f3ria<\/p>\n<p>Zuzana Moj\u017ei\u0161ov\u00e1, Sandra Petlachov\u00e1, Eva M\u00e1ria Strie\u0161ov\u00e1, Adela Tom\u00e1\u0161kov\u00e1 pedagogick\u00e9 vedenie Mgr. Ol\u00edvia \u0160ipkovsk\u00e1<\/p>\n<p>Ema \u010cumov\u00e1, Jakub Rie\u010dan, Nina \u0160lankov\u00e1, Jakub Tu\u010dek pedagogick\u00e9 vedenie Mgr. Vlasta Vargicov\u00e1<\/p>\n<p>Katar\u00edna Vrbick\u00e1, Sofia \u0160imon\u010d\u00edkov\u00e1, Stanislava Jan\u010dov\u00e1 pedagogick\u00e9 vedenie Mgr. Jozef\u00edna Krn\u00e1\u010dov\u00e1<\/p>\n<p>3. kateg\u00f3ria<\/p>\n<p>Lenka Franekov\u00e1 &#8211; pedagogick\u00e9 vedenie Mgr. Monika \u0160v\u00e1rna<\/p>\n<p>Ivan Sartoris -pedagogick\u00e9 vedenie Mgr. Jozef\u00edna Krn\u00e1\u010dov\u00e1<\/p>\n<p>Samuel B\u00falik,\u00a0 Erika Kr\u00e1likov\u00e1<\/p>\n<p>pedagogick\u00e9 vedenie Mgr. Vlasta Vargicov\u00e1<\/p>\n<p>4. kateg\u00f3ria<\/p>\n<p>Veronika \u0160\u00e1ntov\u00e1 &#8211; pedagogick\u00e9 vedenie Mgr. Vlasta Vargicov\u00e1<\/p>\n<p>Eli\u0161ka \u0160\u00e1ndorov\u00e1 \u2013 pedagogick\u00e9 vedenie Mgr. Jozef\u00edna Krn\u00e1\u010dov\u00e1<\/p>\n<h3>17. ro\u010dn\u00edk s\u00fa\u0165a\u017ee vok\u00e1lnej prehliadky Stan\u010dekova Prievidza 2014<\/h3>\n<p>Andrea Snopkov\u00e1 \u2013 zlat\u00e9 p\u00e1smo<\/p>\n<p>Ema Kr\u00fapov\u00e1 \u2013 strieborn\u00e9 p\u00e1smo<\/p>\n<p>pedagogick\u00e9 vedenie Mgr.Dana \u0160t\u011bdro\u0148ov\u00e1, korepet\u00edcia Natalia Serdyukova<\/p>\n<h3>14. ro\u010dn\u00edk Schneiderova Trnava 2014 \u2013 \u0161tvorru\u010dn\u00e1 hra na klav\u00edri<\/h3>\n<p>Peter Dekr\u00e9t, Patrik G\u00e1do\u0161i \u2013 zlat\u00e9 p\u00e1smo a\u00a0Cena JUDR. \u0160tefana Burgalu<\/p>\n<p>Ane\u017eka Krestiankov\u00e1, Mat\u00fa\u0161 Krestianko \u2013 strieborn\u00e9 p\u00e1smo<\/p>\n<p>pedagogick\u00e9 vedenie Mgr. Monika Zemkov\u00e1, Mgr. Magdal\u00e9na Frankov\u00e1<\/p>\n<p>pedagogi\u010dky Mgr. Monika Zemkov\u00e1\u00a0 a\u00a0 Mgr. Magdal\u00e9na Frankov\u00e1 \u2013 Diplom za pr\u00edpravu \u017eiakov<\/p>\n<h3>My sme mal\u00ed divadeln\u00edci 2014, region\u00e1lna s\u00fa\u0165a\u017e a\u00a0prehliadka detskej dramatickej tvorivosti pre okresy Bansk\u00e1 Bystrica a Brezno<\/h3>\n<p>Divadlo ZU\u0160 J. Cikkera Bansk\u00e1 Bystrica , s\u00a0inscen\u00e1ciou SCROOGE\u00a0\u00a0\u00a0\u00a0\u00a0\u00a0\u00a0\u00a0\u00a0\u00a0\u00a0 1. miesto s\u00a0nomin\u00e1ciou na krajsk\u00fa prehliadku pedagogick\u00e9 vedenie Mgr. art. Boris Kov\u00e1\u010d<\/p>\n<h3>Spievam po franc\u00fazsky, \u017dilina<\/h3>\n<p>Nat\u00e1lia Ba\u010d\u00edkov\u00e1 \u2013 1. miesto<\/p>\n<p>pedagogick\u00e9 vedenie Mgr. art. Diana Zvar\u00edkov\u00e1, klav\u00edrny sprievod Mgr.art.Peter \u0160pil\u00e1k PhD.<\/p>\n<h3>Karva\u0161ova divadeln\u00e1 Bystrica 2014, region\u00e1lna s\u00fa\u0165a\u017e mlad\u00fdch<\/h3>\n<p>Divadlo ZU\u0160 J. Cikkera Bansk\u00e1 Bystrica , s\u00a0inscen\u00e1ciou HAMLET\u00a0\u00a0\u00a0\u00a0\u00a0\u00a0\u00a0\u00a0\u00a0\u00a0\u00a0\u00a0\u00a0\u00a0 1. miesto s\u00a0nomin\u00e1ciou na krajsk\u00fa prehliadku za okres Bansk\u00e1 Bystrica pedagogick\u00e9 vedenie Mgr. art. Boris Kov\u00e1\u010d<\/p>\n<h3>XXIX. ro\u010dn\u00edk v\u00fdtvarnej s\u00fa\u0165a\u017ee Vesm\u00edr o\u010dami det\u00ed 2014<\/h3>\n<p>Diplom a\u00a0postup do celoslovensk\u00e9ho kola &#8211;<\/p>\n<p>Daniela Kubaliakov\u00e1<\/p>\n<p>\u013dudmila Slancov\u00e1<\/p>\n<p>Anna \u010cern\u00e1kov\u00e1<\/p>\n<p>pedagogick\u00e9 vedenie Mgr. Vlasta Vargicov\u00e1<\/p>\n<p>Ter\u00e9zia Voj\u010dekov\u00e1<\/p>\n<p>pedagogick\u00e9 vedenie Mgr. Monika \u0160v\u00e1rna<\/p>\n<p>Eli\u0161ka Strie\u0161ov\u00e1<\/p>\n<p>pedagogick\u00e9 vedenie Mgr. Ol\u00edvia \u0160ipkovsk\u00e1<\/p>\n<p>60. ro\u010dn\u00edk Hviezdovslavovho Kub\u00edna, okresn\u00e9 kolo<\/p>\n<p>J\u00falia Kamensk\u00e1 \u2013 Diplom a\u00a0postup do region\u00e1lneho kola\u00a0\u00a0\u00a0\u00a0\u00a0\u00a0\u00a0\u00a0\u00a0\u00a0\u00a0\u00a0\u00a0\u00a0\u00a0\u00a0\u00a0\u00a0\u00a0\u00a0\u00a0\u00a0\u00a0\u00a0 Juraj Bolt \u2013 Diplom<\/p>\n<p>pedagogick\u00e9 vedenie Mgr. art. Boris Kov\u00e1\u010d<\/p>\n<h3>POP BB, s\u00fa\u0165a\u017e v\u00a0speve popul\u00e1rnych piesn\u00ed, Bansk\u00e1 Bystrica<\/h3>\n<p>Krist\u00edna Radi\u010dov\u00e1 \u2013 1. miesto<\/p>\n<p>So\u0148a S\u00fdkorov\u00e1 \u2013 2. miesto<\/p>\n<p>pedagogick\u00e9 vedenie Mgr. art. Lucia Ka\u0161\u0161ov\u00e1, klav\u00edrny sprievod Martin Ka\u0161\u0161a<\/p>\n<h3>EX LIBRIS Hlohovec, 14. ro\u010dn\u00edk medzin\u00e1rodnej v\u00fdtvarnej s\u00fa\u0165a\u017ee<\/h3>\n<p>Zuzana Moj\u017ei\u0161ov\u00e1 \u2013 3. miesto<\/p>\n<p>Vikt\u00f3ria Veltyov\u00e1 \u2013 \u010cestn\u00e9 uznanie pedagogick\u00e9 vedenie Mgr. Ol\u00edvia \u0160ipkovsk\u00e1<\/p>\n","protected":false},"excerpt":{"rendered":"<p>6.ro\u010dn\u00edk Hus\u013eovej s\u00fa\u0165a\u017ee Rudolfa Orsz\u00e1ga v Kremnici Tom\u00e1\u0161 Danko &#8211; strieborn\u00e9 p\u00e1smo Pedagogick\u00e9 vedenie Zdenka \u0160imigov\u00e1 PaedDr., korepet\u00edcia Mgr.art Peter \u0160pil\u00e1k PhD. . S\u00fa\u0165a\u017e ml\u00e1de\u017en\u00edckych spev\u00e1ckych zborov Banskobystrick\u00e9ho kraja ML\u00c1DE\u017d SPIEVA 2014 Diev\u010densk\u00fd spev\u00e1cky zbor Dolce Canto &#8211; zlat\u00e9 p\u00e1smo s pochvalou\u00a0poroty dirigent &#8211; Mgr. art. Martin Ka\u0161\u0161a hlasov\u00e9 ped. &#8211; Mgr. art. L. Ka\u0161\u0161ov\u00e1,&hellip;&nbsp;<a href=\"https:\/\/www.zusjcbb.sk\/?page_id=1686\" class=\"\" rel=\"bookmark\">\u010c\u00edta\u0165 viac &raquo;<span class=\"screen-reader-text\">\u00daspechy 2014<\/span><\/a><\/p>\n","protected":false},"author":1,"featured_media":0,"parent":0,"menu_order":10,"comment_status":"open","ping_status":"closed","template":"","meta":{"neve_meta_sidebar":"","neve_meta_container":"","neve_meta_enable_content_width":"","neve_meta_content_width":0,"neve_meta_title_alignment":"","neve_meta_author_avatar":"","neve_post_elements_order":"","neve_meta_disable_header":"","neve_meta_disable_footer":"","neve_meta_disable_title":""},"_links":{"self":[{"href":"https:\/\/www.zusjcbb.sk\/index.php?rest_route=\/wp\/v2\/pages\/1686"}],"collection":[{"href":"https:\/\/www.zusjcbb.sk\/index.php?rest_route=\/wp\/v2\/pages"}],"about":[{"href":"https:\/\/www.zusjcbb.sk\/index.php?rest_route=\/wp\/v2\/types\/page"}],"author":[{"embeddable":true,"href":"https:\/\/www.zusjcbb.sk\/index.php?rest_route=\/wp\/v2\/users\/1"}],"replies":[{"embeddable":true,"href":"https:\/\/www.zusjcbb.sk\/index.php?rest_route=%2Fwp%2Fv2%2Fcomments&post=1686"}],"version-history":[{"count":4,"href":"https:\/\/www.zusjcbb.sk\/index.php?rest_route=\/wp\/v2\/pages\/1686\/revisions"}],"predecessor-version":[{"id":2145,"href":"https:\/\/www.zusjcbb.sk\/index.php?rest_route=\/wp\/v2\/pages\/1686\/revisions\/2145"}],"wp:attachment":[{"href":"https:\/\/www.zusjcbb.sk\/index.php?rest_route=%2Fwp%2Fv2%2Fmedia&parent=1686"}],"curies":[{"name":"wp","href":"https:\/\/api.w.org\/{rel}","templated":true}]}}