{"id":1692,"date":"2012-12-31T12:52:59","date_gmt":"2012-12-31T10:52:59","guid":{"rendered":"http:\/\/www.zusjcbb.sk\/?page_id=1692"},"modified":"2015-04-18T13:13:16","modified_gmt":"2015-04-18T11:13:16","slug":"uspechy-2012","status":"publish","type":"page","link":"https:\/\/www.zusjcbb.sk\/?page_id=1692","title":{"rendered":"\u00daspechy 2012"},"content":{"rendered":"<p><img loading=\"lazy\" class=\"alignnone size-medium wp-image-1583\" src=\"https:\/\/www.zusjcbb.sk\/wp-content\/uploads\/2015\/04\/logo4-300x261.jpg\" alt=\"logo\" width=\"300\" height=\"261\" \/><\/p>\n<p>Preh\u013ead \u00faspechov \u0161tudentov ZU\u0160 J. Cikkera Bansk\u00e1 Bystrica za rok 2012\u00a0<!--more--><\/p>\n<h3>S\u00e1rova Bystrica 2012, krajsk\u00e9 kolo s\u00fa\u0165a\u017ee mlad\u00fdch moder\u00e1torov<\/h3>\n<p><strong>J\u00daLIA KAMENSK\u00c1 \u2013 3. miesto<\/strong><\/p>\n<p><strong>pedagogick\u00e9 vedenie\u00a0 Mgr. art. Boris Kov\u00e1\u010d<\/strong><\/p>\n<p>Bystrick\u00e1 improliga 2012, 16. ro\u010dn\u00edk\u00a0 s\u00fa\u0165a\u017ee v\u00a0divadelnej improviz\u00e1cii<\/p>\n<h3>\u010carovn\u00e1 flauta 2012, 11. ro\u010dn\u00edk s\u00fa\u0165a\u017ee v\u00a0hre na zobcovej flaute a dreven\u00fdch dychov\u00fdch n\u00e1strojoch<\/h3>\n<p><strong>BARBORA BAJSOV\u00c1 ,flauta\u00a0 \u2013 2. miesto<\/strong><\/p>\n<p><strong>pedagogick\u00e9 vedenie Mgr. art. Anton Prievalsk\u00fd, klav\u00edrny sprievod\u00a0 Ren\u00e1ta Jel\u00ednkov\u00e1<\/strong><\/p>\n<h3>\u010carovn\u00e1 flauta 2012, 11. ro\u010dn\u00edk s\u00fa\u0165a\u017ee v\u00a0hre na zobcovej flaute a dreven\u00fdch dychov\u00fdch n\u00e1strojoch<\/h3>\n<p><strong>ZUZANA HOLEKOV\u00c1, saxof\u00f3n \u2013 3. miesto<\/strong><\/p>\n<p><strong>pedagogick\u00e9 vedenie\u00a0 Mgr. art. Martin Hanzely, <\/strong><strong>klav\u00edrny sprievod\u00a0 doc.\u00a0 Mgr.art.\u00a0 Eva C\u00e1hov\u00e1 Art.D.<\/strong><\/p>\n<h3>POP BB 2012, 11. ro\u010dn\u00edk s\u00fa\u0165a\u017enej prehliadky v\u00a0speve popul\u00e1rnych piesn\u00ed<\/h3>\n<p><strong>SO\u0147A S\u00ddKOROV\u00c1\u00a0 \u2013 3. miesto<\/strong><\/p>\n<p><strong>pedagogick\u00e9 vedenie Mgr. art. Lucia Ka\u0161\u0161ov\u00e1, klav\u00edrny sprievod Mgr. art.\u00a0 Martin Ka\u0161\u0161a<\/strong><\/p>\n<h3>POP BB 2012, 11. ro\u010dn\u00edk s\u00fa\u0165a\u017enej prehliadky v\u00a0speve popul\u00e1rnych piesn\u00ed<\/h3>\n<p><strong>AL\u017dBETA KVASNOV\u00c1 \u2013 Po\u010fakovanie za \u00faspe\u0161n\u00e9 \u00fa\u010dinkovanie vo fin\u00e1le s\u00fa\u0165a\u017ee<\/strong><\/p>\n<p><strong>pedagogick\u00e9 vedenie Mgr. art. Lucia Ka\u0161\u0161ov\u00e1, klav\u00edrny sprievod Mgr. art.\u00a0 Martin Ka\u0161\u0161a<\/strong><\/p>\n<h3>DIVERTIMENTO MUSICALE 2012 \u2013 Bansk\u00e1 Bystrica<\/h3>\n<p><strong>Komorn\u00fd orchester ZU\u0160 J\u00e1na Cikkera \u2013 ZLAT\u00c9 P\u00c1SMO<\/strong><\/p>\n<p><strong>Sl\u00e1\u010dikov\u00fd orchester ZU\u0160 J\u00e1na Cikkera \u2013 STRIEBORN\u00c9 P\u00c1SMO<\/strong><\/p>\n<p><strong>pedagogick\u00e9 vedenie Jozef Farka\u0161, Du\u0161an Koz\u00e1k<\/strong><\/p>\n<h3>6. ro\u010dn\u00edk Slovenskej s\u00fa\u0165a\u017ee o\u00a0stv\u00e1renie plag\u00e1tu s\u00a0mierovou tematikou \u2013 Predstav si mier\u00a0(Imagine Peace)<\/h3>\n<p><strong>ERIKA KR\u00c1LIKOV\u00c1 \u2013 2. MIESTO<\/strong><\/p>\n<p><strong>pedagogick\u00e9 vedenie Mgr. Vlasta Vargicov\u00e1<\/strong><\/p>\n<h3>FESTIVAL OF SONGS Olomouc<\/h3>\n<p><strong>DETSK\u00dd SPEV\u00c1CKY ZBOR VODOP\u00c1D &#8211;\u00a0 Strieborn\u00e1 medaila<\/strong><\/p>\n<p><strong>Dirigent &#8211; Mgr. Eva Laukov\u00e1, Mgr. Katar\u00edna Pr\u00edbojov\u00e1, korepet\u00edcia\u00a0 &#8211; Nat\u00e1lia Serdyukov\u00e1<\/strong><\/p>\n<p><strong>hlasov\u00fd pedag\u00f3g &#8211; Mgr.art. Miroslava Mi\u010dicov\u00e1 <\/strong><\/p>\n<h3>8. ro\u010dn\u00edk s\u00fa\u0165a\u017ee \u201e Mlad\u00fdch organistov\u201c\u00a0 celoslovensk\u00e1\u00a0 s\u00fa\u0165a\u017e N\u00e1mestovo<\/h3>\n<p><strong>HANA PROSTREDN\u00cdKOV\u00c1 \u2013 2. miesto v\u00a03. kateg\u00f3rii<\/strong><\/p>\n<p><strong>MAT\u00da\u0160 KUCBEL\u00a0 \u2013 2. miesto v\u00a02. kateg\u00f3rii<\/strong><\/p>\n<p><strong>pedagogick\u00e9 vedenie Mgr.art. Zuzana Sochu\u013e\u00e1kov\u00e1<\/strong><\/p>\n<h3>Festival komornej hudby \u010cadca 2012<\/h3>\n<p><strong>KOMORN\u00dd SL\u00c1\u010cIKOV\u00dd ORCHESTER ZU\u0160 J. CIKKERA<\/strong><\/p>\n<p><strong>1. miesto a\u00a0Cena prim\u00e1tora mesta \u010cadca <\/strong><\/p>\n<p><strong>pedagogick\u00e9 vedenie Jozef Farka\u0161<\/strong><\/p>\n<h3>Boh\u00fa\u0148ova paleta \u2013 XIV. ro\u010dn\u00edk medzin\u00e1rodnej v\u00fdtvarnej s\u00fa\u0165a\u017ee Doln\u00fd Kub\u00edn<\/h3>\n<p><strong>Zlat\u00e9 p\u00e1smo <\/strong><\/p>\n<p><strong> ANNA BELOV\u00c1 , PETER SARTORIS,\u00a0 KRIST\u00cdNA \u0160ABOV\u00c1 <\/strong><\/p>\n<p><strong>pedagogick\u00e9 vedenie Mgr. Vlasta Vargicov\u00e1(2), Mgr. Jozef\u00edna Krn\u00e1\u010dov\u00e1<\/strong><\/p>\n<p><strong>Strieborn\u00e9 p\u00e1smo<\/strong><\/p>\n<p><strong>EVA HREHOV\u00c1, KRIST\u00cdNA \u0160ABOV\u00c1 , J\u00c1N KLA\u010cAN <\/strong><\/p>\n<p><strong>pedagogick\u00e9 vedenie Mgr. Vlasta Vargicov\u00e1<\/strong><\/p>\n<p><strong>Bronzov\u00e9 p\u00e1smo<\/strong><\/p>\n<p><strong>ELI\u0160KA PETR\u00c1NOV\u00c1,MONIKA T\u00d3BISZOV\u00c1 , JAKUB LUK\u00c1\u010c ,<\/strong><\/p>\n<p><strong>KL\u00c1RA RYB\u00c1ROV\u00c1 <\/strong><\/p>\n<p><strong>pedagogick\u00e9 vedenie Mgr. Vlasta Vargicov\u00e1 (2), Mgr. Vanda Babjakov\u00e1<\/strong><\/p>\n<p><strong>Mgr. Jozef\u00edna Krn\u00e1\u010dov\u00e1<\/strong><\/p>\n<p><strong>\u010cestn\u00e9 uznanie<\/strong><\/p>\n<p><strong>HANA DUBOVSk\u00c1, ELI\u0160KA \u0160\u00c1NDOROV\u00c1, DANKA LAL\u00cdKOV\u00c1<\/strong><\/p>\n<p><strong>MILAN \u0160AJGAL<\/strong><\/p>\n<p><strong>pedagogick\u00e9 vedenie Mgr. Vlasta Vargicov\u00e1 (3), Miroslav Nohejl<\/strong><\/p>\n<h3>Festival Ivana Ballu-\u010das\u0165 Klav\u00edrna Orava Kl\u00e1ry Havl\u00edkovej<\/h3>\n<h3>celoslovensk\u00e1 klav\u00edrna s\u00fa\u0165a\u017e Doln\u00fd Kub\u00edn<\/h3>\n<p><strong>PETER DEKR\u00c9T \u2013 3. miesto v\u00a0kateg\u00f3rii s\u00f3lovej hry na klav\u00edr <\/strong><\/p>\n<p><strong>PETER DEKR\u00c9T , PATRIK G\u00c1DO\u0160I \u2013 3. miesto v\u00a0kateg\u00f3rii \u0161tvorru\u010dnej hry<\/strong><\/p>\n<p><strong>pedagogick\u00e9 vedenie Mgr. Monika Zemkov\u00e1<\/strong><\/p>\n<h3>Festival Ivana Ballu-\u010das\u0165 Hus\u013eov\u00e9 talenty celoslovensk\u00e1 hus\u013eov\u00e1 s\u00fa\u0165a\u017e Ni\u017en\u00e1<\/h3>\n<p><strong>TOM\u00c1\u0160 DANKO \u2013 4. miesto <\/strong><\/p>\n<p><strong>VIKT\u00d3RIA STRELCOV\u00c1 \u2013 5. miesto <\/strong><\/p>\n<p><strong>pedagogick\u00e9 vedenie PaedDr. Zdena \u0160imigov\u00e1, korepet\u00edcia Peter \u0160pil\u00e1k PhD.<\/strong><\/p>\n<h3>Piano v\u00a0modernom rytme 2012,\u00a0 celoslovensk\u00e1 klav\u00edrna s\u00fa\u0165a\u017e Bojnice<\/h3>\n<p><strong>JANA HOLOSOV\u00c1\u2013 strieborn\u00e9 p\u00e1smo<\/strong><\/p>\n<p><strong>RICHAD PAV\u010c\u00cdK \u2013 strieborn\u00e9 p\u00e1smo<\/strong><\/p>\n<p><strong>pedagogick\u00e9 vedenie Eva Sl\u00e1vikov\u00e1<\/strong><\/p>\n<h3>Bojnick\u00e1 perla 2012 \u2013 celoslovensk\u00e1 s\u00fa\u0165a\u017e v\u00a0POP speve<\/h3>\n<p><strong>RADKA BLAHOV\u00c1 \u2013 strieborn\u00e9 p\u00e1smo, pedagogick\u00e9 vedenie Mgr.art. Lucia Ka\u0161\u0161ov\u00e1<\/strong><\/p>\n<h3>Detsk\u00fd festival \u013eudovej hudby, Ve\u013ek\u00fd Krt\u00ed\u0161<\/h3>\n<p><strong>TER\u00c9ZIA BALLEKOV\u00c1 \u2013 strieborn\u00e9 p\u00e1smo, pedagogick\u00e9 vedenie Mgr.art. Lucia Ka\u0161\u0161ov\u00e1<\/strong><\/p>\n<h3>8. ro\u010dn\u00edk s\u00fa\u0165a\u017ee v\u00a0hre na dvoch klav\u00edroch \u2013 Brezno<\/h3>\n<p><strong>SAMUEL B\u00daLIK, L\u00cdVIA B\u00daLIKOV\u00c1 \u2013 zlat\u00e9 p\u00e1smo, pedagogick\u00e9 vedenie Mgr. Miroslava Miklo\u0161kov\u00e1<\/strong><\/p>\n<p><strong>BRANISLAV JEL\u00cdNEK, DENISA JEL\u00cdNKOV\u00c1 &#8211; strieborn\u00e9 p\u00e1smo, pedagogick\u00e9 vedenie <\/strong><\/p>\n<p><strong>Alena Labudov\u00e1<\/strong><\/p>\n<h3>Schneiderova Trnava 2012 \u2013 celoslovensk\u00e1 s\u00fa\u0165a\u017e v\u00a0hre na husliach<\/h3>\n<p>EVA JEL\u00cdNKOV\u00c1 &#8211; strieborn\u00e9 p\u00e1smo, pedagogick\u00e9 vedenie Mgr.art. Du\u0161an Radi\u010d<\/p>\n<p>TOM\u00c1\u0160 DANKO \u2013 bronzov\u00e9 p\u00e1smo, pedagogick\u00e9 vedenie PaedDr. Zdena \u0160imigov\u00e1<\/p>\n<p>KOMORN\u00dd ORCHESTER\u00a0 &#8211; bronzov\u00e9 p\u00e1smo, pedagogick\u00e9 vedenie Jozef Farka\u0161<\/p>\n<p>Mgr. art. DU\u0160AN RADI\u010c, PaedDr. ZDENA \u0160IMIGOV\u00c1 \u2013 DIPLOM za pr\u00edpravu \u017eiaka<\/p>\n<p>S\u00fa\u0165a\u017e ml\u00e1de\u017en\u00edckych spev\u00e1ckych zborov Banskobystrick\u00e9ho kraja ML\u00c1DE\u017d SPIEVA 2012<\/p>\n<p>Diev\u010densk\u00fd spev\u00e1cky zbor DOLCE CANTO<\/p>\n<p>Zlat\u00e9 p\u00e1smo s\u00a0pochvalou poroty \u2013 dirigent Mgr. art. Martin Ka\u0161\u0161a<\/p>\n<h3>IV. ro\u010dn\u00edk celoslovenskej s\u00fa\u0165a\u017ee v\u00a0s\u00f3lovom speve Petra Dvorsk\u00e9ho \u2013 Ko\u0161ice<\/h3>\n<p>DIANA N\u00c1TANOV\u00c1 \u2013 zlat\u00e9 p\u00e1smo, pedagogick\u00e9 vedenie Mgr.art. Miroslava Mi\u010dicov\u00e1<\/p>\n<p>ANDREA SNOPKOV\u00c1 \u2013 zlat\u00e9 p\u00e1smo, pedagogick\u00e9 vedenie Mgr. Dana \u0160t\u011bdro\u0148ov\u00e1<\/p>\n<p>MARTINA KONDA\u010cOV\u00c1 &#8211; zlat\u00e9 p\u00e1smo, pedagogick\u00e9 vedenie Mgr.art. Diana De\u00e1kov\u00e1<\/p>\n<p>MICHAL SLOV\u00c1K, PAVOL TU\u010cEK \u2013 strieborn\u00e9 p\u00e1smo, pedagogick\u00e9 vedenie Mgr. Dana \u0160t\u011bdro\u0148ov\u00e1<\/p>\n<p>Mgr.art. MIROSLAVA MI\u010cICOV\u00c1, Mgr. DANA\u00a0 \u0160T\u011aDRO\u0147OV\u00c1, Mgr.art. DIANA\u00a0 DE\u00c1KOV\u00c1 \u2013 DIPLOM za kvalitn\u00fa pr\u00edpravu \u017eiaka<\/p>\n<p>NATALIA SERDYUKOVA \u2013 DIPLOM za kvalitn\u00fa korepet\u00edciu<\/p>\n<h3>\u00d4smy ro\u010dn\u00edk s\u00fa\u0165a\u017ee \u017eiakov I. a II. stup\u0148a ZU\u0160 v\u00a0hre na husliach a\u00a0ostatn\u00fdch sl\u00e1\u010dikov\u00fdch n\u00e1stojoch &#8211; Brezno<\/h3>\n<p>ALEXANDER BOTO\u0160,violon\u010delo \u2013 1. miesto pedagogick\u00e9 vedenie Jozef Kov\u00e1\u010d<\/p>\n<p>JANKA HLAVINOV\u00c1, husle \u2013 2. miesto pedagogick\u00e9 vedenie Mgr.art. Milan Bern\u00e1t<\/p>\n<p>ANNA STYKOV\u00c1, husle \u2013 3. miesto pedagogick\u00e9 vedenie Mgr.art. Milan Bern\u00e1t<\/p>\n<h3>Detsk\u00fd umeleck\u00fd festival Bansk\u00e1 Bystrica &#8211; \u010das\u0165 Detsk\u00e1 interpreta\u010dn\u00e1 s\u00fa\u0165a\u017e<\/h3>\n<h3>\u2013\u00a0\u00a0\u00a0\u00a0\u00a0\u00a0\u00a0 hra na klav\u00edri, XX. ro\u010dn\u00edk<\/h3>\n<p>PETER DEKR\u00c9T \u2013 zlat\u00e9 p\u00e1smo, pedagogick\u00e9 vedenie Mgr. Monika Zemkov\u00e1<\/p>\n<p>LUK\u00c1\u0160 KULICH\u00a0 &#8211; strieborn\u00e9 p\u00e1smo, pedagogick\u00e9 vedenie Alena Labudov\u00e1<\/p>\n<p>TER\u00c9ZIA HERDOV\u00c1 &#8211; strieborn\u00e9 p\u00e1smo, pedagogick\u00e9 vedenie Janka Sivokov\u00e1<\/p>\n<p>DAVID PALU\u0160 \u2013 bronzov\u00e9 p\u00e1smo, pedagogick\u00e9 vedenie Viera Horv\u00e1thov\u00e1<\/p>\n<p>KATAR\u00cdNA SVITKOV\u00c1 &#8211; bronzov\u00e9 p\u00e1smo, pedagogick\u00e9 vedenie Eva Be\u0148ov\u00e1<\/p>\n<p>L\u00cdVIA SVITKOV\u00c1 &#8211; bronzov\u00e9 p\u00e1smo, pedagogick\u00e9 vedenie Eva Be\u0148ov\u00e1<\/p>\n<p>BE\u00c1TA JAVOR\u010c\u00cdKOV\u00c1 &#8211; bronzov\u00e9 p\u00e1smo, pedagogick\u00e9 vedenie Janka Sivokov\u00e1<\/p>\n<p>p. u\u010dite\u013eka ALENA LABUDOV\u00c1 &#8211; Diplom za najlep\u0161iu dramaturgiu s\u00fa\u0165a\u017en\u00e9ho reperto\u00e1ru<\/p>\n<h3>Detsk\u00fd umeleck\u00fd festival Bansk\u00e1 Bystrica &#8211; \u010das\u0165\u00a0 Ma\u013eovan\u00e1 ZU\u0160ka, 8. ro\u010dn\u00edk<\/h3>\n<p>SIMONA SVETKOVSKSK\u00c1 5 rokov \u2013 Hlavn\u00e1 cena<\/p>\n<p>pedagogick\u00e9 vedenie Mgr. Kl\u00e1ra Kraj\u010diov\u00e1<\/p>\n<p>PETER LI\u010cKO 17 rokov \u2013 Zvl\u00e1\u0161tna cena<\/p>\n<p>pedagogick\u00e9 vedenie Mgr. art. Ign\u00e1c Kasan<\/p>\n<p>Zlat\u00e9 p\u00e1smo 1. kateg\u00f3ria \u2013 JAKUB SL\u00c1VIK, LUCIA \u0160ALAM\u00daNOV\u00c1<\/p>\n<p>ADAM PALKOVI\u010c, EVA HATAL\u010c\u00cdKOV\u00c1, MARIAN F\u00c1BER, ZINA VALACHOV\u00c1<\/p>\n<p>STANISLAVA JAN\u010cOV\u00c1, VERONIKA MA\u0164UCHOV\u00c1, STELA DROZDOV\u00c1<\/p>\n<p>\u0160IMON HAJKOSK\u00dd, EMA KR\u00daPOV\u00c1<\/p>\n<p>Zlat\u00e9 p\u00e1smo 2. kateg\u00f3ria \u2013 ANDREA MORAV\u010c\u00cdKOV\u00c1, TIMEA COCHOV\u00c1<\/p>\n<p>ALEX \u010cTVRTN\u00cd\u010cEK, LUCIA CABANOV\u00c1, MAT\u00da\u0160 PATR\u00c1\u0160, IVANA VR\u00c1NOV\u00c1<\/p>\n<p>KATAR\u00cdNA VRBICK\u00c1, PAULA BINDEROV\u00c1, TER\u00c9ZIA VOJ\u010cEKOV\u00c1<\/p>\n<p>S\u00c1RA CHRASTINOV\u00c1<\/p>\n<p>Zlat\u00e9 p\u00e1smo 3. kteg\u00f3ria \u2013 EMA GRAJC\u00c1ROV\u00c1, MARGAR\u00c9TA MAGNOV\u00c1<\/p>\n<p>Zlat\u00e9 p\u00e1smo 4. kateg\u00f3ria VERONIKA RAFAJOV\u00c1, ZDENO R\u00ddS<\/p>\n<p>KRIST\u00cdNA MORAV\u010c\u00cdKOV\u00c1, D\u00c1\u0160A VESELOVSK\u00c1<\/p>\n<p>pedagogick\u00e9 vedenie Mgr. Vanda Babjakov\u00e1, Mgr. Jozef\u00edna Krn\u00e1\u010dov\u00e1<\/p>\n<p>Mgr. Ol\u00edvia \u0160ipkovsk\u00e1, Mgr. art.Ign\u00e1c Kasan, Mgr. Kl\u00e1ra Kraj\u010diov\u00e1<\/p>\n<h3>Pink Song 2012 \u2013 Zvolen, celoslovensk\u00e1 spev\u00e1cka s\u00fa\u0165a\u017e<\/h3>\n<p>DIANA N\u00c1TANOV\u00c1 \u2013 Zlat\u00e9 p\u00e1smo<\/p>\n<p>DENIS BARI \u2013 Zlat\u00e9 p\u00e1smo<\/p>\n<p>SO\u0147A S\u00ddKOROV\u00c1 \u2013 Strieborn\u00e9 p\u00e1smo, 3. B kateg\u00f3ria<\/p>\n<p>DOMINIKA ROH\u00c1RIKOV\u00c1 \u2013 Strieborn\u00e9 p\u00e1smo, 3. A\u00a0kateg\u00f3ria<\/p>\n<p>TER\u00c9ZIA BALLEKOV\u00c1 \u2013 Strieborn\u00e9 p\u00e1smo, 2. A\u00a0kateg\u00f3ria<\/p>\n<p>MIRIAM PUFFLEROV\u00c1 \u2013 Strieborn\u00e9 p\u00e1smo a\u00a0Diplom za interpret\u00e1ciu \u013eudovej piesne<\/p>\n<p>EMMA KOV\u00c1\u010cOV\u00c1 \u2013 Bronzov\u00e9 p\u00e1smo, 2. A kateg\u00f3ria<\/p>\n<p>DOMINIKA \u0160\u00daROV\u00c1 \u2013 Bronzov\u00e9 p\u00e1smo, 2. A\u00a0kateg\u00f3ria<\/p>\n<p>J\u00daLIA STASOV\u00c1 \u2013 Bronzov\u00e9 p\u00e1smo, 2. A\u00a0kateg\u00f3ria<\/p>\n<p>VERONIKA SOLIVAJOV\u00c1 &#8211; Bronzov\u00e9 p\u00e1smo, 2. A\u00a0kateg\u00f3ria<\/p>\n<p>VIKT\u00cdRIA ACHBERGEROV\u00c1 &#8211; Bronzov\u00e9 p\u00e1smo, 3. A\u00a0kateg\u00f3ria<\/p>\n<p>pedagogick\u00e9 vedenie Mgr.art. Miroslava Mi\u010dicov\u00e1, Mgr.art.Lucia Ka\u0161\u0161ov\u00e1<\/p>\n<p>Mgr. art. M\u00e1ria Ne\u010desan\u00e1 PhD.<\/p>\n<p>Klav\u00edrna spolupr\u00e1ca &#8211; Mgr.art. Peter \u0160pil\u00e1k, PhD.<\/p>\n<h3>XX. ro\u010dn\u00edk Bien\u00e1le fant\u00e1zie \u2013 Tur\u010dianska gal\u00e9ria Martin<\/h3>\n<p>NINA BANC\u00cdKOV\u00c1 \u2013 Individu\u00e1lna cena XX. BF za origin\u00e1lny a\u00a0v\u00fdtvarne hodnotn\u00fd vklad do t\u00e9my XX. ro\u010dn\u00edka BF<\/p>\n<p>pedagogick\u00e9 vedenie Mgr. Ol\u00edvia \u0160ipkovsk\u00e1<\/p>\n<h3>Celoslovensk\u00e1 s\u00fa\u0165a\u017e Gal\u00e9ria talentov \u2013 \u0160VK Bansk\u00e1 Bystrica<\/h3>\n<p>TOM\u00c1\u0160 DANKO \u2013 1. miesto<\/p>\n<p>pedagogick\u00e9 vedenie PaedDr. Zdena \u0160imigov\u00e1<\/p>\n<h3>\u0160aliansky Ma\u0165ko 2012, obvodn\u00e9 kolo s\u00fa\u0165a\u017ee<\/h3>\n<p>KRIST\u00cdNA KOLL\u00c1ROV\u00c1 \u2013 1. miesto v\u00a03. kateg\u00f3rii<\/p>\n<p>pedagogick\u00e9 vedenie Mgr.art. Boris Kov\u00e1\u010d<\/p>\n<h3>Hviezdoslavov Kub\u00edn 2012, obvodn\u00e9 kolo s\u00fa\u0165a\u017ee<\/h3>\n<p>J\u00daLIA KAMENSK\u00c1 \u2013AL\u017dBETA DU\u0160EKOV\u00c1 \u2013DOROTA BARTKOV\u00c1 \u2013<\/p>\n<p>LENKA VESELOVSK\u00c1 \u2013 Diplom a\u00a0postup do region\u00e1lneho kola<\/p>\n<p>pedagogick\u00e9 vedenie Mgr.art. Boris Kov\u00e1\u010d<\/p>\n<h3>Tajovsk\u00e9ho divadeln\u00e9 dni\u00a0 2012 &#8211; kateg\u00f3ria divadlo mlad\u00fdch, obvodn\u00e9 kolo s\u00fa\u0165a\u017ee<\/h3>\n<p>DIVADLO ZU\u0160 J\u00c1NA CIKKERA \u2013 inscen\u00e1cia\u00a0 V\u00a0SRDCI \u2013 Diplom<\/p>\n<p>inscen\u00e1cia\u00a0 &#8211; DIVADELN\u00dd HOROR, ALEBO NIE\u010cO TAK\u00c9 \u2013 1. miesto a\u00a0nomin\u00e1cia na krajsk\u00fa s\u00fa\u0165a\u017e<\/p>\n<p>pedagogick\u00e9 vedenie Mgr.art. Boris Kov\u00e1\u010d<\/p>\n<h3>Hviezdoslavov Kub\u00edn 2012, region\u00e1lne kolo s\u00fa\u0165a\u017ee<\/h3>\n<p>DOMINIKA GEREGOV\u00c1 \u2013 1. miesto<\/p>\n<p>DOROTA BARTKOV\u00c1 \u2013 2. miesto<\/p>\n<p>J\u00daLIA KAMENSK\u00c1 \u2013 3. miesto<\/p>\n<p>pedagogick\u00e9 vedenie Mgr.art. Boris Kov\u00e1\u010d<\/p>\n<h3>Region\u00e1lna s\u00fa\u0165a\u017en\u00e1 prehliadka detskej dramatickej tvorivosti\u00a0 &#8211; Slovensk\u00e1 \u013dup\u010da<\/h3>\n<p>DIVADLO ZU\u0160 J\u00c1NA CIKKERA \u2013 inscen\u00e1cia\u00a0 MAL\u00dd PRINC \u2013<\/p>\n<p>Nomin\u00e1cia na krajsk\u00fa s\u00fa\u0165a\u017e<\/p>\n<h3>Vok\u00e1lna jar 2012, XVII. ro\u010dn\u00edk spev\u00e1ckej\u00a0 s\u00fa\u0165a\u017ee \u2013 Kysuck\u00e9 Nov\u00e9 Mesto<\/h3>\n<p>TER\u00c9ZIA HERDOV\u00c1 \u2013 zlat\u00e9 p\u00e1smo v\u00a02. kateg\u00f3rii<\/p>\n<p>EDITA OLER\u00cdNYOV\u00c1 \u2013zlat\u00e9 p\u00e1smo v\u00a02. kateg\u00f3rii<\/p>\n<p>DOMINIKA ROH\u00c1RIKOV\u00c1 \u2013 strieborn\u00e9 p\u00e1smo v\u00a03. kateg\u00f3rii<\/p>\n<p>DOROTA OLER\u00cdNYOV\u00c1 \u2013 strieborn\u00e9 p\u00e1smo v\u00a02. kateg\u00f3rii<\/p>\n<p>PETRA LEN\u00c1ROV\u00c1 \u2013 bronzov\u00e9 p\u00e1smo v\u00a03. kateg\u00f3rii<\/p>\n<p>TER\u00c9ZIA BALLEKOV\u00c1 \u2013 bronzov\u00e9 p\u00e1smo v\u00a02. kateg\u00f3rii<\/p>\n<p>PETRA LEN\u00c1ROV\u00c1 \u2013 bronzov\u00e9 p\u00e1smo v\u00a03. kateg\u00f3rii<\/p>\n<p>TER\u00c9ZIA BALLEKOV\u00c1 a TER\u00c9ZIA BALLEKOV\u00c1\u00a0 &#8211; DIPLOM za vhodn\u00fd tematick\u00fd v\u00fdber skladby<\/p>\n<p>DOMINIKA ROH\u00c1RIKOV\u00c1 a PETRA LEN\u00c1ROV\u00c1 DIPLOM za \u0161t\u00fdlov\u00e9 prevedenie skladby<\/p>\n<p>EDITA OLER\u00cdNYOV\u00c1 a DOROTA OLER\u00cdNYOV\u00c1 \u2013 DIPLOM za v\u00fdborn\u00fa s\u00fahru<\/p>\n<p>Mgr. art. Zuzana Sochu\u013e\u00e1kov\u00e1\u00a0 &#8211; DIPLOM za korepet\u00edcie<\/p>\n<p>pedagogick\u00e9 vedenie Mgr.art. Lucia Ka\u0161\u0161ov\u00e1, Mgr.art. M\u00e1ria Ne\u010desan\u00e1 PhD.<\/p>\n<p>klav\u00edrna spolupr\u00e1ca\u00a0Mgr.art. Zuzana Sochu\u013e\u00e1kov\u00e1<\/p>\n<h3>HRONOVSK\u00c9 JABL\u00cd\u010cKO 2012, 11. ro\u010dn\u00edk medzin\u00e1rodnej tane\u010dnej prehliadky kolekt\u00edvov<\/h3>\n<p>KOLEKT\u00cdV ZU\u0160 J\u00c1NA CIKKERA<\/p>\n<p>1. miesto v\u00a0kateg\u00f3rii dospel\u00ed, sc\u00e9nick\u00fd tanec Silueta mojej du\u0161e<\/p>\n<p>2. miesto v\u00a0kateg\u00f3rii dospel\u00ed, sc\u00e9nick\u00fd tanec My\u0161lienky g\u00e9nia<\/p>\n<p>pedagogick\u00e9 vedenie Mgr.Iveta Ra\u0161kov\u00e1, Janka La\u0161utov\u00e1<\/p>\n<h3>Ponick\u00e1 fujarka 2012, 30. ro\u010dn\u00edk s\u00fa\u0165a\u017enej prehliadky detsk\u00e9ho hudobn\u00e9ho folkl\u00f3ru okresu Bansk\u00e1 Bystrica<\/h3>\n<p>TER\u00c9ZIA BALLEKOV\u00c1 \u2013 1. miesto a\u00a0CENA DIV\u00c1KA<\/p>\n<p>pedagogick\u00e9 vedenie Mgr.art. Lucia Ka\u0161\u0161ov\u00e1<\/p>\n<h3>S\u00fa\u0165a\u017e vo Frankof\u00f3nnej piesni 2012, Allianz France a\u00a0Konzervat\u00f3rium J. L. Bellu Bansk\u00e1 Bystrica<\/h3>\n<p>MIRIAM PUFFLEROV\u00c1 \u2013 1. miesto<\/p>\n<p>pedagogick\u00e9 vedenie Mgr.art. M\u00e1ria Ne\u010desan\u00e1 PhD.<\/p>\n<h3>5. celo\u0161t\u00e1tna s\u00fa\u0165a\u017en\u00e1 prehliadka ZU\u0160 v\u00a0hre na keyboard 2012 \u2013 Pova\u017esk\u00e1 Bystrica<\/h3>\n<p>DA\u0160A NEMCOV\u00c1 \u2013 \u010cestn\u00e9 uznanie<\/p>\n<p>pedagogick\u00e9 vedenie Mgr. Zlatica Rebov\u00e1<\/p>\n<h3>DETSK\u00dd UMELECK\u00dd FESTIVAL \u00a0BANSK\u00c1 BYSTRICA 2012<\/h3>\n<p>\u010das\u0165 MA\u013dOVAN\u00c1 ZU\u0160ka &#8211; \u00a08. ro\u010dn\u00edk celoslovenskej s\u00fa\u0165a\u017enej prehliadky pr\u00e1c \u017eiakov v\u00fdtvarn\u00fdch odborov z\u00e1kladn\u00fdch umeleck\u00fdch \u0161k\u00f4l<\/p>\n<p>SIMONA SVETKOVSK\u00c1 \u2013 Hlavn\u00e1 cena<\/p>\n<p>pedagogick\u00e9 vedenie Mgr. Kl\u00e1ra Kraj\u010diov\u00e1<\/p>\n<p>PETER LI\u010cKO\u00a0 &#8211; Zvl\u00e1\u0161tna cena<\/p>\n<p>pedagogick\u00e9 vedenie Mgr. art. Ign\u00e1c Kasan<\/p>\n","protected":false},"excerpt":{"rendered":"<p>Preh\u013ead \u00faspechov \u0161tudentov ZU\u0160 J. Cikkera Bansk\u00e1 Bystrica za rok 2012\u00a0<\/p>\n","protected":false},"author":1,"featured_media":0,"parent":0,"menu_order":13,"comment_status":"open","ping_status":"closed","template":"","meta":{"neve_meta_sidebar":"","neve_meta_container":"","neve_meta_enable_content_width":"","neve_meta_content_width":0,"neve_meta_title_alignment":"","neve_meta_author_avatar":"","neve_post_elements_order":"","neve_meta_disable_header":"","neve_meta_disable_footer":"","neve_meta_disable_title":""},"_links":{"self":[{"href":"https:\/\/www.zusjcbb.sk\/index.php?rest_route=\/wp\/v2\/pages\/1692"}],"collection":[{"href":"https:\/\/www.zusjcbb.sk\/index.php?rest_route=\/wp\/v2\/pages"}],"about":[{"href":"https:\/\/www.zusjcbb.sk\/index.php?rest_route=\/wp\/v2\/types\/page"}],"author":[{"embeddable":true,"href":"https:\/\/www.zusjcbb.sk\/index.php?rest_route=\/wp\/v2\/users\/1"}],"replies":[{"embeddable":true,"href":"https:\/\/www.zusjcbb.sk\/index.php?rest_route=%2Fwp%2Fv2%2Fcomments&post=1692"}],"version-history":[{"count":2,"href":"https:\/\/www.zusjcbb.sk\/index.php?rest_route=\/wp\/v2\/pages\/1692\/revisions"}],"predecessor-version":[{"id":1705,"href":"https:\/\/www.zusjcbb.sk\/index.php?rest_route=\/wp\/v2\/pages\/1692\/revisions\/1705"}],"wp:attachment":[{"href":"https:\/\/www.zusjcbb.sk\/index.php?rest_route=%2Fwp%2Fv2%2Fmedia&parent=1692"}],"curies":[{"name":"wp","href":"https:\/\/api.w.org\/{rel}","templated":true}]}}