{"id":172,"date":"2011-08-18T17:38:03","date_gmt":"2011-08-18T17:38:03","guid":{"rendered":"http:\/\/www.zusjcbb.php5.sk\/?page_id=172"},"modified":"2025-05-09T11:12:27","modified_gmt":"2025-05-09T09:12:27","slug":"malovana-zus-ka","status":"publish","type":"page","link":"https:\/\/www.zusjcbb.sk\/?page_id=172","title":{"rendered":"Ma\u013eovan\u00e1 ZU\u0160-ka"},"content":{"rendered":"<p style=\"text-align: center;\">\u00a0<\/p>\n<p>Celoslovensk\u00e1 s\u00fa\u0165a\u017en\u00e1 prehliadka \u017eiakov v\u00fdtvarn\u00fdch odborov z\u00e1kladn\u00fdch\u00a0umeleck\u00fdch \u0161k\u00f4l <strong>Ma\u013eovan\u00e1 ZU\u0160-ka<\/strong> vytv\u00e1ra priestor na v\u00fdtvarn\u00fa prezent\u00e1ciu \u017eiakov\u00a0v\u00fdtvarn\u00fdch odborov z\u00e1kladn\u00fdch umeleck\u00fdch \u0161k\u00f4l \u0161tuduj\u00facich na I. a II. stupni\u00a0z\u00e1kladn\u00e9ho \u0161t\u00fadia.<\/p>\n<p>Poskytuje mo\u017enos\u0165 vedome pracova\u0165 <em>s v\u00fdtvarn\u00fdmi v\u00fdrazov\u00fdmi\u00a0prostriedkami.<\/em> Zameranie sa na v\u00fdtvarn\u00fd probl\u00e9m prep\u00e1ja n\u00e1metov\u00e9\u00a0i form\u00e1lne mo\u017enosti a umo\u017e\u0148uje \u0161irok\u00fa \u0161k\u00e1lu r\u00f4znych pr\u00edstupov na\u00a0\u00farovni pedagogick\u00fdch zadan\u00ed i tvorivosti \u017eiakov.<\/p>\n<p>Poskytuje mo\u017enos\u0165 mapova\u0165 situ\u00e1ciu, \u00farove\u0148 a v\u00fdvoj v\u00fdtvarn\u00fdch\u00a0odborov z\u00e1kladn\u00fdch umeleck\u00fdch \u0161k\u00f4l v Slovenskej republike.<\/p>\n<h4><a href=\"https:\/\/www.zusjcbb.sk\/wp-content\/uploads\/2024\/12\/Su\u0301hlas-so-spracovani\u0301m-osobny\u0301ch-u\u0301dajov-ucitel.pdf\"><span style=\"color: #000080;\"><strong>GDPR s\u00fahlas u\u010dite\u013e<\/strong><\/span><\/a><\/h4>\n<h4><a href=\"https:\/\/www.zusjcbb.sk\/wp-content\/uploads\/2024\/12\/Su\u0301hlas-so-spracovani\u0301m-osobny\u0301ch-u\u0301dajov-malolety-ziak.pdf\"><span style=\"color: #000080;\"><strong>GDPR s\u00fahlas malolet\u00fd \u017eiak<\/strong><\/span><\/a><\/h4>\n<h4><a href=\"https:\/\/www.zusjcbb.sk\/wp-content\/uploads\/2024\/12\/Su\u0301hlas-so-spracovani\u0301m-osobny\u0301ch-u\u0301dajov-plnolety-ziak.pdf\"><span style=\"color: #000080;\"><strong>GDPR s\u00fahlas plnolet\u00fd \u017eiak<\/strong><\/span><\/a><\/h4>\n<p style=\"font-weight: 400;\">\u00da\u010delom sprac\u00favania osobn\u00fdch \u00fadajov je zapojenie sa do s\u00fa\u0165a\u017ee \u201eDetsk\u00fd umeleck\u00fd festival v Banskej Bystrici\u201c.\u00a0<\/p>\n<p style=\"font-weight: 400;\">Osobn\u00e9 \u00fadaje dotknut\u00fdch os\u00f4b sa sprac\u00favaj\u00fa v s\u00falade s NARIADEN\u00cdM EUR\u00d3PSKEHO PARLAMENTU A RADY (E\u00da) 2016\/679 z 27. apr\u00edla 2016 o ochrane fyzick\u00fdch os\u00f4b pri sprac\u00favan\u00ed osobn\u00fdch \u00fadajov a o vo\u013enom pohybe tak\u00fdchto \u00fadajov, ktor\u00fdm sa zru\u0161uje smernica 95\/46\/ES (v\u0161eobecn\u00e9 nariadenie o ochrane \u00fadajov) a so z\u00e1konom \u010d. 18\/2018 Z. z. o ochrane osobn\u00fdch \u00fadajov a o zmene a doplnen\u00ed niektor\u00fdch z\u00e1konov. Pr\u00e1vnym z\u00e1kladom sprac\u00favania osobn\u00fdch \u00fadajov je \u010dl. 6 ods. 1 p\u00edsm. f) v\u0161eobecn\u00e9ho nariadenia o ochrane \u00fadajov \u2013 opr\u00e1vnen\u00fd z\u00e1ujem prev\u00e1dzkovate\u013ea.<\/p>\n<p style=\"font-weight: 400;\">Inform\u00e1cie o sprac\u00favan\u00ed osobn\u00fdch \u00fadajov prev\u00e1dzkovate\u013eom s\u00fa v\u00e1m plne k dispoz\u00edcii na webovom s\u00eddle\u00a0<a href=\"http:\/\/www.osobnyudaj.sk\/informovanie\" data-saferedirecturl=\"https:\/\/www.google.com\/url?q=http:\/\/www.osobnyudaj.sk\/informovanie&amp;source=gmail&amp;ust=1734005878904000&amp;usg=AOvVaw0zKzBTVn3eWPBsYCcHYT4a\">www.osobnyudaj.sk\/informovanie<\/a>, ako aj vo fyzickej podobe v s\u00eddle a na v\u0161etk\u00fdch kontaktn\u00fdch miestach prev\u00e1dzkovate\u013ea.<\/p>\n<h4 style=\"text-align: center;\">*<\/h4>\n<h5><span style=\"color: #000080;\"><a style=\"color: #000080;\" href=\"https:\/\/www.zusjcbb.sk\/wp-content\/uploads\/2025\/01\/Propozicie-Malovana-ZUS-ka-2025.pdf\"><strong>Propoz\u00edcie Ma\u013eovan\u00e1 ZU\u0160-ka 2025<\/strong><\/a><\/span><\/h5>\n<p><a href=\"https:\/\/www.zusjcbb.sk\/wp-content\/uploads\/2025\/02\/MZ25-stitok-XIX.-rocnik-scaled.jpg\"><strong><span style=\"color: #000080;\">\u0160t\u00edtok na ozna\u010denie pr\u00e1c<\/span><\/strong><\/a><\/p>\n<h5 style=\"text-align: center;\">***<\/h5>\n<h3><strong><span style=\"color: #000080;\"><a style=\"color: #000080;\" href=\"https:\/\/www.zusjcbb.sk\/?page_id=13126\">V\u00fdsledky Ma\u013eovan\u00e1 ZU\u0160-ka 2025<\/a><\/span><\/strong><\/h3>\n<h3><span style=\"color: #000080;\"><a style=\"color: #000080;\" href=\"https:\/\/www.zusjcbb.sk\/?page_id=13182\">Gal\u00e9ria Ma\u013eovan\u00e1 ZU\u0160-ka 2025\u00a0<\/a><\/span><\/h3>\n<h3><span style=\"color: #000080;\"><a style=\"color: #000080;\" href=\"https:\/\/www.zusjcbb.sk\/wp-content\/uploads\/2025\/05\/Katalog-MZ2025.pdf\">Ma\u013eovan\u00e1 ZU\u0160-ka 2025 &#8211; katal\u00f3g<\/a><\/span><\/h3>\n<p style=\"text-align: center;\">***<\/p>\n<h3><strong>Arch\u00edv:<\/strong><\/h3>\n<ul>\n<li><strong><span style=\"color: #000080;\"><a style=\"color: #000080;\" href=\"https:\/\/www.zusjcbb.sk\/wp-content\/uploads\/2024\/05\/Malovana-ZUSka-2024-katalog.pdf\">Ma\u013eovan\u00e1 ZU\u0160ka 2024 &#8211; katal\u00f3g<\/a><\/span><\/strong><\/li>\n<li><strong><span style=\"color: #000080;\"><a style=\"color: #000080;\" href=\"https:\/\/www.zusjcbb.sk\/?page_id=11685\">V\u00fdsledky Ma\u013eovan\u00e1 ZU\u0160-ka 2024<\/a><\/span><\/strong><\/li>\n<li><strong><span style=\"color: #000080;\"><a style=\"color: #000080;\" href=\"https:\/\/www.zusjcbb.sk\/?page_id=11769\">Gal\u00e9ria Ma\u013eovan\u00e1 ZU\u0160-ka 2024\u00a0<\/a><\/span><\/strong><\/li>\n<\/ul>\n<h4 style=\"text-align: center;\">*<\/h4>\n<ul>\n<li><strong><span style=\"color: #000080;\"><a style=\"color: #000080;\" href=\"https:\/\/www.zusjcbb.sk\/?page_id=10361\">V\u00fdsledky Ma\u013eovan\u00e1 ZU\u0160-ka 2023<\/a><\/span><\/strong><\/li>\n<li><span style=\"color: #000080;\"><strong><a style=\"color: #000080;\" href=\"https:\/\/www.zusjcbb.sk\/?page_id=10380\">Gal\u00e9ria Ma\u013eovan\u00e1 ZU\u0160-ka 2023<\/a><\/strong><\/span><\/li>\n<\/ul>\n<h5 style=\"text-align: center;\">*<\/h5>\n<ul>\n<li><strong><span style=\"color: #000080;\"><a style=\"color: #000080;\" href=\"https:\/\/www.zusjcbb.sk\/?page_id=5794\">V\u00fdsledky Ma\u013eovan\u00e1 ZU\u0160-ka 2019<\/a><\/span><\/strong><\/li>\n<li><strong><span style=\"color: #000080;\"><a style=\"color: #000080;\" href=\"https:\/\/www.zusjcbb.sk\/?page_id=5798\">Gal\u00e9ria Ma\u013eovan\u00e1 ZU\u0160-ka 2019<\/a><\/span><\/strong><\/li>\n<\/ul>\n<p style=\"text-align: center;\">*<\/p>\n<ul>\n<li><strong><span style=\"color: #000080;\"><a style=\"color: #000080;\" href=\"https:\/\/www.zusjcbb.sk\/?page_id=4705\">V\u00fdsledky Ma\u013eovan\u00e1 ZU\u0160-ka 2018<\/a><\/span><\/strong><\/li>\n<li><strong><span style=\"color: #000080;\"><a style=\"color: #000080;\" href=\"https:\/\/www.zusjcbb.sk\/?page_id=4709\">Gal\u00e9ria Ma\u013eovan\u00e1 ZU\u0160-ka 2018<\/a><\/span><\/strong><\/li>\n<\/ul>\n<p style=\"text-align: center;\">*<\/p>\n<ul>\n<li><strong><span style=\"color: #000080;\"><a style=\"color: #00ccff;\" href=\"https:\/\/www.zusjcbb.sk\/?page_id=891\"><b>V\u00fdsledky Ma\u013eovan\u00e1 ZU\u0160-ka 2017<\/b><\/a><a style=\"color: #000080;\" href=\"https:\/\/www.zusjcbb.sk\/?page_id=4709\"><b>\u00a0<\/b><\/a><\/span><\/strong><\/li>\n<li><span style=\"color: #00ccff;\"><strong><a style=\"color: #00ccff;\" href=\"https:\/\/www.zusjcbb.sk\/?page_id=3871\">Gal\u00e9ria Ma\u013eovan\u00e1 ZU\u0160-ka 2017<\/a><\/strong><\/span><\/li>\n<\/ul>\n<p style=\"text-align: center;\">*<\/p>\n<ul>\n<li><a href=\"https:\/\/www.zusjcbb.sk\/?page_id=887\"><strong>Gal\u00e9ria Ma\u013eovan\u00e1 ZU\u0160-ka 2016\u00a0<\/strong><\/a><\/li>\n<li><strong><a href=\"https:\/\/www.zusjcbb.sk\/?page_id=896\">Hodnotenie predsedu poroty 2016<\/a> <\/strong><\/li>\n<\/ul>\n\n\n<p><\/p>\n","protected":false},"excerpt":{"rendered":"<p>\u00a0 Celoslovensk\u00e1 s\u00fa\u0165a\u017en\u00e1 prehliadka \u017eiakov v\u00fdtvarn\u00fdch odborov z\u00e1kladn\u00fdch\u00a0umeleck\u00fdch \u0161k\u00f4l Ma\u013eovan\u00e1 ZU\u0160-ka vytv\u00e1ra priestor na v\u00fdtvarn\u00fa prezent\u00e1ciu \u017eiakov\u00a0v\u00fdtvarn\u00fdch odborov z\u00e1kladn\u00fdch umeleck\u00fdch \u0161k\u00f4l \u0161tuduj\u00facich na I. a II. stupni\u00a0z\u00e1kladn\u00e9ho \u0161t\u00fadia. Poskytuje mo\u017enos\u0165 vedome pracova\u0165 s v\u00fdtvarn\u00fdmi v\u00fdrazov\u00fdmi\u00a0prostriedkami. Zameranie sa na v\u00fdtvarn\u00fd probl\u00e9m prep\u00e1ja n\u00e1metov\u00e9\u00a0i form\u00e1lne mo\u017enosti a umo\u017e\u0148uje \u0161irok\u00fa \u0161k\u00e1lu r\u00f4znych pr\u00edstupov na\u00a0\u00farovni pedagogick\u00fdch zadan\u00ed i tvorivosti&hellip;&nbsp;<a href=\"https:\/\/www.zusjcbb.sk\/?page_id=172\" class=\"\" rel=\"bookmark\">\u010c\u00edta\u0165 viac &raquo;<span class=\"screen-reader-text\">Ma\u013eovan\u00e1 ZU\u0160-ka<\/span><\/a><\/p>\n","protected":false},"author":2,"featured_media":0,"parent":165,"menu_order":0,"comment_status":"closed","ping_status":"closed","template":"","meta":{"neve_meta_sidebar":"","neve_meta_container":"","neve_meta_enable_content_width":"","neve_meta_content_width":0,"neve_meta_title_alignment":"","neve_meta_author_avatar":"","neve_post_elements_order":"","neve_meta_disable_header":"","neve_meta_disable_footer":"","neve_meta_disable_title":""},"_links":{"self":[{"href":"https:\/\/www.zusjcbb.sk\/index.php?rest_route=\/wp\/v2\/pages\/172"}],"collection":[{"href":"https:\/\/www.zusjcbb.sk\/index.php?rest_route=\/wp\/v2\/pages"}],"about":[{"href":"https:\/\/www.zusjcbb.sk\/index.php?rest_route=\/wp\/v2\/types\/page"}],"author":[{"embeddable":true,"href":"https:\/\/www.zusjcbb.sk\/index.php?rest_route=\/wp\/v2\/users\/2"}],"replies":[{"embeddable":true,"href":"https:\/\/www.zusjcbb.sk\/index.php?rest_route=%2Fwp%2Fv2%2Fcomments&post=172"}],"version-history":[{"count":118,"href":"https:\/\/www.zusjcbb.sk\/index.php?rest_route=\/wp\/v2\/pages\/172\/revisions"}],"predecessor-version":[{"id":13331,"href":"https:\/\/www.zusjcbb.sk\/index.php?rest_route=\/wp\/v2\/pages\/172\/revisions\/13331"}],"up":[{"embeddable":true,"href":"https:\/\/www.zusjcbb.sk\/index.php?rest_route=\/wp\/v2\/pages\/165"}],"wp:attachment":[{"href":"https:\/\/www.zusjcbb.sk\/index.php?rest_route=%2Fwp%2Fv2%2Fmedia&parent=172"}],"curies":[{"name":"wp","href":"https:\/\/api.w.org\/{rel}","templated":true}]}}