{"id":1747,"date":"2015-05-17T21:29:31","date_gmt":"2015-05-17T19:29:31","guid":{"rendered":"http:\/\/www.zusjcbb.sk\/?page_id=1747"},"modified":"2016-02-23T13:17:29","modified_gmt":"2016-02-23T11:17:29","slug":"2015-faktury","status":"publish","type":"page","link":"https:\/\/www.zusjcbb.sk\/?page_id=1747","title":{"rendered":"2015 Fakt\u00fary"},"content":{"rendered":"<p><a href=\"https:\/\/www.zusjcbb.sk\/wp-content\/uploads\/2015\/05\/Fakt\u00fary-1_-2015.pdf\">Fakt\u00fary 1_ 2015<\/a><\/p>\n<p><a href=\"https:\/\/www.zusjcbb.sk\/wp-content\/uploads\/2015\/05\/Fakt\u00fary-2_-2015.pdf\">Fakt\u00fary 2_ 2015<\/a><\/p>\n<p><a href=\"https:\/\/www.zusjcbb.sk\/wp-content\/uploads\/2015\/05\/Fakt\u00fary-3_-2015.pdf\">Fakt\u00fary 3_ 2015<\/a><\/p>\n<p><a href=\"https:\/\/www.zusjcbb.sk\/wp-content\/uploads\/2015\/05\/Fakt\u00fary-4_-2015.pdf\">Fakt\u00fary 4_ 2015<\/a><\/p>\n<p><a href=\"https:\/\/www.zusjcbb.sk\/wp-content\/uploads\/2015\/05\/Fakt\u00fary-5_-2015.pdf\">Fakt\u00fary 5_ 2015<\/a><\/p>\n<p><a href=\"https:\/\/www.zusjcbb.sk\/wp-content\/uploads\/2015\/05\/Fakt\u00fary-6_-2015.pdf\">Fakt\u00fary 6_ 2015<\/a><\/p>\n<p><a href=\"https:\/\/www.zusjcbb.sk\/wp-content\/uploads\/2015\/05\/Fakt\u00fary-7_-2015.pdf\" rel=\"\"><u><span style=\"color: #0066cc;\">Fakt\u00fary 7_ 2015<\/span><\/u><\/a><\/p>\n<p><a href=\"https:\/\/www.zusjcbb.sk\/wp-content\/uploads\/2015\/05\/Fakt\u00fary-8_-2015.pdf\" rel=\"\"><u><span style=\"color: #0066cc;\">Fakt\u00fary 8_ 2015<\/span><\/u><\/a><\/p>\n<p><span style=\"text-decoration: underline;\"><a href=\"https:\/\/www.zusjcbb.sk\/wp-content\/uploads\/2015\/05\/Fakt\u00fary-9_-2015.pdf\" rel=\"\"><span style=\"color: #0066cc; text-decoration: underline;\">Fakt\u00fary 9_ 2015<\/span><\/a><\/span><\/p>\n<p><a href=\"https:\/\/www.zusjcbb.sk\/wp-content\/uploads\/2015\/05\/Fakt\u00fary-10_-2015.pdf\" rel=\"\"><u><span style=\"color: #0066cc;\">Fakt\u00fary 10_ 2015<\/span><\/u><\/a><\/p>\n<p><a href=\"https:\/\/www.zusjcbb.sk\/wp-content\/uploads\/2015\/05\/Fakt\u00fary-11_-2015.pdf\" rel=\"\">Fakt\u00fary 11_ 2015<\/a><\/p>\n<p><a href=\"https:\/\/www.zusjcbb.sk\/wp-content\/uploads\/2015\/05\/Fakt\u00fary-12_-2015.pdf\" rel=\"\">Fakt\u00fary 12_ 2015<\/a><\/p>\n","protected":false},"excerpt":{"rendered":"<p>Fakt\u00fary 1_ 2015 Fakt\u00fary 2_ 2015 Fakt\u00fary 3_ 2015 Fakt\u00fary 4_ 2015 Fakt\u00fary 5_ 2015 Fakt\u00fary 6_ 2015 Fakt\u00fary 7_ 2015 Fakt\u00fary 8_ 2015 Fakt\u00fary 9_ 2015 Fakt\u00fary 10_ 2015 Fakt\u00fary 11_ 2015 Fakt\u00fary 12_ 2015<\/p>\n","protected":false},"author":3,"featured_media":0,"parent":37,"menu_order":0,"comment_status":"closed","ping_status":"open","template":"","meta":{"neve_meta_sidebar":"","neve_meta_container":"","neve_meta_enable_content_width":"","neve_meta_content_width":0,"neve_meta_title_alignment":"","neve_meta_author_avatar":"","neve_post_elements_order":"","neve_meta_disable_header":"","neve_meta_disable_footer":"","neve_meta_disable_title":""},"_links":{"self":[{"href":"https:\/\/www.zusjcbb.sk\/index.php?rest_route=\/wp\/v2\/pages\/1747"}],"collection":[{"href":"https:\/\/www.zusjcbb.sk\/index.php?rest_route=\/wp\/v2\/pages"}],"about":[{"href":"https:\/\/www.zusjcbb.sk\/index.php?rest_route=\/wp\/v2\/types\/page"}],"author":[{"embeddable":true,"href":"https:\/\/www.zusjcbb.sk\/index.php?rest_route=\/wp\/v2\/users\/3"}],"replies":[{"embeddable":true,"href":"https:\/\/www.zusjcbb.sk\/index.php?rest_route=%2Fwp%2Fv2%2Fcomments&post=1747"}],"version-history":[{"count":6,"href":"https:\/\/www.zusjcbb.sk\/index.php?rest_route=\/wp\/v2\/pages\/1747\/revisions"}],"predecessor-version":[{"id":2667,"href":"https:\/\/www.zusjcbb.sk\/index.php?rest_route=\/wp\/v2\/pages\/1747\/revisions\/2667"}],"up":[{"embeddable":true,"href":"https:\/\/www.zusjcbb.sk\/index.php?rest_route=\/wp\/v2\/pages\/37"}],"wp:attachment":[{"href":"https:\/\/www.zusjcbb.sk\/index.php?rest_route=%2Fwp%2Fv2%2Fmedia&parent=1747"}],"curies":[{"name":"wp","href":"https:\/\/api.w.org\/{rel}","templated":true}]}}