{"id":1814,"date":"2015-05-17T22:02:22","date_gmt":"2015-05-17T20:02:22","guid":{"rendered":"http:\/\/www.zusjcbb.sk\/?page_id=1814"},"modified":"2015-05-18T15:29:46","modified_gmt":"2015-05-18T13:29:46","slug":"2014-faktury","status":"publish","type":"page","link":"https:\/\/www.zusjcbb.sk\/?page_id=1814","title":{"rendered":"2014 Fakt\u00fary"},"content":{"rendered":"<p><a href=\"https:\/\/www.zusjcbb.sk\/wp-content\/uploads\/2015\/05\/Fakt\u00fary-01_2014.pdf\">Fakt\u00fary 01_2014<\/a><\/p>\n<p><a href=\"https:\/\/www.zusjcbb.sk\/wp-content\/uploads\/2015\/05\/Fakt\u00fary-02_2014.pdf\">Fakt\u00fary 02_2014<\/a><\/p>\n<p><a href=\"https:\/\/www.zusjcbb.sk\/wp-content\/uploads\/2015\/05\/Fakt\u00fary-03_2014.pdf\">Fakt\u00fary 03_2014<\/a><\/p>\n<p><a href=\"https:\/\/www.zusjcbb.sk\/wp-content\/uploads\/2015\/05\/Fakt\u00fary-04_2014.pdf\">Fakt\u00fary 04_2014<\/a><\/p>\n<p><a href=\"https:\/\/www.zusjcbb.sk\/wp-content\/uploads\/2015\/05\/Fakt\u00fary-05_2014.pdf\">Fakt\u00fary 05_2014<\/a><\/p>\n<p><a href=\"https:\/\/www.zusjcbb.sk\/wp-content\/uploads\/2015\/05\/Fakt\u00fary_6_2014.pdf\">Fakt\u00fary_6_2014<\/a><\/p>\n<p><a href=\"https:\/\/www.zusjcbb.sk\/wp-content\/uploads\/2015\/05\/Fakt\u00fary_7_2014.pdf\">Fakt\u00fary_7_2014<\/a><\/p>\n<p><a href=\"https:\/\/www.zusjcbb.sk\/wp-content\/uploads\/2015\/05\/Fakt\u00fary_8_2014.pdf\">Fakt\u00fary_8_2014<\/a><\/p>\n<p><a href=\"https:\/\/www.zusjcbb.sk\/wp-content\/uploads\/2015\/05\/Fakt\u00fary_9_2014.pdf\">Fakt\u00fary_9_2014<\/a><\/p>\n<p><a href=\"https:\/\/www.zusjcbb.sk\/wp-content\/uploads\/2015\/05\/Fakt\u00fary_10_2014.pdf\">Fakt\u00fary_10_2014<\/a><\/p>\n<p><a href=\"https:\/\/www.zusjcbb.sk\/wp-content\/uploads\/2015\/05\/Fakt\u00fary_11_2014.pdf\">Fakt\u00fary_11_2014<\/a><\/p>\n<p><a href=\"https:\/\/www.zusjcbb.sk\/wp-content\/uploads\/2015\/05\/Fakt\u00fary_12_2014.pdf\">Fakt\u00fary_12_2014<\/a><\/p>\n","protected":false},"excerpt":{"rendered":"<p>Fakt\u00fary 01_2014 Fakt\u00fary 02_2014 Fakt\u00fary 03_2014 Fakt\u00fary 04_2014 Fakt\u00fary 05_2014 Fakt\u00fary_6_2014 Fakt\u00fary_7_2014 Fakt\u00fary_8_2014 Fakt\u00fary_9_2014 Fakt\u00fary_10_2014 Fakt\u00fary_11_2014 Fakt\u00fary_12_2014<\/p>\n","protected":false},"author":3,"featured_media":0,"parent":37,"menu_order":0,"comment_status":"closed","ping_status":"open","template":"","meta":{"neve_meta_sidebar":"","neve_meta_container":"","neve_meta_enable_content_width":"","neve_meta_content_width":0,"neve_meta_title_alignment":"","neve_meta_author_avatar":"","neve_post_elements_order":"","neve_meta_disable_header":"","neve_meta_disable_footer":"","neve_meta_disable_title":""},"_links":{"self":[{"href":"https:\/\/www.zusjcbb.sk\/index.php?rest_route=\/wp\/v2\/pages\/1814"}],"collection":[{"href":"https:\/\/www.zusjcbb.sk\/index.php?rest_route=\/wp\/v2\/pages"}],"about":[{"href":"https:\/\/www.zusjcbb.sk\/index.php?rest_route=\/wp\/v2\/types\/page"}],"author":[{"embeddable":true,"href":"https:\/\/www.zusjcbb.sk\/index.php?rest_route=\/wp\/v2\/users\/3"}],"replies":[{"embeddable":true,"href":"https:\/\/www.zusjcbb.sk\/index.php?rest_route=%2Fwp%2Fv2%2Fcomments&post=1814"}],"version-history":[{"count":1,"href":"https:\/\/www.zusjcbb.sk\/index.php?rest_route=\/wp\/v2\/pages\/1814\/revisions"}],"predecessor-version":[{"id":1827,"href":"https:\/\/www.zusjcbb.sk\/index.php?rest_route=\/wp\/v2\/pages\/1814\/revisions\/1827"}],"up":[{"embeddable":true,"href":"https:\/\/www.zusjcbb.sk\/index.php?rest_route=\/wp\/v2\/pages\/37"}],"wp:attachment":[{"href":"https:\/\/www.zusjcbb.sk\/index.php?rest_route=%2Fwp%2Fv2%2Fmedia&parent=1814"}],"curies":[{"name":"wp","href":"https:\/\/api.w.org\/{rel}","templated":true}]}}