{"id":1882,"date":"2015-05-17T22:14:19","date_gmt":"2015-05-17T20:14:19","guid":{"rendered":"http:\/\/www.zusjcbb.sk\/?page_id=1882"},"modified":"2015-05-18T15:29:46","modified_gmt":"2015-05-18T13:29:46","slug":"2013-faktury","status":"publish","type":"page","link":"https:\/\/www.zusjcbb.sk\/?page_id=1882","title":{"rendered":"2013 Fakt\u00fary"},"content":{"rendered":"<p><a href=\"https:\/\/www.zusjcbb.sk\/wp-content\/uploads\/2015\/05\/Fakt\u00fary-01_13.pdf\">Fakt\u00fary 01_13<\/a><\/p>\n<p><a href=\"https:\/\/www.zusjcbb.sk\/wp-content\/uploads\/2015\/05\/Fakt\u00fary-02_13.pdf\">Fakt\u00fary 02_13<\/a><\/p>\n<p><a href=\"https:\/\/www.zusjcbb.sk\/wp-content\/uploads\/2015\/05\/Fakt\u00fary-03_13.pdf\">Fakt\u00fary 03_13<\/a><\/p>\n<p><a href=\"https:\/\/www.zusjcbb.sk\/wp-content\/uploads\/2015\/05\/Fakt\u00fary-04_13.pdf\">Fakt\u00fary 04_13<\/a><\/p>\n<p><a href=\"https:\/\/www.zusjcbb.sk\/wp-content\/uploads\/2015\/05\/Fakt\u00fary-05_13.pdf\">Fakt\u00fary 05_13<\/a><\/p>\n<p><a href=\"https:\/\/www.zusjcbb.sk\/wp-content\/uploads\/2015\/05\/Fakt\u00fary-06_13.pdf\">Fakt\u00fary 06_13<\/a><\/p>\n<p><a href=\"https:\/\/www.zusjcbb.sk\/wp-content\/uploads\/2015\/05\/Fakt\u00fary-07_13.pdf\">Fakt\u00fary 07_13<\/a><\/p>\n<p><a href=\"https:\/\/www.zusjcbb.sk\/wp-content\/uploads\/2015\/05\/Fakt\u00fary-08_13.pdf\">Fakt\u00fary 08_13<\/a><\/p>\n<p><a href=\"https:\/\/www.zusjcbb.sk\/wp-content\/uploads\/2015\/05\/Fakt\u00fary-09_13.pdf\">Fakt\u00fary 09_13<\/a><\/p>\n<p><a href=\"https:\/\/www.zusjcbb.sk\/wp-content\/uploads\/2015\/05\/Fakt\u00fary-10_13.pdf\">Fakt\u00fary 10_13<\/a><\/p>\n<p><a href=\"https:\/\/www.zusjcbb.sk\/wp-content\/uploads\/2015\/05\/Fakt\u00fary-11_13.pdf\">Fakt\u00fary 11_13<\/a><\/p>\n<p><a href=\"https:\/\/www.zusjcbb.sk\/wp-content\/uploads\/2015\/05\/Fakt\u00fary-12_13.pdf\">Fakt\u00fary 12_13<\/a><\/p>\n","protected":false},"excerpt":{"rendered":"<p>Fakt\u00fary 01_13 Fakt\u00fary 02_13 Fakt\u00fary 03_13 Fakt\u00fary 04_13 Fakt\u00fary 05_13 Fakt\u00fary 06_13 Fakt\u00fary 07_13 Fakt\u00fary 08_13 Fakt\u00fary 09_13 Fakt\u00fary 10_13 Fakt\u00fary 11_13 Fakt\u00fary 12_13<\/p>\n","protected":false},"author":3,"featured_media":0,"parent":37,"menu_order":0,"comment_status":"closed","ping_status":"open","template":"","meta":{"neve_meta_sidebar":"","neve_meta_container":"","neve_meta_enable_content_width":"","neve_meta_content_width":0,"neve_meta_title_alignment":"","neve_meta_author_avatar":"","neve_post_elements_order":"","neve_meta_disable_header":"","neve_meta_disable_footer":"","neve_meta_disable_title":""},"_links":{"self":[{"href":"https:\/\/www.zusjcbb.sk\/index.php?rest_route=\/wp\/v2\/pages\/1882"}],"collection":[{"href":"https:\/\/www.zusjcbb.sk\/index.php?rest_route=\/wp\/v2\/pages"}],"about":[{"href":"https:\/\/www.zusjcbb.sk\/index.php?rest_route=\/wp\/v2\/types\/page"}],"author":[{"embeddable":true,"href":"https:\/\/www.zusjcbb.sk\/index.php?rest_route=\/wp\/v2\/users\/3"}],"replies":[{"embeddable":true,"href":"https:\/\/www.zusjcbb.sk\/index.php?rest_route=%2Fwp%2Fv2%2Fcomments&post=1882"}],"version-history":[{"count":1,"href":"https:\/\/www.zusjcbb.sk\/index.php?rest_route=\/wp\/v2\/pages\/1882\/revisions"}],"predecessor-version":[{"id":1895,"href":"https:\/\/www.zusjcbb.sk\/index.php?rest_route=\/wp\/v2\/pages\/1882\/revisions\/1895"}],"up":[{"embeddable":true,"href":"https:\/\/www.zusjcbb.sk\/index.php?rest_route=\/wp\/v2\/pages\/37"}],"wp:attachment":[{"href":"https:\/\/www.zusjcbb.sk\/index.php?rest_route=%2Fwp%2Fv2%2Fmedia&parent=1882"}],"curies":[{"name":"wp","href":"https:\/\/api.w.org\/{rel}","templated":true}]}}