{"id":1896,"date":"2015-05-17T22:22:48","date_gmt":"2015-05-17T20:22:48","guid":{"rendered":"http:\/\/www.zusjcbb.sk\/?page_id=1896"},"modified":"2015-05-18T15:29:46","modified_gmt":"2015-05-18T13:29:46","slug":"2012-zmluvy","status":"publish","type":"page","link":"https:\/\/www.zusjcbb.sk\/?page_id=1896","title":{"rendered":"2012 Zmluvy"},"content":{"rendered":"<p><a href=\"https:\/\/www.zusjcbb.sk\/wp-content\/uploads\/2015\/05\/Zml-_2_5_12R5.pdf\">Zml _2_5_12R5<\/a><\/p>\n<p><a href=\"https:\/\/www.zusjcbb.sk\/wp-content\/uploads\/2015\/05\/Zml-_3_1_12Hron.pdf\">Zml _3_1_12Hron<\/a><\/p>\n<p><a href=\"https:\/\/www.zusjcbb.sk\/wp-content\/uploads\/2015\/05\/Zml-_3_4_12Bakos.pdf\">Zml _3_4_12Bakos<\/a><\/p>\n<p><a href=\"https:\/\/www.zusjcbb.sk\/wp-content\/uploads\/2015\/05\/Zml-_10_5_12NadJC.pdf\">Zml _10_5_12NadJC<\/a><\/p>\n<p><a href=\"https:\/\/www.zusjcbb.sk\/wp-content\/uploads\/2015\/05\/Zml-_19_3_12\u0160O.pdf\">Zml _19_3_12\u0160O<\/a><\/p>\n<p><a href=\"https:\/\/www.zusjcbb.sk\/wp-content\/uploads\/2015\/05\/Zml-_22_3_12R3.pdf\">Zml _22_3_12R3<\/a><\/p>\n<p><a href=\"https:\/\/www.zusjcbb.sk\/wp-content\/uploads\/2015\/05\/Zml-_23_5_12\u0160O2.pdf\">Zml _23_5_12\u0160O2<\/a><\/p>\n<p><a href=\"https:\/\/www.zusjcbb.sk\/wp-content\/uploads\/2015\/05\/Zml-_27_2_12R2.pdf\">Zml _27_2_12R2<\/a><\/p>\n<p><a href=\"https:\/\/www.zusjcbb.sk\/wp-content\/uploads\/2015\/05\/Zml-_28_3_12M\u00faz.pdf\">Zml _28_3_12M\u00faz<\/a><\/p>\n<p><a href=\"https:\/\/www.zusjcbb.sk\/wp-content\/uploads\/2015\/05\/Zml-_31_1_12R1.pdf\">Zml _31_1_12R1<\/a><\/p>\n<p><a href=\"https:\/\/www.zusjcbb.sk\/wp-content\/uploads\/2015\/05\/Zml-_15_4_12R4.pdf\">Zml _15_4_12R4<\/a><\/p>\n<p><a href=\"https:\/\/www.zusjcbb.sk\/wp-content\/uploads\/2015\/05\/Zml-_29_2_12KSU.pdf\">Zml _29_2_12KSU<\/a><\/p>\n<p><a href=\"https:\/\/www.zusjcbb.sk\/wp-content\/uploads\/2015\/05\/Zml-_21_6_12PONS.pdf\">Zml _21_6_12PONS<\/a><\/p>\n<p><a href=\"https:\/\/www.zusjcbb.sk\/wp-content\/uploads\/2015\/05\/Zml-_12_7_12VA\u0160A.pdf\">Zml _12_7_12VA\u0160A<\/a><\/p>\n<p><a href=\"https:\/\/www.zusjcbb.sk\/wp-content\/uploads\/2015\/05\/Zml-_20_7_12El1.pdf\">Zml _20_7_12El1<\/a><\/p>\n<p><a href=\"https:\/\/www.zusjcbb.sk\/wp-content\/uploads\/2015\/05\/Zml-_20_7_12El2.pdf\">Zml _20_7_12El2<\/a><\/p>\n<p><a href=\"https:\/\/www.zusjcbb.sk\/wp-content\/uploads\/2015\/05\/Zml-_20_7_12El3.pdf\">Zml _20_7_12El3<\/a><\/p>\n<p><a href=\"https:\/\/www.zusjcbb.sk\/wp-content\/uploads\/2015\/05\/Zml-_12_7_12El1D.pdf\">Zml _12_7_12El1D<\/a><\/p>\n<p><a href=\"https:\/\/www.zusjcbb.sk\/wp-content\/uploads\/2015\/05\/Zml_3_9_12Zach.pdf\">Zml_3_9_12Zach<\/a><\/p>\n<p><a href=\"https:\/\/www.zusjcbb.sk\/wp-content\/uploads\/2015\/05\/Zml-_3_9_12Hron.pdf\">Zml _3_9_12Hron<\/a><\/p>\n<p><a href=\"https:\/\/www.zusjcbb.sk\/wp-content\/uploads\/2015\/05\/Zml_20_11_12_AkU.pdf\">Zml_20_11_12_AkU<\/a><\/p>\n<p><a href=\"https:\/\/www.zusjcbb.sk\/wp-content\/uploads\/2015\/05\/Zml_5_11_12UMB.pdf\">Zml_5_11_12UMB<\/a><\/p>\n<p><a href=\"https:\/\/www.zusjcbb.sk\/wp-content\/uploads\/2015\/05\/Zml-_18_12Amic.pdf\">Zml _18_12Amic<\/a><\/p>\n<p><a href=\"https:\/\/www.zusjcbb.sk\/wp-content\/uploads\/2015\/05\/Zml-_19_12Amic.pdf\">Zml _19_12Amic<\/a><\/p>\n<p><a href=\"https:\/\/www.zusjcbb.sk\/wp-content\/uploads\/2015\/05\/Zml-_20_12Amic.pdf\">Zml _20_12Amic<\/a><\/p>\n<p><a href=\"https:\/\/www.zusjcbb.sk\/wp-content\/uploads\/2015\/05\/Zml-_11_10_12Hauerl.pdf\">Zml _11_10_12Hauerl<\/a><\/p>\n<p><a href=\"https:\/\/www.zusjcbb.sk\/wp-content\/uploads\/2015\/05\/Zml-_25_9_12Tcom1.pdf\">Zml _25_9_12Tcom1<\/a><\/p>\n<p><a href=\"https:\/\/www.zusjcbb.sk\/wp-content\/uploads\/2015\/05\/Zml-_25_9_12Tcom2.pdf\">Zml _25_9_12Tcom2<\/a><\/p>\n<p><a href=\"https:\/\/www.zusjcbb.sk\/wp-content\/uploads\/2015\/05\/Zml-_25_9_12Tcom3.pdf\">Zml _25_9_12Tcom3<\/a><\/p>\n<p><a href=\"https:\/\/www.zusjcbb.sk\/wp-content\/uploads\/2015\/05\/Zml_8_11_12Elis.pdf\">Zml_8_11_12Elis<\/a><\/p>\n<p><a href=\"https:\/\/www.zusjcbb.sk\/wp-content\/uploads\/2015\/05\/Zml-_19_11_12RZ_7.pdf\">Zml _19_11_12RZ_7<\/a><\/p>\n<p><a href=\"https:\/\/www.zusjcbb.sk\/wp-content\/uploads\/2015\/05\/Zml-_30_11_12VK_MK.pdf\">Zml _30_11_12VK_MK<\/a><\/p>\n<p><a href=\"https:\/\/www.zusjcbb.sk\/wp-content\/uploads\/2015\/05\/Zml-_27_12_12E_AWK.pdf\">Zml _27_12_12E_AWK<\/a><\/p>\n<p><a href=\"https:\/\/www.zusjcbb.sk\/wp-content\/uploads\/2015\/05\/Zml-_19_6_12RZ_6.pdf\">Zml _19_6_12RZ_6<\/a><\/p>\n<p><a href=\"https:\/\/www.zusjcbb.sk\/wp-content\/uploads\/2015\/05\/Zml-_31_12_12Pyroboss.pdf\">Zml _31_12_12Pyroboss<\/a><\/p>\n<p><a href=\"https:\/\/www.zusjcbb.sk\/wp-content\/uploads\/2015\/05\/ZML_zoznam_2012.pdf\">ZML_zoznam_2012<\/a><\/p>\n","protected":false},"excerpt":{"rendered":"<p>Zml _2_5_12R5 Zml _3_1_12Hron Zml _3_4_12Bakos Zml _10_5_12NadJC Zml _19_3_12\u0160O Zml _22_3_12R3 Zml _23_5_12\u0160O2 Zml _27_2_12R2 Zml _28_3_12M\u00faz Zml _31_1_12R1 Zml _15_4_12R4 Zml _29_2_12KSU Zml _21_6_12PONS Zml _12_7_12VA\u0160A Zml _20_7_12El1 Zml _20_7_12El2 Zml _20_7_12El3 Zml _12_7_12El1D Zml_3_9_12Zach Zml _3_9_12Hron Zml_20_11_12_AkU Zml_5_11_12UMB Zml _18_12Amic Zml _19_12Amic Zml _20_12Amic Zml _11_10_12Hauerl Zml _25_9_12Tcom1 Zml _25_9_12Tcom2 Zml _25_9_12Tcom3&hellip;&nbsp;<a href=\"https:\/\/www.zusjcbb.sk\/?page_id=1896\" class=\"\" rel=\"bookmark\">\u010c\u00edta\u0165 viac &raquo;<span class=\"screen-reader-text\">2012 Zmluvy<\/span><\/a><\/p>\n","protected":false},"author":3,"featured_media":0,"parent":37,"menu_order":0,"comment_status":"closed","ping_status":"open","template":"","meta":{"neve_meta_sidebar":"","neve_meta_container":"","neve_meta_enable_content_width":"","neve_meta_content_width":0,"neve_meta_title_alignment":"","neve_meta_author_avatar":"","neve_post_elements_order":"","neve_meta_disable_header":"","neve_meta_disable_footer":"","neve_meta_disable_title":""},"_links":{"self":[{"href":"https:\/\/www.zusjcbb.sk\/index.php?rest_route=\/wp\/v2\/pages\/1896"}],"collection":[{"href":"https:\/\/www.zusjcbb.sk\/index.php?rest_route=\/wp\/v2\/pages"}],"about":[{"href":"https:\/\/www.zusjcbb.sk\/index.php?rest_route=\/wp\/v2\/types\/page"}],"author":[{"embeddable":true,"href":"https:\/\/www.zusjcbb.sk\/index.php?rest_route=\/wp\/v2\/users\/3"}],"replies":[{"embeddable":true,"href":"https:\/\/www.zusjcbb.sk\/index.php?rest_route=%2Fwp%2Fv2%2Fcomments&post=1896"}],"version-history":[{"count":3,"href":"https:\/\/www.zusjcbb.sk\/index.php?rest_route=\/wp\/v2\/pages\/1896\/revisions"}],"predecessor-version":[{"id":1935,"href":"https:\/\/www.zusjcbb.sk\/index.php?rest_route=\/wp\/v2\/pages\/1896\/revisions\/1935"}],"up":[{"embeddable":true,"href":"https:\/\/www.zusjcbb.sk\/index.php?rest_route=\/wp\/v2\/pages\/37"}],"wp:attachment":[{"href":"https:\/\/www.zusjcbb.sk\/index.php?rest_route=%2Fwp%2Fv2%2Fmedia&parent=1896"}],"curies":[{"name":"wp","href":"https:\/\/api.w.org\/{rel}","templated":true}]}}