{"id":2582,"date":"2016-02-04T16:40:39","date_gmt":"2016-02-04T14:40:39","guid":{"rendered":"http:\/\/www.zusjcbb.sk\/?page_id=2582"},"modified":"2017-01-30T12:14:06","modified_gmt":"2017-01-30T10:14:06","slug":"2016-faktury","status":"publish","type":"page","link":"https:\/\/www.zusjcbb.sk\/?page_id=2582","title":{"rendered":"2016 Fakt\u00fary"},"content":{"rendered":"<p>&nbsp;<\/p>\n<p><span style=\"color: #000080;\"><a style=\"color: #000080;\" href=\"https:\/\/www.zusjcbb.sk\/wp-content\/uploads\/2016\/02\/Fakt\u00fary_1_2016.pdf\" rel=\"\">Fakt\u00fary_1_2016<\/a><\/span><\/p>\n<p><span style=\"color: #000080;\"><a style=\"color: #000080;\" href=\"https:\/\/www.zusjcbb.sk\/wp-content\/uploads\/2016\/02\/Fakt\u00fary_2_2016.pdf\" rel=\"\">Fakt\u00fary_2_2016<\/a> <\/span><\/p>\n<p><span style=\"color: #000080;\"><a style=\"color: #000080;\" href=\"https:\/\/www.zusjcbb.sk\/wp-content\/uploads\/2016\/02\/Fakt\u00fary_3_2016.pdf\" rel=\"\">Fakt\u00fary_3_2016<\/a> <\/span><\/p>\n<p><span style=\"color: #000080;\"><a style=\"color: #000080;\" href=\"https:\/\/www.zusjcbb.sk\/wp-content\/uploads\/2016\/02\/Fakt\u00fary_4_2016.pdf\" rel=\"\">Fakt\u00fary_4_<\/a>2016<\/span><\/p>\n<p><span style=\"color: #000080;\"><a style=\"color: #000080;\" href=\"https:\/\/www.zusjcbb.sk\/wp-content\/uploads\/2016\/02\/Fakt\u00fary_5_2016.pdf\" rel=\"\">Fakt\u00fary_5_2016<\/a><\/span><\/p>\n<p><span style=\"color: #000080;\"><a style=\"color: #000080;\" href=\"https:\/\/www.zusjcbb.sk\/wp-content\/uploads\/2016\/02\/Fakt\u00fary_6_2016.pdf\" rel=\"\">Fakt\u00fary_6_2016<\/a><\/span><\/p>\n<p><span style=\"color: #000080;\"><a style=\"color: #000080;\" href=\"https:\/\/www.zusjcbb.sk\/wp-content\/uploads\/2016\/02\/Fakt\u00fary_7_2016.pdf\" rel=\"\">Fakt\u00fary_7_2016<\/a><\/span><\/p>\n<p><span style=\"color: #000080;\"><a style=\"color: #000080;\" href=\"https:\/\/www.zusjcbb.sk\/wp-content\/uploads\/2016\/02\/Fakt\u00fary_8_2016.pdf\" rel=\"\">Fakt\u00fary_8_2016<\/a><\/span><\/p>\n<p><span style=\"color: #000080;\"><a style=\"color: #000080;\" href=\"https:\/\/www.zusjcbb.sk\/wp-content\/uploads\/2016\/02\/Fakt\u00fary_9_2016.pdf\" rel=\"\">Fakt\u00fary_9_2016<\/a><\/span><\/p>\n<p><span style=\"color: #000080;\"><a style=\"color: #000080;\" href=\"https:\/\/www.zusjcbb.sk\/wp-content\/uploads\/2016\/02\/Fakt\u00fary_10_2016.pdf\" rel=\"\">Fakt\u00fary_10_2016<\/a><\/span><\/p>\n<p><span style=\"color: #000080;\"><a style=\"color: #000080;\" href=\"https:\/\/www.zusjcbb.sk\/wp-content\/uploads\/2016\/02\/Fakt\u00fary_11_2016.pdf\" rel=\"\">Fakt\u00fary_11_2016<\/a><\/span><\/p>\n<p><span style=\"color: #000080;\"><a style=\"color: #000080;\" href=\"https:\/\/www.zusjcbb.sk\/wp-content\/uploads\/2016\/02\/Fakt\u00fary_12_2016.pdf\" rel=\"\">Fakt\u00fary_12_2016<\/a><\/span><\/p>\n","protected":false},"excerpt":{"rendered":"<p>&nbsp; Fakt\u00fary_1_2016 Fakt\u00fary_2_2016 Fakt\u00fary_3_2016 Fakt\u00fary_4_2016 Fakt\u00fary_5_2016 Fakt\u00fary_6_2016 Fakt\u00fary_7_2016 Fakt\u00fary_8_2016 Fakt\u00fary_9_2016 Fakt\u00fary_10_2016 Fakt\u00fary_11_2016 Fakt\u00fary_12_2016<\/p>\n","protected":false},"author":3,"featured_media":0,"parent":37,"menu_order":0,"comment_status":"closed","ping_status":"closed","template":"","meta":{"neve_meta_sidebar":"","neve_meta_container":"","neve_meta_enable_content_width":"","neve_meta_content_width":0,"neve_meta_title_alignment":"","neve_meta_author_avatar":"","neve_post_elements_order":"","neve_meta_disable_header":"","neve_meta_disable_footer":"","neve_meta_disable_title":""},"_links":{"self":[{"href":"https:\/\/www.zusjcbb.sk\/index.php?rest_route=\/wp\/v2\/pages\/2582"}],"collection":[{"href":"https:\/\/www.zusjcbb.sk\/index.php?rest_route=\/wp\/v2\/pages"}],"about":[{"href":"https:\/\/www.zusjcbb.sk\/index.php?rest_route=\/wp\/v2\/types\/page"}],"author":[{"embeddable":true,"href":"https:\/\/www.zusjcbb.sk\/index.php?rest_route=\/wp\/v2\/users\/3"}],"replies":[{"embeddable":true,"href":"https:\/\/www.zusjcbb.sk\/index.php?rest_route=%2Fwp%2Fv2%2Fcomments&post=2582"}],"version-history":[{"count":8,"href":"https:\/\/www.zusjcbb.sk\/index.php?rest_route=\/wp\/v2\/pages\/2582\/revisions"}],"predecessor-version":[{"id":3658,"href":"https:\/\/www.zusjcbb.sk\/index.php?rest_route=\/wp\/v2\/pages\/2582\/revisions\/3658"}],"up":[{"embeddable":true,"href":"https:\/\/www.zusjcbb.sk\/index.php?rest_route=\/wp\/v2\/pages\/37"}],"wp:attachment":[{"href":"https:\/\/www.zusjcbb.sk\/index.php?rest_route=%2Fwp%2Fv2%2Fmedia&parent=2582"}],"curies":[{"name":"wp","href":"https:\/\/api.w.org\/{rel}","templated":true}]}}