{"id":307,"date":"2011-09-26T11:24:44","date_gmt":"2011-09-26T11:24:44","guid":{"rendered":"http:\/\/www.zusjcbb.php5.sk\/?page_id=307"},"modified":"2011-09-26T11:24:44","modified_gmt":"2011-09-26T11:24:44","slug":"divadlo-zus-jana-cikkera","status":"publish","type":"page","link":"https:\/\/www.zusjcbb.sk\/?page_id=307","title":{"rendered":"Divadlo ZU\u0160 J\u00e1na Cikkera"},"content":{"rendered":"<p>Divadlo ZU\u0160 J.Cikkera \u2013 sl\u00fa\u017ei na reprezent\u00e1ciu ZU\u0160. Zalo\u017eil ho Boris Kov\u00e1\u010d v r.2008. Pod touto zna\u010dkou sa prezentuj\u00fa divadeln\u00e9 inscen\u00e1cie, ktor\u00e9 s\u00fa nask\u00fa\u0161an\u00e9 na LDO ZU\u0160 J.Cikkera.V inscen\u00e1ci\u00e1ch si \u017eiaci LDO sk\u00fa\u0161aj\u00fa v praxi pou\u017e\u00edva\u0165 \u010do sa nau\u010dia po\u010das vyu\u010dovacieho procesu. Inscen\u00e1cie pripravili \u017eiaci pod veden\u00edm pedag\u00f3gov LDO. V\u00e4\u010d\u0161ina inscen\u00e1ci\u00ed je vekovo diferencovan\u00e1. <\/p>\n<p>Reperto\u00e1r Divadla ZU\u0160 J.Cikkera inscen\u00e1cie :<\/p>\n<p>Mal\u00e1 morsk\u00e1 v\u00edla,<br \/>\nTrieda,<br \/>\nBertold, alebo, ako si z \u013eudov\u00fdch rozpr\u00e1vok pou\u010denie vzia\u0165,<br \/>\nLekcia,<br \/>\nOf\u00e9lia je offline,<br \/>\nStabilo, nie\u010do na zahriatie,<br \/>\nCassanova &#8211; divadeln\u00fd komix<\/p>\n<p>Ocenen\u00e9 inscen\u00e1cie :<\/p>\n","protected":false},"excerpt":{"rendered":"<p>Divadlo ZU\u0160 J.Cikkera \u2013 sl\u00fa\u017ei na reprezent\u00e1ciu ZU\u0160. Zalo\u017eil ho Boris Kov\u00e1\u010d v r.2008. Pod touto zna\u010dkou sa prezentuj\u00fa divadeln\u00e9 inscen\u00e1cie, ktor\u00e9 s\u00fa nask\u00fa\u0161an\u00e9 na LDO ZU\u0160 J.Cikkera.V inscen\u00e1ci\u00e1ch si \u017eiaci LDO sk\u00fa\u0161aj\u00fa v praxi pou\u017e\u00edva\u0165 \u010do sa nau\u010dia po\u010das vyu\u010dovacieho procesu. Inscen\u00e1cie pripravili \u017eiaci pod veden\u00edm pedag\u00f3gov LDO. V\u00e4\u010d\u0161ina inscen\u00e1ci\u00ed je vekovo diferencovan\u00e1. Reperto\u00e1r&hellip;&nbsp;<a href=\"https:\/\/www.zusjcbb.sk\/?page_id=307\" class=\"\" rel=\"bookmark\">\u010c\u00edta\u0165 viac &raquo;<span class=\"screen-reader-text\">Divadlo ZU\u0160 J\u00e1na Cikkera<\/span><\/a><\/p>\n","protected":false},"author":2,"featured_media":0,"parent":83,"menu_order":0,"comment_status":"closed","ping_status":"closed","template":"","meta":{"neve_meta_sidebar":"","neve_meta_container":"","neve_meta_enable_content_width":"","neve_meta_content_width":0,"neve_meta_title_alignment":"","neve_meta_author_avatar":"","neve_post_elements_order":"","neve_meta_disable_header":"","neve_meta_disable_footer":"","neve_meta_disable_title":""},"_links":{"self":[{"href":"https:\/\/www.zusjcbb.sk\/index.php?rest_route=\/wp\/v2\/pages\/307"}],"collection":[{"href":"https:\/\/www.zusjcbb.sk\/index.php?rest_route=\/wp\/v2\/pages"}],"about":[{"href":"https:\/\/www.zusjcbb.sk\/index.php?rest_route=\/wp\/v2\/types\/page"}],"author":[{"embeddable":true,"href":"https:\/\/www.zusjcbb.sk\/index.php?rest_route=\/wp\/v2\/users\/2"}],"replies":[{"embeddable":true,"href":"https:\/\/www.zusjcbb.sk\/index.php?rest_route=%2Fwp%2Fv2%2Fcomments&post=307"}],"version-history":[{"count":0,"href":"https:\/\/www.zusjcbb.sk\/index.php?rest_route=\/wp\/v2\/pages\/307\/revisions"}],"up":[{"embeddable":true,"href":"https:\/\/www.zusjcbb.sk\/index.php?rest_route=\/wp\/v2\/pages\/83"}],"wp:attachment":[{"href":"https:\/\/www.zusjcbb.sk\/index.php?rest_route=%2Fwp%2Fv2%2Fmedia&parent=307"}],"curies":[{"name":"wp","href":"https:\/\/api.w.org\/{rel}","templated":true}]}}