{"id":379,"date":"2011-10-19T11:31:33","date_gmt":"2011-10-19T11:31:33","guid":{"rendered":"http:\/\/www.zusjcbb.php5.sk\/?page_id=379"},"modified":"2019-11-15T10:20:10","modified_gmt":"2019-11-15T08:20:10","slug":"odhlasenie-ziaka-zo-studia-v-zus-jana-cikkera","status":"publish","type":"page","link":"https:\/\/www.zusjcbb.sk\/?page_id=379","title":{"rendered":"Odhl\u00e1senie \u017eiaka zo \u0161t\u00fadia v ZU\u0160 J\u00e1na Cikkera"},"content":{"rendered":"<p>\u017diak m\u00f4\u017ee pred\u010dasne ukon\u010di\u0165 \u0161t\u00fadium v\u00a0ZU\u0160 J\u00e1na Cikkera a\u00a0to\u00a0 P\u00cdSOMNOU\u00a0 FORMOU, \u017eiados\u0165ou o\u00a0ukon\u010denie \u0161t\u00fadia riadite\u013eovi \u0161koly, k\u00a02. polroku \u0161kolsk\u00e9ho roka, alebo na konci \u0161kolsk\u00e9ho roka.<\/p>\n<p style=\"font-weight: 400;\">Riadite\u013e z\u00e1kladnej umeleckej \u0161koly m\u00f4\u017ee rozhodn\u00fa\u0165 o pred\u010dasnom ukon\u010den\u00ed \u0161t\u00fadia pod\u013ea\u00a0\u00a7 7 Vyhl\u00e1\u0161ky Ministerstva \u0161kolstva SR \u010d. 324\/2008 Z.z.:<\/p>\n<p style=\"font-weight: 400;\">Ak \u017eiak alebo z\u00e1konn\u00fd z\u00e1stupca \u017eiaka p\u00edsomne po\u017eiada o pred\u010dasn\u00e9 ukon\u010denie \u0161t\u00fadia, riadite\u013e \u0161koly m\u00f4\u017ee \u0161t\u00fadium pred\u010dasne ukon\u010di\u0165 posledn\u00fdm d\u0148om mesiaca nasleduj\u00facom po mesiaci, v ktorom bola predlo\u017een\u00e1 \u017eiados\u0165 o pred\u010dasn\u00e9 ukon\u010denie \u0161t\u00fadia.<\/p>\n<p style=\"font-weight: 400;\">Riadite\u013e z\u00e1kladnej umeleckej \u0161koly m\u00f4\u017ee \u010falej rozhodn\u00fa\u0165 o pred\u010dasnom ukon\u010den\u00ed \u0161t\u00fadia pod\u013ea \u00a7 50 ods. 2 z\u00e1kona 48\/2008 (\u0160kolsk\u00fd z\u00e1kon) ak:<\/p>\n<ol>\n<li style=\"font-weight: 400;\">a) \u017eiak s\u00fastavne alebo z\u00e1va\u017en\u00fdm sp\u00f4sobom poru\u0161uje \u0161kolsk\u00fd poriadok,<\/li>\n<li style=\"font-weight: 400;\">b) \u017eiak alebo z\u00e1konn\u00fd z\u00e1stupca \u017eiaka neuhr\u00e1dza \u010diasto\u010dn\u00fa \u00fahradu n\u00e1kladov pod\u013ea \u00a7 49 ods. 4 z\u00e1kona 248\/2008 (\u0160kolsk\u00fd z\u00e1kon).<\/li>\n<\/ol>\n","protected":false},"excerpt":{"rendered":"<p>\u017diak m\u00f4\u017ee pred\u010dasne ukon\u010di\u0165 \u0161t\u00fadium v\u00a0ZU\u0160 J\u00e1na Cikkera a\u00a0to\u00a0 P\u00cdSOMNOU\u00a0 FORMOU, \u017eiados\u0165ou o\u00a0ukon\u010denie \u0161t\u00fadia riadite\u013eovi \u0161koly, k\u00a02. polroku \u0161kolsk\u00e9ho roka, alebo na konci \u0161kolsk\u00e9ho roka. Riadite\u013e z\u00e1kladnej umeleckej \u0161koly m\u00f4\u017ee rozhodn\u00fa\u0165 o pred\u010dasnom ukon\u010den\u00ed \u0161t\u00fadia pod\u013ea\u00a0\u00a7 7 Vyhl\u00e1\u0161ky Ministerstva \u0161kolstva SR \u010d. 324\/2008 Z.z.: Ak \u017eiak alebo z\u00e1konn\u00fd z\u00e1stupca \u017eiaka p\u00edsomne po\u017eiada o pred\u010dasn\u00e9 ukon\u010denie&hellip;&nbsp;<a href=\"https:\/\/www.zusjcbb.sk\/?page_id=379\" class=\"\" rel=\"bookmark\">\u010c\u00edta\u0165 viac &raquo;<span class=\"screen-reader-text\">Odhl\u00e1senie \u017eiaka zo \u0161t\u00fadia v ZU\u0160 J\u00e1na Cikkera<\/span><\/a><\/p>\n","protected":false},"author":2,"featured_media":0,"parent":35,"menu_order":0,"comment_status":"closed","ping_status":"closed","template":"","meta":{"neve_meta_sidebar":"","neve_meta_container":"","neve_meta_enable_content_width":"","neve_meta_content_width":0,"neve_meta_title_alignment":"","neve_meta_author_avatar":"","neve_post_elements_order":"","neve_meta_disable_header":"","neve_meta_disable_footer":"","neve_meta_disable_title":""},"_links":{"self":[{"href":"https:\/\/www.zusjcbb.sk\/index.php?rest_route=\/wp\/v2\/pages\/379"}],"collection":[{"href":"https:\/\/www.zusjcbb.sk\/index.php?rest_route=\/wp\/v2\/pages"}],"about":[{"href":"https:\/\/www.zusjcbb.sk\/index.php?rest_route=\/wp\/v2\/types\/page"}],"author":[{"embeddable":true,"href":"https:\/\/www.zusjcbb.sk\/index.php?rest_route=\/wp\/v2\/users\/2"}],"replies":[{"embeddable":true,"href":"https:\/\/www.zusjcbb.sk\/index.php?rest_route=%2Fwp%2Fv2%2Fcomments&post=379"}],"version-history":[{"count":3,"href":"https:\/\/www.zusjcbb.sk\/index.php?rest_route=\/wp\/v2\/pages\/379\/revisions"}],"predecessor-version":[{"id":6384,"href":"https:\/\/www.zusjcbb.sk\/index.php?rest_route=\/wp\/v2\/pages\/379\/revisions\/6384"}],"up":[{"embeddable":true,"href":"https:\/\/www.zusjcbb.sk\/index.php?rest_route=\/wp\/v2\/pages\/35"}],"wp:attachment":[{"href":"https:\/\/www.zusjcbb.sk\/index.php?rest_route=%2Fwp%2Fv2%2Fmedia&parent=379"}],"curies":[{"name":"wp","href":"https:\/\/api.w.org\/{rel}","templated":true}]}}