{"id":5798,"date":"2019-05-02T10:00:54","date_gmt":"2019-05-02T08:00:54","guid":{"rendered":"http:\/\/www.zusjcbb.sk\/?page_id=5798"},"modified":"2023-05-15T10:06:41","modified_gmt":"2023-05-15T08:06:41","slug":"galeria-malovana-zus-ka-2019","status":"publish","type":"page","link":"https:\/\/www.zusjcbb.sk\/?page_id=5798","title":{"rendered":"Gal\u00e9ria Ma\u013eovan\u00e1 ZU\u0160-ka 2019"},"content":{"rendered":"\n<p class=\"has-vivid-cyan-blue-color has-text-color\"><a href=\"https:\/\/www.zusjcbb.sk\/?page_id=5814\">odkaz na Zlat\u00e9 p\u00e1smo 1. a 2. kateg\u00f3ria<\/a><\/p>\n\n\n\n<p class=\"has-vivid-cyan-blue-color has-text-color\"><a href=\"https:\/\/www.zusjcbb.sk\/?page_id=5818\">odkaz na Zlat\u00e9 p\u00e1smo 3. a 4. kateg\u00f3ria<\/a><\/p>\n\n\n\n<h3 class=\"has-text-align-center\"><strong>Hlavn\u00e1 cena<\/strong><\/h3>\n\n\n\n<figure class=\"wp-block-image\"><a href=\"https:\/\/www.zusjcbb.sk\/wp-content\/uploads\/2019\/05\/Martinko-P-Pri-potoku-l\u00faka-hlavn\u00e1-cena.jpg\"><img loading=\"lazy\" width=\"758\" height=\"1024\" src=\"https:\/\/www.zusjcbb.sk\/wp-content\/uploads\/2019\/05\/Martinko-P-Pri-potoku-l\u00faka-hlavn\u00e1-cena-758x1024.jpg\" alt=\"\" class=\"wp-image-5845\" srcset=\"https:\/\/www.zusjcbb.sk\/wp-content\/uploads\/2019\/05\/Martinko-P-Pri-potoku-l\u00faka-hlavn\u00e1-cena-758x1024.jpg 758w, https:\/\/www.zusjcbb.sk\/wp-content\/uploads\/2019\/05\/Martinko-P-Pri-potoku-l\u00faka-hlavn\u00e1-cena-222x300.jpg 222w, https:\/\/www.zusjcbb.sk\/wp-content\/uploads\/2019\/05\/Martinko-P-Pri-potoku-l\u00faka-hlavn\u00e1-cena-768x1038.jpg 768w, https:\/\/www.zusjcbb.sk\/wp-content\/uploads\/2019\/05\/Martinko-P-Pri-potoku-l\u00faka-hlavn\u00e1-cena.jpg 1920w\" sizes=\"(max-width: 758px) 100vw, 758px\" \/><\/a><figcaption>Martinko P, Pri potoku l\u00faka<\/figcaption><\/figure>\n\n\n\n<h3 class=\"has-text-align-center\"><strong>Cena predsedu poroty<\/strong><\/h3>\n\n\n\n<figure class=\"wp-block-image\"><a href=\"https:\/\/www.zusjcbb.sk\/wp-content\/uploads\/2019\/05\/Vanesa-G-Pejko-U-n\u00e1s-doma-cena-predsedu-poroty.jpg\"><img loading=\"lazy\" width=\"1024\" height=\"775\" src=\"https:\/\/www.zusjcbb.sk\/wp-content\/uploads\/2019\/05\/Vanesa-G-Pejko-U-n\u00e1s-doma-cena-predsedu-poroty-1024x775.jpg\" alt=\"\" class=\"wp-image-5847\" srcset=\"https:\/\/www.zusjcbb.sk\/wp-content\/uploads\/2019\/05\/Vanesa-G-Pejko-U-n\u00e1s-doma-cena-predsedu-poroty-1024x775.jpg 1024w, https:\/\/www.zusjcbb.sk\/wp-content\/uploads\/2019\/05\/Vanesa-G-Pejko-U-n\u00e1s-doma-cena-predsedu-poroty-300x227.jpg 300w, https:\/\/www.zusjcbb.sk\/wp-content\/uploads\/2019\/05\/Vanesa-G-Pejko-U-n\u00e1s-doma-cena-predsedu-poroty-768x581.jpg 768w, https:\/\/www.zusjcbb.sk\/wp-content\/uploads\/2019\/05\/Vanesa-G-Pejko-U-n\u00e1s-doma-cena-predsedu-poroty.jpg 1920w\" sizes=\"(max-width: 1024px) 100vw, 1024px\" \/><\/a><figcaption>Vanesa G, Pejko (U n\u00e1s doma)<\/figcaption><\/figure>\n\n\n\n<h3 class=\"has-text-align-center\"><strong>Zvl\u00e1\u0161tna cena<\/strong><\/h3>\n\n\n\n<figure class=\"wp-block-gallery has-nested-images columns-default is-cropped\">\n<figure class=\"wp-block-image size-large\"><a href=\"https:\/\/www.zusjcbb.sk\/wp-content\/uploads\/2019\/05\/Liliana-\u0160-Dom\u010dek-na-strome-zvl\u00e1\u0161tna-cena-756x1024.jpg\"><img loading=\"lazy\" width=\"756\" height=\"1024\" data-id=\"5849\"  src=\"https:\/\/www.zusjcbb.sk\/wp-content\/uploads\/2019\/05\/Liliana-\u0160-Dom\u010dek-na-strome-zvl\u00e1\u0161tna-cena-756x1024.jpg\" alt=\"\" class=\"wp-image-5849\" srcset=\"https:\/\/www.zusjcbb.sk\/wp-content\/uploads\/2019\/05\/Liliana-\u0160-Dom\u010dek-na-strome-zvl\u00e1\u0161tna-cena-756x1024.jpg 756w, https:\/\/www.zusjcbb.sk\/wp-content\/uploads\/2019\/05\/Liliana-\u0160-Dom\u010dek-na-strome-zvl\u00e1\u0161tna-cena-221x300.jpg 221w, https:\/\/www.zusjcbb.sk\/wp-content\/uploads\/2019\/05\/Liliana-\u0160-Dom\u010dek-na-strome-zvl\u00e1\u0161tna-cena-768x1041.jpg 768w, https:\/\/www.zusjcbb.sk\/wp-content\/uploads\/2019\/05\/Liliana-\u0160-Dom\u010dek-na-strome-zvl\u00e1\u0161tna-cena.jpg 1920w\" sizes=\"(max-width: 756px) 100vw, 756px\" \/><\/a><figcaption>Liliana \u0160, Dom\u010dek na strome<\/figcaption><\/figure>\n\n\n\n<figure class=\"wp-block-image size-large\"><a href=\"https:\/\/www.zusjcbb.sk\/wp-content\/uploads\/2019\/05\/Nat\u00e1lia-S-Dom\u010dek-na-strome-zvl\u00e1\u0161tna-cena-775x1024.jpg\"><img loading=\"lazy\" width=\"775\" height=\"1024\" data-id=\"5850\"  src=\"https:\/\/www.zusjcbb.sk\/wp-content\/uploads\/2019\/05\/Nat\u00e1lia-S-Dom\u010dek-na-strome-zvl\u00e1\u0161tna-cena-775x1024.jpg\" alt=\"\" class=\"wp-image-5850\" srcset=\"https:\/\/www.zusjcbb.sk\/wp-content\/uploads\/2019\/05\/Nat\u00e1lia-S-Dom\u010dek-na-strome-zvl\u00e1\u0161tna-cena-775x1024.jpg 775w, https:\/\/www.zusjcbb.sk\/wp-content\/uploads\/2019\/05\/Nat\u00e1lia-S-Dom\u010dek-na-strome-zvl\u00e1\u0161tna-cena-227x300.jpg 227w, https:\/\/www.zusjcbb.sk\/wp-content\/uploads\/2019\/05\/Nat\u00e1lia-S-Dom\u010dek-na-strome-zvl\u00e1\u0161tna-cena-768x1015.jpg 768w, https:\/\/www.zusjcbb.sk\/wp-content\/uploads\/2019\/05\/Nat\u00e1lia-S-Dom\u010dek-na-strome-zvl\u00e1\u0161tna-cena.jpg 1920w\" sizes=\"(max-width: 775px) 100vw, 775px\" \/><\/a><figcaption>Nat\u00e1lia S, Dom\u010dek na strome<\/figcaption><\/figure>\n\n\n\n<figure class=\"wp-block-image size-large\"><a href=\"https:\/\/www.zusjcbb.sk\/wp-content\/uploads\/2019\/05\/Patrik-\u0160-Dom\u010dek-na-strome-zvl\u00e1\u0161tna-cena-751x1024.jpg\"><img loading=\"lazy\" width=\"751\" height=\"1024\" data-id=\"5851\"  src=\"https:\/\/www.zusjcbb.sk\/wp-content\/uploads\/2019\/05\/Patrik-\u0160-Dom\u010dek-na-strome-zvl\u00e1\u0161tna-cena-751x1024.jpg\" alt=\"\" class=\"wp-image-5851\" srcset=\"https:\/\/www.zusjcbb.sk\/wp-content\/uploads\/2019\/05\/Patrik-\u0160-Dom\u010dek-na-strome-zvl\u00e1\u0161tna-cena-751x1024.jpg 751w, https:\/\/www.zusjcbb.sk\/wp-content\/uploads\/2019\/05\/Patrik-\u0160-Dom\u010dek-na-strome-zvl\u00e1\u0161tna-cena-220x300.jpg 220w, https:\/\/www.zusjcbb.sk\/wp-content\/uploads\/2019\/05\/Patrik-\u0160-Dom\u010dek-na-strome-zvl\u00e1\u0161tna-cena-768x1047.jpg 768w, https:\/\/www.zusjcbb.sk\/wp-content\/uploads\/2019\/05\/Patrik-\u0160-Dom\u010dek-na-strome-zvl\u00e1\u0161tna-cena.jpg 1920w\" sizes=\"(max-width: 751px) 100vw, 751px\" \/><\/a><figcaption>Patrik \u0160, Dom\u010dek na strome<\/figcaption><\/figure>\n<\/figure>\n\n\n\n<h3 class=\"has-text-align-center\"><strong>Ceny EX AEQUE<\/strong><\/h3>\n\n\n\n<figure class=\"wp-block-image\"><a href=\"https:\/\/www.zusjcbb.sk\/wp-content\/uploads\/2019\/05\/Alexandra-J-12-rokov-Parafr\u00e1za-mojej-krajiny-Ex-Aeque-MZ-2019.jpg\"><img loading=\"lazy\" width=\"1024\" height=\"710\" src=\"https:\/\/www.zusjcbb.sk\/wp-content\/uploads\/2019\/05\/Alexandra-J-12-rokov-Parafr\u00e1za-mojej-krajiny-Ex-Aeque-MZ-2019-1024x710.jpg\" alt=\"\" class=\"wp-image-5853\" srcset=\"https:\/\/www.zusjcbb.sk\/wp-content\/uploads\/2019\/05\/Alexandra-J-12-rokov-Parafr\u00e1za-mojej-krajiny-Ex-Aeque-MZ-2019-1024x710.jpg 1024w, https:\/\/www.zusjcbb.sk\/wp-content\/uploads\/2019\/05\/Alexandra-J-12-rokov-Parafr\u00e1za-mojej-krajiny-Ex-Aeque-MZ-2019-300x208.jpg 300w, https:\/\/www.zusjcbb.sk\/wp-content\/uploads\/2019\/05\/Alexandra-J-12-rokov-Parafr\u00e1za-mojej-krajiny-Ex-Aeque-MZ-2019-768x533.jpg 768w, https:\/\/www.zusjcbb.sk\/wp-content\/uploads\/2019\/05\/Alexandra-J-12-rokov-Parafr\u00e1za-mojej-krajiny-Ex-Aeque-MZ-2019-205x143.jpg 205w, https:\/\/www.zusjcbb.sk\/wp-content\/uploads\/2019\/05\/Alexandra-J-12-rokov-Parafr\u00e1za-mojej-krajiny-Ex-Aeque-MZ-2019.jpg 1920w\" sizes=\"(max-width: 1024px) 100vw, 1024px\" \/><\/a><figcaption>Alexandra J, 12 rokov, Parafr\u00e1za mojej krajiny<\/figcaption><\/figure>\n\n\n\n<figure class=\"wp-block-image\"><a href=\"https:\/\/www.zusjcbb.sk\/wp-content\/uploads\/2019\/05\/Alexia-P-13-rokov-Ex-Aeque-MZ-2019.jpg\"><img loading=\"lazy\" width=\"692\" height=\"1024\" src=\"https:\/\/www.zusjcbb.sk\/wp-content\/uploads\/2019\/05\/Alexia-P-13-rokov-Ex-Aeque-MZ-2019-692x1024.jpg\" alt=\"\" class=\"wp-image-5854\" srcset=\"https:\/\/www.zusjcbb.sk\/wp-content\/uploads\/2019\/05\/Alexia-P-13-rokov-Ex-Aeque-MZ-2019-692x1024.jpg 692w, https:\/\/www.zusjcbb.sk\/wp-content\/uploads\/2019\/05\/Alexia-P-13-rokov-Ex-Aeque-MZ-2019-203x300.jpg 203w, https:\/\/www.zusjcbb.sk\/wp-content\/uploads\/2019\/05\/Alexia-P-13-rokov-Ex-Aeque-MZ-2019-768x1136.jpg 768w, https:\/\/www.zusjcbb.sk\/wp-content\/uploads\/2019\/05\/Alexia-P-13-rokov-Ex-Aeque-MZ-2019.jpg 1920w\" sizes=\"(max-width: 692px) 100vw, 692px\" \/><\/a><figcaption>Alexia P, 13 rokov<\/figcaption><\/figure>\n\n\n\n<figure class=\"wp-block-image\"><a href=\"https:\/\/www.zusjcbb.sk\/wp-content\/uploads\/2019\/05\/Aliisa-H-9-rokov-\u013dadov\u00fd-medve\u010f-Ex-Aeque-MZ-2019.jpg\"><img loading=\"lazy\" width=\"1024\" height=\"818\" src=\"https:\/\/www.zusjcbb.sk\/wp-content\/uploads\/2019\/05\/Aliisa-H-9-rokov-\u013dadov\u00fd-medve\u010f-Ex-Aeque-MZ-2019-1024x818.jpg\" alt=\"\" class=\"wp-image-5855\" srcset=\"https:\/\/www.zusjcbb.sk\/wp-content\/uploads\/2019\/05\/Aliisa-H-9-rokov-\u013dadov\u00fd-medve\u010f-Ex-Aeque-MZ-2019-1024x818.jpg 1024w, https:\/\/www.zusjcbb.sk\/wp-content\/uploads\/2019\/05\/Aliisa-H-9-rokov-\u013dadov\u00fd-medve\u010f-Ex-Aeque-MZ-2019-300x240.jpg 300w, https:\/\/www.zusjcbb.sk\/wp-content\/uploads\/2019\/05\/Aliisa-H-9-rokov-\u013dadov\u00fd-medve\u010f-Ex-Aeque-MZ-2019-768x614.jpg 768w, https:\/\/www.zusjcbb.sk\/wp-content\/uploads\/2019\/05\/Aliisa-H-9-rokov-\u013dadov\u00fd-medve\u010f-Ex-Aeque-MZ-2019.jpg 1920w\" sizes=\"(max-width: 1024px) 100vw, 1024px\" \/><\/a><figcaption>Aliisa H, 9 rokov, \u013dadov\u00fd medve\u010f<\/figcaption><\/figure>\n\n\n\n<figure class=\"wp-block-image\"><a href=\"https:\/\/www.zusjcbb.sk\/wp-content\/uploads\/2019\/05\/Bogl\u00e1rka-S-13-rokov-Vt\u00e1\u010dik-Ex-Aeque-MZ-2019.jpg\"><img loading=\"lazy\" width=\"1024\" height=\"701\" src=\"https:\/\/www.zusjcbb.sk\/wp-content\/uploads\/2019\/05\/Bogl\u00e1rka-S-13-rokov-Vt\u00e1\u010dik-Ex-Aeque-MZ-2019-1024x701.jpg\" alt=\"\" class=\"wp-image-5856\" srcset=\"https:\/\/www.zusjcbb.sk\/wp-content\/uploads\/2019\/05\/Bogl\u00e1rka-S-13-rokov-Vt\u00e1\u010dik-Ex-Aeque-MZ-2019-1024x701.jpg 1024w, https:\/\/www.zusjcbb.sk\/wp-content\/uploads\/2019\/05\/Bogl\u00e1rka-S-13-rokov-Vt\u00e1\u010dik-Ex-Aeque-MZ-2019-300x205.jpg 300w, https:\/\/www.zusjcbb.sk\/wp-content\/uploads\/2019\/05\/Bogl\u00e1rka-S-13-rokov-Vt\u00e1\u010dik-Ex-Aeque-MZ-2019-768x526.jpg 768w, https:\/\/www.zusjcbb.sk\/wp-content\/uploads\/2019\/05\/Bogl\u00e1rka-S-13-rokov-Vt\u00e1\u010dik-Ex-Aeque-MZ-2019.jpg 1920w\" sizes=\"(max-width: 1024px) 100vw, 1024px\" \/><\/a><figcaption>Bogl\u00e1rka S, 13 rokov, Vt\u00e1\u010dik<\/figcaption><\/figure>\n\n\n\n<figure class=\"wp-block-image\"><a href=\"https:\/\/www.zusjcbb.sk\/wp-content\/uploads\/2019\/05\/Dominika-K-17-rokov-Ba\u017einy-Ex-Aeque-MZ-2019.jpg\"><img loading=\"lazy\" width=\"1024\" height=\"701\" src=\"https:\/\/www.zusjcbb.sk\/wp-content\/uploads\/2019\/05\/Dominika-K-17-rokov-Ba\u017einy-Ex-Aeque-MZ-2019-1024x701.jpg\" alt=\"\" class=\"wp-image-5858\" srcset=\"https:\/\/www.zusjcbb.sk\/wp-content\/uploads\/2019\/05\/Dominika-K-17-rokov-Ba\u017einy-Ex-Aeque-MZ-2019-1024x701.jpg 1024w, https:\/\/www.zusjcbb.sk\/wp-content\/uploads\/2019\/05\/Dominika-K-17-rokov-Ba\u017einy-Ex-Aeque-MZ-2019-300x205.jpg 300w, https:\/\/www.zusjcbb.sk\/wp-content\/uploads\/2019\/05\/Dominika-K-17-rokov-Ba\u017einy-Ex-Aeque-MZ-2019-768x526.jpg 768w, https:\/\/www.zusjcbb.sk\/wp-content\/uploads\/2019\/05\/Dominika-K-17-rokov-Ba\u017einy-Ex-Aeque-MZ-2019.jpg 1920w\" sizes=\"(max-width: 1024px) 100vw, 1024px\" \/><\/a><figcaption>Dominika K, 17 rokov, Ba\u017einy<\/figcaption><\/figure>\n\n\n\n<figure class=\"wp-block-image\"><a href=\"https:\/\/www.zusjcbb.sk\/wp-content\/uploads\/2019\/05\/Juraj-Palu\u0161-7-rokov-Ex-Aeque-MZ-2019.jpg\"><img loading=\"lazy\" width=\"807\" height=\"1024\" src=\"https:\/\/www.zusjcbb.sk\/wp-content\/uploads\/2019\/05\/Juraj-Palu\u0161-7-rokov-Ex-Aeque-MZ-2019-807x1024.jpg\" alt=\"\" class=\"wp-image-5859\" srcset=\"https:\/\/www.zusjcbb.sk\/wp-content\/uploads\/2019\/05\/Juraj-Palu\u0161-7-rokov-Ex-Aeque-MZ-2019-807x1024.jpg 807w, https:\/\/www.zusjcbb.sk\/wp-content\/uploads\/2019\/05\/Juraj-Palu\u0161-7-rokov-Ex-Aeque-MZ-2019-237x300.jpg 237w, https:\/\/www.zusjcbb.sk\/wp-content\/uploads\/2019\/05\/Juraj-Palu\u0161-7-rokov-Ex-Aeque-MZ-2019-768x974.jpg 768w, https:\/\/www.zusjcbb.sk\/wp-content\/uploads\/2019\/05\/Juraj-Palu\u0161-7-rokov-Ex-Aeque-MZ-2019.jpg 1920w\" sizes=\"(max-width: 807px) 100vw, 807px\" \/><\/a><figcaption>Juraj Palu\u0161, 7 rokov<\/figcaption><\/figure>\n\n\n\n<figure class=\"wp-block-image\"><a href=\"https:\/\/www.zusjcbb.sk\/wp-content\/uploads\/2019\/05\/Mat\u00fa\u0161-Daniel-D-11-rokov-Polia-Ex-Aeque-MZ-2019.jpg\"><img loading=\"lazy\" width=\"1024\" height=\"693\" src=\"https:\/\/www.zusjcbb.sk\/wp-content\/uploads\/2019\/05\/Mat\u00fa\u0161-Daniel-D-11-rokov-Polia-Ex-Aeque-MZ-2019-1024x693.jpg\" alt=\"\" class=\"wp-image-5860\" srcset=\"https:\/\/www.zusjcbb.sk\/wp-content\/uploads\/2019\/05\/Mat\u00fa\u0161-Daniel-D-11-rokov-Polia-Ex-Aeque-MZ-2019-1024x693.jpg 1024w, https:\/\/www.zusjcbb.sk\/wp-content\/uploads\/2019\/05\/Mat\u00fa\u0161-Daniel-D-11-rokov-Polia-Ex-Aeque-MZ-2019-300x203.jpg 300w, https:\/\/www.zusjcbb.sk\/wp-content\/uploads\/2019\/05\/Mat\u00fa\u0161-Daniel-D-11-rokov-Polia-Ex-Aeque-MZ-2019-768x520.jpg 768w, https:\/\/www.zusjcbb.sk\/wp-content\/uploads\/2019\/05\/Mat\u00fa\u0161-Daniel-D-11-rokov-Polia-Ex-Aeque-MZ-2019.jpg 1920w\" sizes=\"(max-width: 1024px) 100vw, 1024px\" \/><\/a><figcaption>Mat\u00fa\u0161 Daniel D, 11 rokov, Polia<\/figcaption><\/figure>\n\n\n\n<figure class=\"wp-block-image\"><a href=\"https:\/\/www.zusjcbb.sk\/wp-content\/uploads\/2019\/05\/Nat\u00e1lia-H-9-rokovTmav\u00fd-les-Ex-Aeque-MZ-2019.jpg\"><img loading=\"lazy\" width=\"695\" height=\"1024\" src=\"https:\/\/www.zusjcbb.sk\/wp-content\/uploads\/2019\/05\/Nat\u00e1lia-H-9-rokovTmav\u00fd-les-Ex-Aeque-MZ-2019-695x1024.jpg\" alt=\"\" class=\"wp-image-5862\" srcset=\"https:\/\/www.zusjcbb.sk\/wp-content\/uploads\/2019\/05\/Nat\u00e1lia-H-9-rokovTmav\u00fd-les-Ex-Aeque-MZ-2019-695x1024.jpg 695w, https:\/\/www.zusjcbb.sk\/wp-content\/uploads\/2019\/05\/Nat\u00e1lia-H-9-rokovTmav\u00fd-les-Ex-Aeque-MZ-2019-204x300.jpg 204w, https:\/\/www.zusjcbb.sk\/wp-content\/uploads\/2019\/05\/Nat\u00e1lia-H-9-rokovTmav\u00fd-les-Ex-Aeque-MZ-2019-768x1131.jpg 768w, https:\/\/www.zusjcbb.sk\/wp-content\/uploads\/2019\/05\/Nat\u00e1lia-H-9-rokovTmav\u00fd-les-Ex-Aeque-MZ-2019.jpg 1920w\" sizes=\"(max-width: 695px) 100vw, 695px\" \/><\/a><figcaption>Nat\u00e1lia H, 9 rokov,Tmav\u00fd les<\/figcaption><\/figure>\n\n\n\n<figure class=\"wp-block-image\"><a href=\"https:\/\/www.zusjcbb.sk\/wp-content\/uploads\/2019\/05\/Oliver-S-5-rokov-Krajina-Ex-Aeque-MZ-2019.jpg\"><img loading=\"lazy\" width=\"1024\" height=\"707\" src=\"https:\/\/www.zusjcbb.sk\/wp-content\/uploads\/2019\/05\/Oliver-S-5-rokov-Krajina-Ex-Aeque-MZ-2019-1024x707.jpg\" alt=\"\" class=\"wp-image-5863\" srcset=\"https:\/\/www.zusjcbb.sk\/wp-content\/uploads\/2019\/05\/Oliver-S-5-rokov-Krajina-Ex-Aeque-MZ-2019-1024x707.jpg 1024w, https:\/\/www.zusjcbb.sk\/wp-content\/uploads\/2019\/05\/Oliver-S-5-rokov-Krajina-Ex-Aeque-MZ-2019-300x207.jpg 300w, https:\/\/www.zusjcbb.sk\/wp-content\/uploads\/2019\/05\/Oliver-S-5-rokov-Krajina-Ex-Aeque-MZ-2019-768x530.jpg 768w, https:\/\/www.zusjcbb.sk\/wp-content\/uploads\/2019\/05\/Oliver-S-5-rokov-Krajina-Ex-Aeque-MZ-2019-205x143.jpg 205w, https:\/\/www.zusjcbb.sk\/wp-content\/uploads\/2019\/05\/Oliver-S-5-rokov-Krajina-Ex-Aeque-MZ-2019.jpg 1920w\" sizes=\"(max-width: 1024px) 100vw, 1024px\" \/><\/a><figcaption>Oliver S, 5 rokov, Krajina<\/figcaption><\/figure>\n\n\n\n<figure class=\"wp-block-image\"><a href=\"https:\/\/www.zusjcbb.sk\/wp-content\/uploads\/2019\/05\/Patrick-Lucas-7-rokov-Krahunek-Krajina-Ex-Aeque-MZ-2019.jpg\"><img loading=\"lazy\" width=\"1024\" height=\"761\" src=\"https:\/\/www.zusjcbb.sk\/wp-content\/uploads\/2019\/05\/Patrick-Lucas-7-rokov-Krahunek-Krajina-Ex-Aeque-MZ-2019-1024x761.jpg\" alt=\"\" class=\"wp-image-5864\" srcset=\"https:\/\/www.zusjcbb.sk\/wp-content\/uploads\/2019\/05\/Patrick-Lucas-7-rokov-Krahunek-Krajina-Ex-Aeque-MZ-2019-1024x761.jpg 1024w, https:\/\/www.zusjcbb.sk\/wp-content\/uploads\/2019\/05\/Patrick-Lucas-7-rokov-Krahunek-Krajina-Ex-Aeque-MZ-2019-300x223.jpg 300w, https:\/\/www.zusjcbb.sk\/wp-content\/uploads\/2019\/05\/Patrick-Lucas-7-rokov-Krahunek-Krajina-Ex-Aeque-MZ-2019-768x570.jpg 768w, https:\/\/www.zusjcbb.sk\/wp-content\/uploads\/2019\/05\/Patrick-Lucas-7-rokov-Krahunek-Krajina-Ex-Aeque-MZ-2019.jpg 1920w\" sizes=\"(max-width: 1024px) 100vw, 1024px\" \/><\/a><figcaption>Patrick Lucas Krahunek, 7 rokov, Krajina<\/figcaption><\/figure>\n\n\n\n<figure class=\"wp-block-image\"><a href=\"https:\/\/www.zusjcbb.sk\/wp-content\/uploads\/2019\/05\/Sarah-S-5-rokov-Zima-a-vt\u00e1\u010dik-Zimn\u00e1-krajina-Ex-Aeque-MZ-2019.jpg\"><img loading=\"lazy\" width=\"686\" height=\"1024\" src=\"https:\/\/www.zusjcbb.sk\/wp-content\/uploads\/2019\/05\/Sarah-S-5-rokov-Zima-a-vt\u00e1\u010dik-Zimn\u00e1-krajina-Ex-Aeque-MZ-2019-686x1024.jpg\" alt=\"\" class=\"wp-image-5865\" srcset=\"https:\/\/www.zusjcbb.sk\/wp-content\/uploads\/2019\/05\/Sarah-S-5-rokov-Zima-a-vt\u00e1\u010dik-Zimn\u00e1-krajina-Ex-Aeque-MZ-2019-686x1024.jpg 686w, https:\/\/www.zusjcbb.sk\/wp-content\/uploads\/2019\/05\/Sarah-S-5-rokov-Zima-a-vt\u00e1\u010dik-Zimn\u00e1-krajina-Ex-Aeque-MZ-2019-201x300.jpg 201w, https:\/\/www.zusjcbb.sk\/wp-content\/uploads\/2019\/05\/Sarah-S-5-rokov-Zima-a-vt\u00e1\u010dik-Zimn\u00e1-krajina-Ex-Aeque-MZ-2019-768x1146.jpg 768w, https:\/\/www.zusjcbb.sk\/wp-content\/uploads\/2019\/05\/Sarah-S-5-rokov-Zima-a-vt\u00e1\u010dik-Zimn\u00e1-krajina-Ex-Aeque-MZ-2019.jpg 1920w\" sizes=\"(max-width: 686px) 100vw, 686px\" \/><\/a><figcaption>Sarah S, 5 rokov, Zima a vt\u00e1\u010dik (Zimn\u00e1 krajina)<\/figcaption><\/figure>\n\n\n\n<figure class=\"wp-block-image\"><a href=\"https:\/\/www.zusjcbb.sk\/wp-content\/uploads\/2019\/05\/Zita-L-16-rokov-Z\u00e1hrada-Za-plotom-Ex-Aeque-MZ-2019.jpg\"><img loading=\"lazy\" width=\"1024\" height=\"534\" src=\"https:\/\/www.zusjcbb.sk\/wp-content\/uploads\/2019\/05\/Zita-L-16-rokov-Z\u00e1hrada-Za-plotom-Ex-Aeque-MZ-2019-1024x534.jpg\" alt=\"\" class=\"wp-image-5866\" srcset=\"https:\/\/www.zusjcbb.sk\/wp-content\/uploads\/2019\/05\/Zita-L-16-rokov-Z\u00e1hrada-Za-plotom-Ex-Aeque-MZ-2019-1024x534.jpg 1024w, https:\/\/www.zusjcbb.sk\/wp-content\/uploads\/2019\/05\/Zita-L-16-rokov-Z\u00e1hrada-Za-plotom-Ex-Aeque-MZ-2019-300x156.jpg 300w, https:\/\/www.zusjcbb.sk\/wp-content\/uploads\/2019\/05\/Zita-L-16-rokov-Z\u00e1hrada-Za-plotom-Ex-Aeque-MZ-2019-768x400.jpg 768w, https:\/\/www.zusjcbb.sk\/wp-content\/uploads\/2019\/05\/Zita-L-16-rokov-Z\u00e1hrada-Za-plotom-Ex-Aeque-MZ-2019.jpg 1920w\" sizes=\"(max-width: 1024px) 100vw, 1024px\" \/><\/a><figcaption>Zita L, 16 rokov, Z\u00e1hrada (Za plotom)<\/figcaption><\/figure>\n\n\n\n<figure class=\"wp-block-image\"><a href=\"https:\/\/www.zusjcbb.sk\/wp-content\/uploads\/2019\/05\/Zoja-H-7-rokov-Na-dedine-Ex-Aeque-MZ-2019.jpg\"><img loading=\"lazy\" width=\"713\" height=\"1024\" src=\"https:\/\/www.zusjcbb.sk\/wp-content\/uploads\/2019\/05\/Zoja-H-7-rokov-Na-dedine-Ex-Aeque-MZ-2019-713x1024.jpg\" alt=\"\" class=\"wp-image-5867\" srcset=\"https:\/\/www.zusjcbb.sk\/wp-content\/uploads\/2019\/05\/Zoja-H-7-rokov-Na-dedine-Ex-Aeque-MZ-2019-713x1024.jpg 713w, https:\/\/www.zusjcbb.sk\/wp-content\/uploads\/2019\/05\/Zoja-H-7-rokov-Na-dedine-Ex-Aeque-MZ-2019-209x300.jpg 209w, https:\/\/www.zusjcbb.sk\/wp-content\/uploads\/2019\/05\/Zoja-H-7-rokov-Na-dedine-Ex-Aeque-MZ-2019-768x1103.jpg 768w, https:\/\/www.zusjcbb.sk\/wp-content\/uploads\/2019\/05\/Zoja-H-7-rokov-Na-dedine-Ex-Aeque-MZ-2019.jpg 1920w\" sizes=\"(max-width: 713px) 100vw, 713px\" \/><\/a><figcaption>Zoja H, 7 rokov, Na dedine<\/figcaption><\/figure>\n\n\n\n<p class=\"has-vivid-cyan-blue-color has-text-color\"><a href=\"https:\/\/www.zusjcbb.sk\/?page_id=5814\">odkaz na Zlat\u00e9 p\u00e1smo 1. a 2. kateg\u00f3ria<\/a><\/p>\n\n\n\n<p class=\"has-vivid-cyan-blue-color has-text-color\"><a href=\"https:\/\/www.zusjcbb.sk\/?page_id=5818\">odkaz na Zlat\u00e9 p\u00e1smo 3. a 4. kateg\u00f3ria<\/a><\/p>\n","protected":false},"excerpt":{"rendered":"<p>odkaz na Zlat\u00e9 p\u00e1smo 1. a 2. kateg\u00f3ria odkaz na Zlat\u00e9 p\u00e1smo 3. a 4. kateg\u00f3ria Hlavn\u00e1 cena Cena predsedu poroty Zvl\u00e1\u0161tna cena Ceny EX AEQUE odkaz na Zlat\u00e9 p\u00e1smo 1. a 2. kateg\u00f3ria odkaz na Zlat\u00e9 p\u00e1smo 3. a 4. kateg\u00f3ria<\/p>\n","protected":false},"author":2,"featured_media":0,"parent":172,"menu_order":0,"comment_status":"closed","ping_status":"closed","template":"","meta":{"neve_meta_sidebar":"","neve_meta_container":"","neve_meta_enable_content_width":"","neve_meta_content_width":0,"neve_meta_title_alignment":"","neve_meta_author_avatar":"","neve_post_elements_order":"","neve_meta_disable_header":"","neve_meta_disable_footer":"","neve_meta_disable_title":""},"_links":{"self":[{"href":"https:\/\/www.zusjcbb.sk\/index.php?rest_route=\/wp\/v2\/pages\/5798"}],"collection":[{"href":"https:\/\/www.zusjcbb.sk\/index.php?rest_route=\/wp\/v2\/pages"}],"about":[{"href":"https:\/\/www.zusjcbb.sk\/index.php?rest_route=\/wp\/v2\/types\/page"}],"author":[{"embeddable":true,"href":"https:\/\/www.zusjcbb.sk\/index.php?rest_route=\/wp\/v2\/users\/2"}],"replies":[{"embeddable":true,"href":"https:\/\/www.zusjcbb.sk\/index.php?rest_route=%2Fwp%2Fv2%2Fcomments&post=5798"}],"version-history":[{"count":13,"href":"https:\/\/www.zusjcbb.sk\/index.php?rest_route=\/wp\/v2\/pages\/5798\/revisions"}],"predecessor-version":[{"id":10413,"href":"https:\/\/www.zusjcbb.sk\/index.php?rest_route=\/wp\/v2\/pages\/5798\/revisions\/10413"}],"up":[{"embeddable":true,"href":"https:\/\/www.zusjcbb.sk\/index.php?rest_route=\/wp\/v2\/pages\/172"}],"wp:attachment":[{"href":"https:\/\/www.zusjcbb.sk\/index.php?rest_route=%2Fwp%2Fv2%2Fmedia&parent=5798"}],"curies":[{"name":"wp","href":"https:\/\/api.w.org\/{rel}","templated":true}]}}