{"id":7444,"date":"2020-04-28T14:54:19","date_gmt":"2020-04-28T12:54:19","guid":{"rendered":"http:\/\/www.zusjcbb.sk\/?page_id=7444"},"modified":"2021-12-06T16:00:45","modified_gmt":"2021-12-06T14:00:45","slug":"zmluvy-2020","status":"publish","type":"page","link":"https:\/\/www.zusjcbb.sk\/?page_id=7444","title":{"rendered":"Zmluvy 2020"},"content":{"rendered":"\n<div class=\"wp-block-file\"><a href=\"https:\/\/www.zusjcbb.sk\/wp-content\/uploads\/2020\/06\/1_Zmluva-o-pedagogickej-praxi-PF-UMB.pdf\">1_Zmluva o pedagogickej praxi &#8211; PF UMB<\/a><a href=\"https:\/\/www.zusjcbb.sk\/wp-content\/uploads\/2020\/06\/1_Zmluva-o-pedagogickej-praxi-PF-UMB.pdf\" class=\"wp-block-file__button\" download>Stiahnu\u0165<\/a><\/div>\n\n\n\n<div class=\"wp-block-file\"><a href=\"https:\/\/www.zusjcbb.sk\/wp-content\/uploads\/2020\/06\/2_Zmluva-o-poskytovan\u00ed-verejn\u00fdch-slu\u017eieb-Orange-Slovensko-a.s.-Sim-karta.pdf\">2_Zmluva o poskytovan\u00ed verejn\u00fdch slu\u017eieb &#8211; Orange Slovensko a.s. &#8211; Sim karta<\/a><a href=\"https:\/\/www.zusjcbb.sk\/wp-content\/uploads\/2020\/06\/2_Zmluva-o-poskytovan\u00ed-verejn\u00fdch-slu\u017eieb-Orange-Slovensko-a.s.-Sim-karta.pdf\" class=\"wp-block-file__button\" download>Stiahnu\u0165<\/a><\/div>\n\n\n\n<div class=\"wp-block-file\"><a href=\"https:\/\/www.zusjcbb.sk\/wp-content\/uploads\/2020\/06\/3_Dodatok-k-zmluve-A4615565-o-poskytovan\u00ed-verejn\u00fdch-slu\u017eieb-\u010d.12755923-Orange-Slovensko-a.s.-zmena-\u00fa\u010dastn\u00edckeho-programu.pdf\">3_Dodatok k zmluve (A4615565) o poskytovan\u00ed verejn\u00fdch slu\u017eieb  \u010d.12755923 &#8211; Orange Slovensko a.s. &#8211; zmena \u00fa\u010dastn\u00edckeho programu<\/a><a href=\"https:\/\/www.zusjcbb.sk\/wp-content\/uploads\/2020\/06\/3_Dodatok-k-zmluve-A4615565-o-poskytovan\u00ed-verejn\u00fdch-slu\u017eieb-\u010d.12755923-Orange-Slovensko-a.s.-zmena-\u00fa\u010dastn\u00edckeho-programu.pdf\" class=\"wp-block-file__button\" download>Stiahnu\u0165<\/a><\/div>\n\n\n\n<div class=\"wp-block-file\"><a href=\"https:\/\/www.zusjcbb.sk\/wp-content\/uploads\/2020\/07\/4_Dodatok-\u010d.6-k-zml.-o-dod.-plynu-SPP-\u0160tef\u00e1nikovo-n\u00e1bre\u017eie.pdf\">4_Dodatok \u010d.6 k zml. o dod. plynu SPP \u0160tef\u00e1nikovo n\u00e1bre\u017eie<\/a><a href=\"https:\/\/www.zusjcbb.sk\/wp-content\/uploads\/2020\/07\/4_Dodatok-\u010d.6-k-zml.-o-dod.-plynu-SPP-\u0160tef\u00e1nikovo-n\u00e1bre\u017eie.pdf\" class=\"wp-block-file__button\" download>Stiahnu\u0165<\/a><\/div>\n\n\n\n<div class=\"wp-block-file\"><a href=\"https:\/\/www.zusjcbb.sk\/wp-content\/uploads\/2020\/07\/5_Dodatok-\u010d.6-k-zml.-o-dod.-plynu-SPP-Lazovn\u00e1.pdf\">5_Dodatok \u010d.6 k zml. o dod. plynu SPP Lazovn\u00e1<\/a><a href=\"https:\/\/www.zusjcbb.sk\/wp-content\/uploads\/2020\/07\/5_Dodatok-\u010d.6-k-zml.-o-dod.-plynu-SPP-Lazovn\u00e1.pdf\" class=\"wp-block-file__button\" download>Stiahnu\u0165<\/a><\/div>\n\n\n\n<div class=\"wp-block-file\"><a href=\"https:\/\/www.zusjcbb.sk\/wp-content\/uploads\/2020\/10\/6_-objedn\u00e1vka-tepla-na-vykurovanie-a-ohrej-T\u00daV-pre-rok-2021-S.pdf\">6_ objedn\u00e1vka tepla na vykurovanie a ohrej T\u00daV pre rok 2021 &#8211; S<\/a><a href=\"https:\/\/www.zusjcbb.sk\/wp-content\/uploads\/2020\/10\/6_-objedn\u00e1vka-tepla-na-vykurovanie-a-ohrej-T\u00daV-pre-rok-2021-S.pdf\" class=\"wp-block-file__button\" download>Stiahnu\u0165<\/a><\/div>\n\n\n\n<div class=\"wp-block-file\"><a href=\"https:\/\/www.zusjcbb.sk\/wp-content\/uploads\/2020\/10\/7_Pr\u00edkazn\u00e1-zmluva-\u010d.1-2020-servis-a-\u00fadr\u017eba-\u0161kolsk\u00e9ho-klarinetu.pdf\">7_Pr\u00edkazn\u00e1 zmluva \u010d.1-2020 &#8211; servis a \u00fadr\u017eba \u0161kolsk\u00e9ho klarinetu<\/a><a href=\"https:\/\/www.zusjcbb.sk\/wp-content\/uploads\/2020\/10\/7_Pr\u00edkazn\u00e1-zmluva-\u010d.1-2020-servis-a-\u00fadr\u017eba-\u0161kolsk\u00e9ho-klarinetu.pdf\" class=\"wp-block-file__button\" download>Stiahnu\u0165<\/a><\/div>\n\n\n\n<div class=\"wp-block-file\"><a href=\"https:\/\/www.zusjcbb.sk\/wp-content\/uploads\/2020\/10\/8_Zmluva-\u010d.1-2020-o-n\u00e1jme-nebytov\u00fdch-priestorov-Bufet.pdf\">8_Zmluva \u010d.1-2020 o n\u00e1jme nebytov\u00fdch priestorov &#8211; Bufet<\/a><a href=\"https:\/\/www.zusjcbb.sk\/wp-content\/uploads\/2020\/10\/8_Zmluva-\u010d.1-2020-o-n\u00e1jme-nebytov\u00fdch-priestorov-Bufet.pdf\" class=\"wp-block-file__button\" download>Stiahnu\u0165<\/a><\/div>\n\n\n\n<div class=\"wp-block-file\"><a href=\"https:\/\/www.zusjcbb.sk\/wp-content\/uploads\/2020\/10\/9_Dodatok-k-Zmluve-o-poskytovan\u00ed-verejn\u00fdch-slu\u017eieb-zmena-pau\u0161\u00e1lu.pdf\">9_Dodatok k Zmluve o poskytovan\u00ed verejn\u00fdch slu\u017eieb &#8211; zmena pau\u0161\u00e1lu<\/a><a href=\"https:\/\/www.zusjcbb.sk\/wp-content\/uploads\/2020\/10\/9_Dodatok-k-Zmluve-o-poskytovan\u00ed-verejn\u00fdch-slu\u017eieb-zmena-pau\u0161\u00e1lu.pdf\" class=\"wp-block-file__button\" download>Stiahnu\u0165<\/a><\/div>\n\n\n\n<div class=\"wp-block-file\"><a href=\"https:\/\/www.zusjcbb.sk\/wp-content\/uploads\/2020\/10\/10_Zmluva-o-pedagogickej-praxi-Univerzita-Mateja-Bela-BB.pdf\">10_Zmluva o pedagogickej praxi &#8211; Univerzita Mateja Bela BB<\/a><a href=\"https:\/\/www.zusjcbb.sk\/wp-content\/uploads\/2020\/10\/10_Zmluva-o-pedagogickej-praxi-Univerzita-Mateja-Bela-BB.pdf\" class=\"wp-block-file__button\" download>Stiahnu\u0165<\/a><\/div>\n\n\n\n<div class=\"wp-block-file\"><a href=\"https:\/\/www.zusjcbb.sk\/wp-content\/uploads\/2020\/10\/11_Zmluva-o-poskytovan\u00ed-verejn\u00fdch-slu\u017eieb-\u010d.-A15825253-Orange-Slovensko-a.s.zriadenie-tel.-\u010d\u00edsla.pdf\">11_Zmluva o poskytovan\u00ed verejn\u00fdch slu\u017eieb \u010d. A15825253- &#8211; Orange Slovensko a.s.zriadenie tel. \u010d\u00edsla<\/a><a href=\"https:\/\/www.zusjcbb.sk\/wp-content\/uploads\/2020\/10\/11_Zmluva-o-poskytovan\u00ed-verejn\u00fdch-slu\u017eieb-\u010d.-A15825253-Orange-Slovensko-a.s.zriadenie-tel.-\u010d\u00edsla.pdf\" class=\"wp-block-file__button\" download>Stiahnu\u0165<\/a><\/div>\n\n\n\n<div class=\"wp-block-file\"><a href=\"https:\/\/www.zusjcbb.sk\/wp-content\/uploads\/2020\/10\/12_-Dodatok-\u010d.1-k-Zmluve-o-poskytovan\u00ed-verejn\u00fdch-slu\u017eieb-\u010d.-A15825253-Orange-Slovensko-a.s.-zriadenie-pau\u0161\u00e1lu-1.pdf\">12_ Dodatok \u010d.1 k Zmluve o poskytovan\u00ed verejn\u00fdch slu\u017eieb \u010d. A15825253 &#8211; Orange Slovensko a.s.- zriadenie pau\u0161\u00e1lu<\/a><a href=\"https:\/\/www.zusjcbb.sk\/wp-content\/uploads\/2020\/10\/12_-Dodatok-\u010d.1-k-Zmluve-o-poskytovan\u00ed-verejn\u00fdch-slu\u017eieb-\u010d.-A15825253-Orange-Slovensko-a.s.-zriadenie-pau\u0161\u00e1lu-1.pdf\" class=\"wp-block-file__button\" download>Stiahnu\u0165<\/a><\/div>\n\n\n\n<div class=\"wp-block-file\"><a href=\"https:\/\/www.zusjcbb.sk\/wp-content\/uploads\/2021\/01\/13_Zmluva-o-dielo-\u010d.-1-2020-Oprava-po\u0161kodenej-\u010dasti-vo-vstupn\u00fdch-priestoroch-ZU\u0160-J\u00e1na-Cikkera-SimKor-s.r.o..pdf\">13_Zmluva o dielo \u010d. 1-2020 &#8211; Oprava po\u0161kodenej \u010dasti vo vstupn\u00fdch priestoroch ZU\u0160 J\u00e1na Cikkera &#8211; SimKor s.r.o.<\/a><a href=\"https:\/\/www.zusjcbb.sk\/wp-content\/uploads\/2021\/01\/13_Zmluva-o-dielo-\u010d.-1-2020-Oprava-po\u0161kodenej-\u010dasti-vo-vstupn\u00fdch-priestoroch-ZU\u0160-J\u00e1na-Cikkera-SimKor-s.r.o..pdf\" class=\"wp-block-file__button\" download>Stiahnu\u0165<\/a><\/div>\n\n\n\n<div class=\"wp-block-file\"><a href=\"https:\/\/www.zusjcbb.sk\/wp-content\/uploads\/2021\/12\/14_Zmluva-o-dielo-c.2-2020-Oprava-a-udrzba-priecok-obkladov-a-podlah-v-budove-ZUS-Jana-Cikkera-Internatna-2A-stavRaVa-s.r.o..pdf\">14_Zmluva o dielo \u010d. 2-2020 &#8211; Oprava a \u00fadr\u017eba prie\u010dok, obkladov a podl\u00e1h v budove ZU\u0160 J\u00e1na Cikkera Intern\u00e1tna 2\/A &#8211; stavRaVa s.r.o.<\/a><a href=\"https:\/\/www.zusjcbb.sk\/wp-content\/uploads\/2021\/12\/14_Zmluva-o-dielo-c.2-2020-Oprava-a-udrzba-priecok-obkladov-a-podlah-v-budove-ZUS-Jana-Cikkera-Internatna-2A-stavRaVa-s.r.o..pdf\" class=\"wp-block-file__button\" download>Stiahnu\u0165<\/a><\/div>\n\n\n\n<div class=\"wp-block-file\"><a href=\"https:\/\/www.zusjcbb.sk\/wp-content\/uploads\/2021\/12\/15_Zmluva-o-dielo-c.3-2020-Oprava-a-udrzba-priecok-obkladov-a-podlah-v-budove-ZUS-Jana-Cikkera-Lazovna-62-stavRaVa-s.r.o..pdf\">15_Zmluva o dielo \u010d. 3-2020 &#8211; Oprava a \u00fadr\u017eba prie\u010dok, obkladov a podl\u00e1h v budove ZU\u0160 J\u00e1na Cikkera Lazovn\u00e1 62 &#8211; stavRaVa s.r.o.<\/a><a href=\"https:\/\/www.zusjcbb.sk\/wp-content\/uploads\/2021\/12\/15_Zmluva-o-dielo-c.3-2020-Oprava-a-udrzba-priecok-obkladov-a-podlah-v-budove-ZUS-Jana-Cikkera-Lazovna-62-stavRaVa-s.r.o..pdf\" class=\"wp-block-file__button\" download>Stiahnu\u0165<\/a><\/div>\n\n\n\n<div class=\"wp-block-file\"><a href=\"https:\/\/www.zusjcbb.sk\/wp-content\/uploads\/2021\/12\/16_Zmluva-c.2-2020-o-najme-nebytovych-priestorov-Verejna-kniznica-Mikulasa-Kovaca.pdf\">16_Zmluva \u010d.2-2020 o n\u00e1jme nebytov\u00fdch priestorov &#8211; Verejn\u00e1  kni\u017enica Mikul\u00e1\u0161a Kov\u00e1\u010da<\/a><a href=\"https:\/\/www.zusjcbb.sk\/wp-content\/uploads\/2021\/12\/16_Zmluva-c.2-2020-o-najme-nebytovych-priestorov-Verejna-kniznica-Mikulasa-Kovaca.pdf\" class=\"wp-block-file__button\" download>Stiahnu\u0165<\/a><\/div>\n\n\n\n<div class=\"wp-block-file\"><a href=\"https:\/\/www.zusjcbb.sk\/wp-content\/uploads\/2021\/12\/17_Zmluva-c.-07-01-2021-685-RO-vykonavanie-sluzieb-BOZP-PO-CO-Pyroboss-s.r.o..pdf\">17_Zmluva \u010d. 07-01-2021-685-RO &#8211; vykon\u00e1vanie slu\u017eieb BOZP-PO-CO &#8211; Pyroboss-s.r.o.<\/a><a href=\"https:\/\/www.zusjcbb.sk\/wp-content\/uploads\/2021\/12\/17_Zmluva-c.-07-01-2021-685-RO-vykonavanie-sluzieb-BOZP-PO-CO-Pyroboss-s.r.o..pdf\" class=\"wp-block-file__button\" download>Stiahnu\u0165<\/a><\/div>\n\n\n\n<div class=\"wp-block-file\"><a href=\"https:\/\/www.zusjcbb.sk\/wp-content\/uploads\/2021\/12\/18_Darovacia-zmluva-c.1-RZ-pri-ZUS-Jana-Cikkera.pdf\">18_Darovacia zmluva \u010d.1 &#8211; RZ pri ZU\u0160 J\u00e1na Cikkera<\/a><a href=\"https:\/\/www.zusjcbb.sk\/wp-content\/uploads\/2021\/12\/18_Darovacia-zmluva-c.1-RZ-pri-ZUS-Jana-Cikkera.pdf\" class=\"wp-block-file__button\" download>Stiahnu\u0165<\/a><\/div>\n\n\n\n<div class=\"wp-block-file\"><a href=\"https:\/\/www.zusjcbb.sk\/wp-content\/uploads\/2021\/12\/19_Zmluva-o-poskytnuti-spravcovstva-servisu-na-pocitacove-zostavy-Elis-s.r.o..pdf\">19_Zmluva o poskytnut\u00ed spr\u00e1vcovstva, servisu na po\u010d\u00edta\u010dov\u00e9 zostavy &#8211; Elis-s.r.o.<\/a><a href=\"https:\/\/www.zusjcbb.sk\/wp-content\/uploads\/2021\/12\/19_Zmluva-o-poskytnuti-spravcovstva-servisu-na-pocitacove-zostavy-Elis-s.r.o..pdf\" class=\"wp-block-file__button\" download>Stiahnu\u0165<\/a><\/div>\n","protected":false},"excerpt":{"rendered":"","protected":false},"author":2,"featured_media":0,"parent":37,"menu_order":0,"comment_status":"closed","ping_status":"closed","template":"","meta":{"neve_meta_sidebar":"","neve_meta_container":"","neve_meta_enable_content_width":"","neve_meta_content_width":0,"neve_meta_title_alignment":"","neve_meta_author_avatar":"","neve_post_elements_order":"","neve_meta_disable_header":"","neve_meta_disable_footer":"","neve_meta_disable_title":""},"_links":{"self":[{"href":"https:\/\/www.zusjcbb.sk\/index.php?rest_route=\/wp\/v2\/pages\/7444"}],"collection":[{"href":"https:\/\/www.zusjcbb.sk\/index.php?rest_route=\/wp\/v2\/pages"}],"about":[{"href":"https:\/\/www.zusjcbb.sk\/index.php?rest_route=\/wp\/v2\/types\/page"}],"author":[{"embeddable":true,"href":"https:\/\/www.zusjcbb.sk\/index.php?rest_route=\/wp\/v2\/users\/2"}],"replies":[{"embeddable":true,"href":"https:\/\/www.zusjcbb.sk\/index.php?rest_route=%2Fwp%2Fv2%2Fcomments&post=7444"}],"version-history":[{"count":11,"href":"https:\/\/www.zusjcbb.sk\/index.php?rest_route=\/wp\/v2\/pages\/7444\/revisions"}],"predecessor-version":[{"id":9111,"href":"https:\/\/www.zusjcbb.sk\/index.php?rest_route=\/wp\/v2\/pages\/7444\/revisions\/9111"}],"up":[{"embeddable":true,"href":"https:\/\/www.zusjcbb.sk\/index.php?rest_route=\/wp\/v2\/pages\/37"}],"wp:attachment":[{"href":"https:\/\/www.zusjcbb.sk\/index.php?rest_route=%2Fwp%2Fv2%2Fmedia&parent=7444"}],"curies":[{"name":"wp","href":"https:\/\/api.w.org\/{rel}","templated":true}]}}