{"id":83,"date":"2011-08-14T10:42:14","date_gmt":"2011-08-14T10:42:14","guid":{"rendered":"http:\/\/www.zusjcbb.php5.sk\/?page_id=83"},"modified":"2021-11-09T15:29:44","modified_gmt":"2021-11-09T13:29:44","slug":"literarno-dramaticky-odbor","status":"publish","type":"page","link":"https:\/\/www.zusjcbb.sk\/?page_id=83","title":{"rendered":"Liter\u00e1rno-dramatick\u00fd odbor"},"content":{"rendered":"<p style=\"text-align: center;\"><strong>Die\u0165a &#8211; \u017eiak <\/strong><\/p>\n<p style=\"text-align: center;\"><strong>na Liter\u00e1rno-dramatickom odbore <\/strong><\/p>\n<ol>\n<li>je samo o\u00a0sebe umeleck\u00fdm n\u00e1strojom<\/li>\n<li>je to jeho osoba, jeho du\u0161a, myse\u013e, telo na ktor\u00e9 sa u\u010d\u00ed \u201ehra\u0165\u201c<\/li>\n<\/ol>\n<p style=\"text-align: center;\"><strong>\u017diak sa u\u010d\u00ed: <\/strong><\/p>\n<ol>\n<li>by\u0165 kreat\u00edvny , tvoriv\u00fd<\/li>\n<li>ch\u00e1pa\u0165 pocity seba aj in\u00fdch<\/li>\n<li>presne pomenova\u0165 a vyjadrova\u0165 svoje my\u0161lienky a\u00a0pocity<\/li>\n<li>spolupracova\u0165 v\u00a0kolekt\u00edve (spolo\u010dn\u00e9 cvi\u010denia n\u00e1cvik divadla)<\/li>\n<li>vyjadrova\u0165 sa na verejnosti (vyst\u00fapenia, prednes, cvi\u010denia v\u00a0kolekt\u00edve)<\/li>\n<li>spr\u00e1vne \u010d\u00edta\u0165 a\u00a0ch\u00e1pa\u0165 liter\u00e1rny text<\/li>\n<li>spr\u00e1vne artikulova\u0165, d\u00fdcha\u0165, rozpr\u00e1va\u0165 &#8211; verb\u00e1lne aj neverb\u00e1lne<\/li>\n<\/ol>\n<p style=\"text-align: center;\"><strong>Pr\u00edprava \u017eiakov na:<\/strong><\/p>\n<ol>\n<li>na odborn\u00e9 umeleck\u00e9 \u0161koly stredn\u00e9 aj vysok\u00e9, herectvo, r\u00e9\u017eia, scen\u00e1ristika a\u00a0dramaturgia<\/li>\n<li>Recita\u010dn\u00e9 s\u00fa\u0165a\u017ee<\/li>\n<\/ol>\n<p>Z\u00e1ujmov\u00e1 \u010dinnos\u0165 &#8211; nacvi\u010dujeme divadeln\u00e9 hry, ako Divadlo ZU\u0160 J . Cikkera sme od r 2010 nacvi\u010dili vy\u0161e 15 hier a\u00a0z\u00fa\u010dastnili sa 20 s\u00fa\u0165a\u017e\u00ed \u00a0a\u00a0celkovo vyhrali 10 kr\u00e1t Region\u00e1lnu a\u00a0Krajsk\u00fa s\u00fa\u0165a\u017e a\u00a03 kr\u00e1t Celoslovensk\u00fa.<\/p>\n<p>Mgr. art Boris Kov\u00e1\u010d ved\u00faci LDO na ZU\u0160 J. Cikkera Bansk\u00e1 Bystrica<\/p>\n<p style=\"text-align: center;\">*<\/p>\n<p><strong>Charakteristika Liter\u00e1rno dramatick\u00e9ho odboru:<\/strong><\/p>\n<p style=\"text-align: justify;\">Liter\u00e1rno dramatick\u00fd odbor,v skratke LDO, sa zaober\u00e1 dramatick\u00fdm umen\u00edm a roz\u0161iruje znalosti a zru\u010dnosti \u017eiakov v tomto umen\u00ed. Ak umeleck\u00fdm prostriedkom pre hudobn\u00edka je jeho n\u00e1stroj, v dramatickom umen\u00ed je to umelcovo telo, du\u0161a a myse\u013e. U mlad\u0161\u00edch aj star\u0161\u00edch \u017eiakov sa na LDO cvi\u010deniami a hrami rozv\u00edjaj\u00fa osobn\u00e9 fyzick\u00e9 a du\u0161evn\u00e9 danosti. LDO aktivizuje \u017eiakov k tvorivej \u010dinnosti k pou\u017e\u00edvaniu fant\u00e1zie a citov. Rozv\u00edja komunika\u010dn\u00e9 schopnosti a schopnosti vn\u00edma\u0165 a pre\u017e\u00edva\u0165 vn\u00fatorn\u00fd a vonkaj\u0161\u00ed svet. Rozv\u00edja pohybov\u00e9, hlasov\u00e9 a slovesn\u00e9 predpoklady. Individu\u00e1lnou a spolo\u010dnou \u010dinnos\u0165ou, osobn\u00fdm vz\u00e1jomn\u00fdm stykom rozv\u00edja schopnos\u0165 podie\u013ea\u0165 sa akt\u00edvne na tvorbe. Pom\u00e1ha \u017eiakom zbavova\u0165 sa ru\u0161iv\u00fdch z\u00e1bran a zl\u00fdch n\u00e1vykov v spr\u00e1van\u00ed. Spolo\u010dnou tvorbou dramatick\u00fdch situ\u00e1ci\u00ed rozv\u00edja u nich kreativitu, fant\u00e1ziu a schopnos\u0165 improvizova\u0165. T\u00fdm pom\u00e1ha \u017eiakom osvojeniu si niektor\u00fdch z\u00e1kladn\u00fdch pravidiel dramatickej hry. U \u017eiakov rozv\u00edja schopnosti pre herectvo, scen\u00e1ristiku a r\u00e9\u017eiu. Pripravuje \u017eiakov na vy\u0161\u0161ie umeleck\u00e9 \u0161koly. Pripravuje \u017eiakov na s\u00fa\u0165a\u017ee v prednese po\u00e9zie a pr\u00f3zy. \u017diaci \u010falej sk\u00fa\u0161aj\u00fa tvoriv\u00e9 p\u00edsanie po\u00e9zie a pr\u00f3zy. Pripravuj\u00fa divadeln\u00e9 predstavenia. Z\u00fa\u010dast\u0148uj\u00fa sa divadeln\u00fdch s\u00fa\u0165a\u017e\u00ed, ako s\u00fa postupov\u00e9 prehliadky detsk\u00e9ho divadla a divadla mlad\u00fdch (tzv. Alternat\u00edvneho divadla).Z\u00fa\u010dast\u0148uj\u00fa sa s\u00fa\u0165a\u017ee divadelnej improviz\u00e1cii a s\u00fa\u0165a\u017e\u00ed.<\/p>\n<p style=\"text-align: justify;\">Pedag\u00f3govia : Mgr. art. Katar\u00edna Baranyai\u00a0 &#8211; ved\u00faca odboru<br \/>\nMgr. art. Boris Kov\u00e1\u010d (re\u017eis\u00e9r a herec)<\/p>\n<p><span style=\"color: #000080;\"><a style=\"color: #000080;\" href=\"https:\/\/m.facebook.com\/notes\/stredoslovensk%C3%A9-osvetov%C3%A9-stredisko\/portr%C3%A9ty-divadeln%C3%BDch-s%C3%BAborov-5-divadl%C3%A1-zu%C5%A1-j%C3%A1na-cikkera-bansk%C3%A1-bystrica\/719611542183202\/\">Odkaz na \u010dl\u00e1nok Portr\u00e9ty divadeln\u00fdch s\u00faborov &#8211; Divadlo ZU\u0160 J\u00e1na Cikkera<\/a><\/span><\/p>\n<p><span style=\"color: #000080;\"><a style=\"color: #000080;\" href=\"https:\/\/www.zusjcbb.sk\/?page_id=307\">Divadlo ZU\u0160 J\u00e1na Cikkera<\/a><\/span><\/p>\n<p><span style=\"text-decoration: underline;\"><span style=\"color: #000000;\">F<a href=\"https:\/\/www.zusjcbb.sk\/?page_id=312\"><span style=\"color: #333333;\">otky a vide\u00e1<\/span><\/a><\/span><\/span><\/p>\n","protected":false},"excerpt":{"rendered":"<p>Die\u0165a &#8211; \u017eiak na Liter\u00e1rno-dramatickom odbore je samo o\u00a0sebe umeleck\u00fdm n\u00e1strojom je to jeho osoba, jeho du\u0161a, myse\u013e, telo na ktor\u00e9 sa u\u010d\u00ed \u201ehra\u0165\u201c \u017diak sa u\u010d\u00ed: by\u0165 kreat\u00edvny , tvoriv\u00fd ch\u00e1pa\u0165 pocity seba aj in\u00fdch presne pomenova\u0165 a vyjadrova\u0165 svoje my\u0161lienky a\u00a0pocity spolupracova\u0165 v\u00a0kolekt\u00edve (spolo\u010dn\u00e9 cvi\u010denia n\u00e1cvik divadla) vyjadrova\u0165 sa na verejnosti (vyst\u00fapenia, prednes,&hellip;&nbsp;<a href=\"https:\/\/www.zusjcbb.sk\/?page_id=83\" class=\"\" rel=\"bookmark\">\u010c\u00edta\u0165 viac &raquo;<span class=\"screen-reader-text\">Liter\u00e1rno-dramatick\u00fd odbor<\/span><\/a><\/p>\n","protected":false},"author":2,"featured_media":0,"parent":35,"menu_order":0,"comment_status":"closed","ping_status":"closed","template":"","meta":{"neve_meta_sidebar":"","neve_meta_container":"","neve_meta_enable_content_width":"","neve_meta_content_width":0,"neve_meta_title_alignment":"","neve_meta_author_avatar":"","neve_post_elements_order":"","neve_meta_disable_header":"","neve_meta_disable_footer":"","neve_meta_disable_title":""},"_links":{"self":[{"href":"https:\/\/www.zusjcbb.sk\/index.php?rest_route=\/wp\/v2\/pages\/83"}],"collection":[{"href":"https:\/\/www.zusjcbb.sk\/index.php?rest_route=\/wp\/v2\/pages"}],"about":[{"href":"https:\/\/www.zusjcbb.sk\/index.php?rest_route=\/wp\/v2\/types\/page"}],"author":[{"embeddable":true,"href":"https:\/\/www.zusjcbb.sk\/index.php?rest_route=\/wp\/v2\/users\/2"}],"replies":[{"embeddable":true,"href":"https:\/\/www.zusjcbb.sk\/index.php?rest_route=%2Fwp%2Fv2%2Fcomments&post=83"}],"version-history":[{"count":7,"href":"https:\/\/www.zusjcbb.sk\/index.php?rest_route=\/wp\/v2\/pages\/83\/revisions"}],"predecessor-version":[{"id":8980,"href":"https:\/\/www.zusjcbb.sk\/index.php?rest_route=\/wp\/v2\/pages\/83\/revisions\/8980"}],"up":[{"embeddable":true,"href":"https:\/\/www.zusjcbb.sk\/index.php?rest_route=\/wp\/v2\/pages\/35"}],"wp:attachment":[{"href":"https:\/\/www.zusjcbb.sk\/index.php?rest_route=%2Fwp%2Fv2%2Fmedia&parent=83"}],"curies":[{"name":"wp","href":"https:\/\/api.w.org\/{rel}","templated":true}]}}