{"id":921,"date":"2013-04-29T14:01:20","date_gmt":"2013-04-29T14:01:20","guid":{"rendered":"http:\/\/www.zusjcbb.php5.sk\/?page_id=921"},"modified":"2016-05-12T13:53:43","modified_gmt":"2016-05-12T11:53:43","slug":"vysledky-dis-jana-cikkera","status":"publish","type":"page","link":"https:\/\/www.zusjcbb.sk\/?page_id=921","title":{"rendered":"V\u00fdsledky DIS J\u00e1na Cikkera 2016"},"content":{"rendered":"<h2><\/h2>\n<h1 style=\"text-align: center;\"><strong>VYHODNOTENIE<\/strong><\/h1>\n<h2 style=\"text-align: center;\"><strong>Detskej interpreta\u010dnej s\u00fa\u0165a\u017ee<\/strong><\/h2>\n<h2 style=\"text-align: center;\"><strong>\u00a0v\u00a0s\u00f3lovej hre na sl\u00e1\u010dikov\u00e9 n\u00e1stroje\u00a0\u00a0<\/strong><\/h2>\n<h2 style=\"text-align: center;\"><strong>v r\u00e1mci XXIV. ro\u010dn\u00edka Detsk\u00e9ho hudobn\u00e9ho festivalu <\/strong><\/h2>\n<h2 style=\"text-align: center;\"><strong>J\u00e1na Cikkera v\u00a0Banskej Bystrici <\/strong><\/h2>\n<h2 style=\"text-align: center;\"><strong>6 <\/strong><strong><strong>\u2013 8.\u00a0m\u00e1j 2016<\/strong><\/strong><\/h2>\n<p><strong><strong>\u00a0<\/strong><\/strong><\/p>\n<h2 style=\"text-align: center;\"><strong>TITUL<\/strong><\/h2>\n<h2 style=\"text-align: center;\"><strong><strong>LAURE\u00c1T FESTIVALU<\/strong><\/strong><\/h2>\n<p><strong>Magdal\u00e9na \u0160TEFANICOV\u00c1<\/strong> ZU\u0160 Jozefa Kres\u00e1nka, Bratislava<\/p>\n<p><strong><strong>Pedag\u00f3g: Jana Sp\u00e1lov\u00e1\u00a0\u00a0\u00a0\u00a0\u00a0\u00a0\u00a0\u00a0\u00a0\u00a0\u00a0\u00a0\u00a0\u00a0\u00a0\u00a0\u00a0\u00a0\u00a0\u00a0\u00a0\u00a0\u00a0\u00a0<\/strong><\/strong><\/p>\n<h2 style=\"text-align: center;\"><strong>CENA<\/strong><\/h2>\n<h2 style=\"text-align: center;\"><strong><strong>J\u00c1NA CIKKERA<\/strong><\/strong><\/h2>\n<p style=\"text-align: center;\"><strong><strong>za p\u00f4vodn\u00fa skladbu slovensk\u00e9ho autora<\/strong><\/strong><\/p>\n<p>\u00a0I. Dib\u00e1k: Bukolika<\/p>\n<p><strong><strong><strong><strong>Tom\u00e1\u0161 DANKO, ZU\u0160 J\u00e1na Cikkera Bansk\u00e1 Bystrica\u00a0\u00a0\u00a0\u00a0\u00a0 <\/strong><\/strong><\/strong><\/strong><\/p>\n<p style=\"text-align: center;\"><strong>za p\u00f4vodn\u00fa skladbu slovensk\u00e9ho autora<\/strong><\/p>\n<p style=\"text-align: left;\">M. Betko: 4 IN 1 pre \u0161tvoro husl\u00ed<\/p>\n<p><strong>ZU\u0160 Ivana Ballu, Doln\u00fd Kub\u00edn \u201ea\u201c <\/strong><\/p>\n<p>Sl\u00e1\u010dikov\u00e9 kvarteto<\/p>\n<p>Ane\u017eka KURAJDOV\u00c1<\/p>\n<p>Anna \u017dMIJ\u00c1KOV\u00c1<\/p>\n<p>Lujza LAKO\u0160T\u00cdKOV\u00c1<\/p>\n<p>Dorota LAKO\u0160T\u00cdKOV\u00c1<\/p>\n<h2 style=\"text-align: center;\"><span style=\"color: #000000;\"><strong><strong>I. KATEG\u00d3RIA<\/strong><\/strong><\/span><\/h2>\n<h3><strong>BRONZOV\u00c9 P\u00c1SMO<\/strong><\/h3>\n<p>Alexandra MURINOV\u00c1, ZU\u0160 Ni\u017en\u00e1\u00a0\u00a0<strong>\u00a0\u00a0\u00a0\u00a0\u00a0\u00a0\u00a0\u00a0\u00a0\u00a0\u00a0\u00a0\u00a0\u00a0\u00a0\u00a0\u00a0\u00a0\u00a0\u00a0\u00a0\u00a0\u00a0\u00a0\u00a0\u00a0\u00a0\u00a0\u00a0\u00a0\u00a0\u00a0\u00a0\u00a0\u00a0\u00a0<\/strong><strong>\u00a0\u00a0<\/strong><\/p>\n<p>Luk\u00e1\u0161 KACHNI\u010c, SZU\u0160 R. Tat\u00e1ra, Bansk\u00e1 Bystrica<strong>\u00a0<\/strong><strong>\u00a0\u00a0\u00a0\u00a0\u00a0\u00a0\u00a0\u00a0\u00a0\u00a0\u00a0\u00a0\u00a0\u00a0\u00a0\u00a0\u00a0\u00a0\u00a0\u00a0\u00a0\u00a0\u00a0\u00a0\u00a0\u00a0\u00a0\u00a0\u00a0\u00a0\u00a0\u00a0\u00a0\u00a0\u00a0\u00a0<\/strong><\/p>\n<h3><strong><strong>ZLAT\u00c9 P\u00c1SMO<\/strong><\/strong><\/h3>\n<p>Janka KORMANOV\u00c1, ZU\u0160 M\u00e1rie Hemerkovej, Ko\u0161ice\u00a0\u00a0<strong>\u00a0\u00a0\u00a0\u00a0\u00a0\u00a0\u00a0\u00a0\u00a0\u00a0\u00a0\u00a0\u00a0\u00a0\u00a0\u00a0\u00a0\u00a0\u00a0\u00a0\u00a0\u00a0\u00a0\u00a0\u00a0\u00a0\u00a0\u00a0\u00a0\u00a0\u00a0<\/strong><\/p>\n<p>Tom\u00e1\u0161 KYTAS , ZU\u0160 P.M. Boh\u00fa\u0148a, Doln\u00fd Kub\u00edn\u00a0\u00a0\u00a0<strong>\u00a0\u00a0\u00a0\u00a0\u00a0\u00a0\u00a0\u00a0\u00a0\u00a0\u00a0\u00a0\u00a0\u00a0\u00a0\u00a0\u00a0\u00a0\u00a0\u00a0\u00a0\u00a0\u00a0\u00a0\u00a0\u00a0\u00a0\u00a0\u00a0\u00a0\u00a0\u00a0\u00a0\u00a0\u00a0\u00a0\u00a0\u00a0\u00a0<\/strong><strong><strong>\u00a0\u00a0\u00a0\u00a0\u00a0\u00a0\u00a0\u00a0\u00a0\u00a0\u00a0\u00a0\u00a0\u00a0\u00a0\u00a0\u00a0\u00a0\u00a0\u00a0\u00a0\u00a0\u00a0\u00a0\u00a0\u00a0\u00a0\u00a0\u00a0<\/strong><\/strong><\/p>\n<p>Katar\u00edna KOTHAJOV\u00c1, SZU\u0160 R. Tat\u00e1ra, Bansk\u00e1 Bystrica\u00a0\u00a0<strong>\u00a0\u00a0\u00a0\u00a0\u00a0\u00a0\u00a0\u00a0\u00a0\u00a0\u00a0\u00a0\u00a0\u00a0\u00a0\u00a0\u00a0\u00a0\u00a0<\/strong><\/p>\n<p>Nat\u00e1lia MELICHER\u010c\u00cdKOV\u00c1, SZU\u0160 R. Tat\u00e1ra, Bansk\u00e1 Bystrica<strong>\u00a0<\/strong><strong>\u00a0\u00a0\u00a0\u00a0\u00a0\u00a0\u00a0\u00a0\u00a0\u00a0\u00a0\u00a0<\/strong><\/p>\n<h2 style=\"text-align: center;\"><strong>II. KATEG\u00d3RIA<\/strong><\/h2>\n<h3><strong>BRONZOV\u00c9 P\u00c1SMO<\/strong><\/h3>\n<p>J\u00falia NEMCOV\u00c1, ZU\u0160 Jozefa Kres\u00e1nka, Bratislava<\/p>\n<p>Zuzana KOLEJ\u00c1KOV\u00c1, ZU\u0160 P.M. Boh\u00fa\u0148a, Doln\u00fd Kub\u00edn<\/p>\n<p>\u0160imon \u0160UFLIARSK\u00dd, ZU\u0160 Svetoz\u00e1ra Stra\u010dinu, Detva<\/p>\n<h3><strong><strong>STRIEBORN\u00c9 P\u00c1SMO<\/strong><\/strong><\/h3>\n<p>Miriam MINKOV\u00c1, ZU\u0160 J\u00e1na Cikkera, Bansk\u00e1 Bystrica<\/p>\n<p>Hana PETR\u00c1\u0160OV\u00c1, ZU\u0160 Jozefa Kres\u00e1nka, Bratislava<\/p>\n<h3><strong><strong>ZLAT\u00c9 P\u00c1SMO<\/strong><\/strong><\/h3>\n<p>Monika NEMCOV\u00c1, ZU\u0160 Jozefa Kres\u00e1nka, Bratislava<\/p>\n<h2 style=\"text-align: center;\"><strong>III. KATEG\u00d3RIA<\/strong><\/h2>\n<h3><strong>BRONZOV\u00c9 P\u00c1SMO<\/strong><\/h3>\n<p>Tom\u00e1\u0161 DANKO, ZU\u0160 J\u00e1na Cikkera, Bansk\u00e1 Bystrica<\/p>\n<p>Patrik PETR\u00c1\u0160, ZU\u0160 Jozefa Kres\u00e1nka, Bratislava<\/p>\n<h3><strong><strong>STRIEBORN\u00c9 P\u00c1SMO\u00a0\u00a0\u00a0\u00a0\u00a0\u00a0\u00a0\u00a0\u00a0\u00a0\u00a0\u00a0\u00a0\u00a0\u00a0\u00a0\u00a0\u00a0\u00a0\u00a0\u00a0\u00a0\u00a0\u00a0\u00a0 <\/strong><\/strong><\/h3>\n<p>Ane\u017eka KURAJDOV\u00c1, ZU\u0160 Ivana Ballu, Doln\u00fd Kub\u00edn<\/p>\n<h3><strong><strong>ZLAT\u00c9 P\u00c1SMO<\/strong><\/strong><\/h3>\n<p>Magdal\u00e9na \u0160TEFANICOV\u00c1, ZU\u0160 Jozefa Kres\u00e1nka, Bratislava<\/p>\n<h2 style=\"text-align: center;\"><strong>IV. KATEG\u00d3RIA<\/strong><\/h2>\n<h3><strong>BRONZOV\u00c9 P\u00c1SMO<\/strong><\/h3>\n<p>Lucia BENKOV\u00c1, ZU\u0160 M\u00e1rie Hemerkovej, Ko\u0161ice<\/p>\n<h3><strong><strong>STRIEBORN\u00c9 P\u00c1SMO\u00a0\u00a0\u00a0\u00a0\u00a0\u00a0\u00a0\u00a0\u00a0\u00a0\u00a0\u00a0\u00a0\u00a0\u00a0\u00a0\u00a0\u00a0\u00a0\u00a0\u00a0\u00a0\u00a0\u00a0\u00a0 <\/strong><\/strong><\/h3>\n<p>Luk\u00e1\u0161 LEN\u010c, ZU\u0160 Jozefa Kres\u00e1nka, Bratislava<\/p>\n<p>Rosario PORTUONDO, ZU\u0160 Jozefa Kres\u00e1nka, Bratislava<\/p>\n<h3><strong><strong>ZLAT\u00c9 P\u00c1SMO<\/strong><\/strong><\/h3>\n<p>Michal MATIS, ZU\u0160 P.M. Boh\u00fa\u0148a, Doln\u00fd Kub\u00edn<\/p>\n<p>Jakub GIRA\u0160EK, ZU\u0160 Jant\u00e1rov\u00e1 , Ko\u0161ice<\/p>\n<h1 style=\"text-align: center;\"><strong>VYHODNOTENIE<\/strong><\/h1>\n<h2 style=\"text-align: center;\"><strong>Detskej interpreta\u010dnej s\u00fa\u0165a\u017ee<\/strong><\/h2>\n<h2 style=\"text-align: center;\"><strong>\u00a0v\u00a0komornej hre na sl\u00e1\u010dikov\u00e9 n\u00e1stroje\u00a0<\/strong><\/h2>\n<h2 style=\"text-align: center;\"><strong>v r\u00e1mci XXIV. ro\u010dn\u00edka Detsk\u00e9ho hudobn\u00e9ho festivalu <\/strong><\/h2>\n<h2 style=\"text-align: center;\"><strong>J\u00e1na Cikkera v\u00a0Banskej Bystrici <\/strong><\/h2>\n<h2 style=\"text-align: center;\"><strong>6. <\/strong><strong><strong>\u2013 8.\u00a0m\u00e1j 2016<\/strong><\/strong><\/h2>\n<p>&nbsp;<\/p>\n<h2 style=\"text-align: center;\"><strong>I. KATEG\u00d3RIA<\/strong><\/h2>\n<h3><strong>ZLAT\u00c9 P\u00c1SMO<\/strong><\/h3>\n<p><strong>ZU\u0160 Ivana Ballu, Doln\u00fd Kub\u00edn \u201ea\u201c<\/strong><\/p>\n<p><em>Sl\u00e1\u010dikov\u00e9 trio<\/em><\/p>\n<p>M\u00e1rio KURAJDA<\/p>\n<p>Patr\u00edcia BALTAZAROVI\u010cOV\u00c1<\/p>\n<p>Danka MIKUL\u00c1\u0160OV\u00c1<\/p>\n<p style=\"text-align: center;\">*<\/p>\n<p><strong>ZU\u0160 M. Schneidera \u2013 Trnavsk\u00e9ho, Trnava\u00a0 \u201eA\u201c<\/strong><\/p>\n<p><em>Zoskupenie sl\u00e1\u010dikov\u00fdch n\u00e1strojov, so sprievodn\u00fdm n\u00e1strojom &#8211; klav\u00edr <\/em><\/p>\n<p>Nina Krist\u00edna MICH\u00c1LIKOV\u00c1<\/p>\n<p>Martina RUTTMAROV\u00c1<\/p>\n<p>Zuzana REIFFERSOV\u00c1\u00a0 &#8211; klav\u00edr<\/p>\n<p style=\"text-align: center;\">*<\/p>\n<p><strong><strong>ZU\u0160 J\u00e1na Cikkera, Bansk\u00e1 Bystrica \u201eA\u201c<\/strong><\/strong><\/p>\n<p><em>Zoskupenie sl\u00e1\u010dikov\u00fdch n\u00e1strojov, so sprievodn\u00fdm n\u00e1strojom &#8211; klav\u00edr<\/em><\/p>\n<p>Miriam MINKOV\u00c1<\/p>\n<p>M\u00e1ria PALU\u0160OV\u00c1<\/p>\n<p>Michaela FOUNIS<\/p>\n<p>Filip KRESTIANKO<\/p>\n<p>\u017dofia VIGA\u0160OV\u00c1\u00a0 \u2013 klav\u00edr<\/p>\n<p style=\"text-align: center;\">*<\/p>\n<p><strong>SZU\u0160 R. Tat\u00e1ra, Bansk\u00e1 Bystrica \u201ea\u201c<\/strong><\/p>\n<p><em>Violon\u010delov\u00e9 kvarteto<\/em><\/p>\n<p>Luk\u00e1\u0161 KACHNI\u010c<\/p>\n<p>Katar\u00edna KOTHAJOV\u00c1<\/p>\n<p>Nat\u00e1lia MELICHER\u010c\u00cdKOV\u00c1<\/p>\n<p>J\u00e1n KAPUSTA<\/p>\n<h2 style=\"text-align: center;\">\u00a0\u00a0<strong>II. KATEG\u00d3RIA<\/strong><\/h2>\n<h3><strong>ZLAT\u00c9 P\u00c1SMO<\/strong><\/h3>\n<p><strong>ZU\u0160 Jozefa Kres\u00e1nka, Bratislava \u201ea\u201c<\/strong><\/p>\n<p><em>Hus\u013eov\u00e9 duo<\/em><\/p>\n<p>Patrik PETR\u00c1\u0160<\/p>\n<p>Magdal\u00e9na \u0160TEFANICOV\u00c1<\/p>\n<p style=\"text-align: center;\"><strong>\u00a0*<\/strong><\/p>\n<p><strong>ZU\u0160 Jozefa Kres\u00e1nka, Bratislava \u201ea\u201c<\/strong><\/p>\n<p><em>Sl\u00e1\u010dikov\u00e9 kvarteto<\/em><\/p>\n<p>Patrik PETR\u00c1\u0160<\/p>\n<p>Monika NEMCOV\u00c1<\/p>\n<p>Hana PETR\u00c1\u0160OV\u00c1<\/p>\n<p>Marcel PETR\u00c1\u0160<\/p>\n<p style=\"text-align: center;\">*<\/p>\n<p><strong>ZU\u0160 Ivana Ballu, Doln\u00fd Kub\u00edn \u201ea\u201c <\/strong><\/p>\n<p><em>Sl\u00e1\u010dikov\u00e9 kvarteto<\/em><\/p>\n<p>Ane\u017eka KURAJDOV\u00c1<\/p>\n<p>Anna \u017dMIJ\u00c1KOV\u00c1<\/p>\n<p>Lujza LAKO\u0160T\u00cdKOV\u00c1<\/p>\n<p>Dorota LAKO\u0160T\u00cdKOV\u00c1<\/p>\n<p style=\"text-align: center;\"><strong>\u00a0*<\/strong><\/p>\n<p><strong>ZU\u0160 Ivana Ballu, Doln\u00fd Kub\u00edn \u201eA\u201c<\/strong><\/p>\n<p><em>Zoskupenie sl\u00e1\u010dikov\u00fdch n\u00e1strojov<\/em><\/p>\n<p>M\u00e1rio KURAJDA<\/p>\n<p>Erika JANEKOV\u00c1<\/p>\n<p>Ane\u017eka KURAJDOV\u00c1<\/p>\n<p>Rebeka DROZDOV\u00c1<\/p>\n<p>Alexandra \u010eUR\u010c\u00cdKOV\u00c1<\/p>\n<p>Jaroslava PELDOV\u00c1<\/p>\n<p>Lujza LAKO\u0160T\u00cdKOV\u00c1<\/p>\n<p>Michaela SVITEKOV\u00c1<\/p>\n<p>Anna \u017dMIJ\u00c1KOV\u00c1<\/p>\n<p>Dorota LAKO\u0160T\u00cdKOV\u00c1<\/p>\n<h2 style=\"text-align: center;\"><strong>III. KATEG\u00d3RIA<\/strong><\/h2>\n<h3><strong>ZLAT\u00c9 P\u00c1SMO<\/strong><\/h3>\n<p><strong><strong>ZU\u0160 J\u00e1na Cikkera, Bansk\u00e1 Bystrica \u201eA\u201c<\/strong><\/strong><\/p>\n<p><em>Zoskupenie sl\u00e1\u010dikov\u00fdch n\u00e1strojov, so sprievodn\u00fdm n\u00e1strojom &#8211; akorde\u00f3n<\/em><\/p>\n<p>Tom\u00e1\u0161 VALA\u0160TIAK<\/p>\n<p>Tom\u00e1\u0161 DANKO<\/p>\n<p>Petra STRELCOV\u00c1<\/p>\n<p>Samuel DANKO<\/p>\n<p>Timotej SKRIE\u010cKA<\/p>\n<p>Petra VINAR\u010c\u00cdKOV\u00c1<\/p>\n<p>Jakub OL\u0160IAK<\/p>\n<p>Eva JEL\u00cdNKOV\u00c1<\/p>\n<p>Veronika RAPKOV\u00c1<\/p>\n<p>Branko HOSSA \u2013 akorde\u00f3n<\/p>\n<p style=\"text-align: center;\">*<\/p>\n<p><strong><strong>ZU\u0160 J\u00e1na Cikkera, Bansk\u00e1 Bystrica\u00a0 \u201eA\u201c <\/strong><\/strong><\/p>\n<p><em>Zoskupenie sl\u00e1\u010dikov\u00fdch n\u00e1strojov, so sprievodn\u00fdm n\u00e1strojom &#8211; klav\u00edr<\/em><\/p>\n<p>Tom\u00e1\u0161 DANKO<\/p>\n<p>Tom\u00e1\u0161 VALA\u0160TIAK<\/p>\n<p>L\u00edvia SOL\u00c1RIKOV\u00c1\u00a0\u00a0 &#8211; \u00a0klav\u00edr<\/p>\n","protected":false},"excerpt":{"rendered":"<p>VYHODNOTENIE Detskej interpreta\u010dnej s\u00fa\u0165a\u017ee \u00a0v\u00a0s\u00f3lovej hre na sl\u00e1\u010dikov\u00e9 n\u00e1stroje\u00a0\u00a0 v r\u00e1mci XXIV. ro\u010dn\u00edka Detsk\u00e9ho hudobn\u00e9ho festivalu J\u00e1na Cikkera v\u00a0Banskej Bystrici 6 \u2013 8.\u00a0m\u00e1j 2016 \u00a0 TITUL LAURE\u00c1T FESTIVALU Magdal\u00e9na \u0160TEFANICOV\u00c1 ZU\u0160 Jozefa Kres\u00e1nka, Bratislava Pedag\u00f3g: Jana Sp\u00e1lov\u00e1\u00a0\u00a0\u00a0\u00a0\u00a0\u00a0\u00a0\u00a0\u00a0\u00a0\u00a0\u00a0\u00a0\u00a0\u00a0\u00a0\u00a0\u00a0\u00a0\u00a0\u00a0\u00a0\u00a0\u00a0 CENA J\u00c1NA CIKKERA za p\u00f4vodn\u00fa skladbu slovensk\u00e9ho autora \u00a0I. Dib\u00e1k: Bukolika Tom\u00e1\u0161 DANKO, ZU\u0160 J\u00e1na Cikkera Bansk\u00e1 Bystrica\u00a0\u00a0\u00a0\u00a0\u00a0&hellip;&nbsp;<a href=\"https:\/\/www.zusjcbb.sk\/?page_id=921\" class=\"\" rel=\"bookmark\">\u010c\u00edta\u0165 viac &raquo;<span class=\"screen-reader-text\">V\u00fdsledky DIS J\u00e1na Cikkera 2016<\/span><\/a><\/p>\n","protected":false},"author":2,"featured_media":0,"parent":170,"menu_order":0,"comment_status":"closed","ping_status":"closed","template":"","meta":{"neve_meta_sidebar":"","neve_meta_container":"","neve_meta_enable_content_width":"","neve_meta_content_width":0,"neve_meta_title_alignment":"","neve_meta_author_avatar":"","neve_post_elements_order":"","neve_meta_disable_header":"","neve_meta_disable_footer":"","neve_meta_disable_title":""},"_links":{"self":[{"href":"https:\/\/www.zusjcbb.sk\/index.php?rest_route=\/wp\/v2\/pages\/921"}],"collection":[{"href":"https:\/\/www.zusjcbb.sk\/index.php?rest_route=\/wp\/v2\/pages"}],"about":[{"href":"https:\/\/www.zusjcbb.sk\/index.php?rest_route=\/wp\/v2\/types\/page"}],"author":[{"embeddable":true,"href":"https:\/\/www.zusjcbb.sk\/index.php?rest_route=\/wp\/v2\/users\/2"}],"replies":[{"embeddable":true,"href":"https:\/\/www.zusjcbb.sk\/index.php?rest_route=%2Fwp%2Fv2%2Fcomments&post=921"}],"version-history":[{"count":10,"href":"https:\/\/www.zusjcbb.sk\/index.php?rest_route=\/wp\/v2\/pages\/921\/revisions"}],"predecessor-version":[{"id":3143,"href":"https:\/\/www.zusjcbb.sk\/index.php?rest_route=\/wp\/v2\/pages\/921\/revisions\/3143"}],"up":[{"embeddable":true,"href":"https:\/\/www.zusjcbb.sk\/index.php?rest_route=\/wp\/v2\/pages\/170"}],"wp:attachment":[{"href":"https:\/\/www.zusjcbb.sk\/index.php?rest_route=%2Fwp%2Fv2%2Fmedia&parent=921"}],"curies":[{"name":"wp","href":"https:\/\/api.w.org\/{rel}","templated":true}]}}